{"text_format":"1","workbook":"xlsx","n_sheets":35,"sheets":["Main","DatosR","Datos","DatosAM","Estructura de poblacion","Pob","Sit cony ZMG","FecZMG","MortZMG","PobInd.ZMG","Indig","Indig (2)","grapobZMG","LimitZMG","DerechZMG","NivescZMG","grapob","AsisEscZMG","dist.terrZMG","PEAZMG","TasaalfZMG","PneaZMG","VivZMG","Distr terr","Viv","Fecund","Mort","Asist esc","Niv esc","Tasa Alfab","PEA","PNEA","Sit cony","Derechoh","Limit"],"not_rendered":{"charts":31,"images":22,"macros":1,"external_links":0,"defined_names":24,"comments":7,"pivot_tables":0},"unopened":[],"bounds":{"document_bytes":16777216,"sheet_cells":100000,"rows_first":2000,"rows_last":500,"rows_between":2000,"halvings":0,"cell_chars":16384,"cell_head_chars":4096},"cells_cut":0,"cells_raw":0,"read":"whole","date_system":"1900"}

{"sheet":"Main","index":0,"n_rows":2,"n_cols":7,"rows_kept":2,"cut":false,"hidden":false,"merged":[]}
[null,null,null,null,null,null," Panorama sociodemográfico"]
[null,null,null,null,null,null,"de los municipios de Jalisco"]

{"sheet":"DatosR","index":1,"n_rows":194,"n_cols":11,"rows_kept":194,"cut":false,"hidden":false,"merged":[[184,7,185,8],[184,9,185,9],[152,10,153,10],[166,0,166,1],[171,0,171,1],[177,0,177,1],[178,4,179,5],[181,4,182,4],[181,5,182,5],[182,0,182,1],[151,7,151,9],[152,0,153,0],[152,1,153,1],[152,7,153,7],[152,8,153,8],[152,9,153,9],[148,0,149,0],[148,1,149,1],[149,4,149,5],[150,0,151,0],[150,1,151,1],[150,4,151,4],[150,5,151,5]]}
[]
["Jalisco",1,null,14,"Jalisco"]
["Norte",2,null,1,"Norte","Jalisco",{"$f":"VLOOKUP(F3,A2:B14,2,FALSE)","v":1}]
["Altos Norte",3,null,2,"Altos Norte"]
["Altos Sur",4,null,3,"Altos Sur"]
["Ciénega",5,null,4,"Ciénega"]
["Sureste",6,null,5,"Sureste"]
["Sur",7,null,6,"Sur"]
["Sierra de Amula",8,null,7,"Sierra de Amula"]
["Costa Sur",9,null,8,"Costa Sur"]
["Costa-Sierra Occidental",10,null,9,"Costa-Sierra Occidental"]
["Valles",11,null,10,"Valles"]
["Lagunas",12,null,11,"Lagunas"]
["Centro",13,null,12,"Centro"]
[]
[]
[]
[]
[]
[]
[]
[]
[]
[]
[]
[]
[]
[]
[]
[]
[]
[]
[]
[]
[]
[]
[]
[]
[]
[]
[]
[]
[]
[]
[]
[]
[]
[]
[]
[]
[]
[]
[]
[]
[]
[]
[]
[]
[]
[]
[]
[]
[]
[]
[]
[]
[]
[]
[]
[]
[]
[]
[]
[]
[]
[]
[]
[]
[]
[]
[]
[]
[]
[]
[]
[]
[]
[]
[]
[]
[]
[]
[]
[]
[]
[]
[]
[]
[]
[]
[]
[]
[]
[]
[]
[]
[]
[]
[]
[]
[]
[]
[]
[]
[]
[]
[]
[]
[]
[]
[]
[]
[]
[]
[]
[]
[]
[]
[]
[]
[]
[]
[]
[]
[]
[]
[]
[]
[]
[]
[]
["Instituto de Información Estadística y Geográfica de Jalisco",null,null,null,{"$f":"G3","v":1},{"$f":"VLOOKUP(E142,B2:E14,3,FALSE)","v":14},{"$f":"VLOOKUP(E142,B2:E14,4,FALSE)","v":"Jalisco"}]
["Panorama sociodemográfico de los municipios de Jalisco"]
["Selección de Jalisco o Región:"]
[]
[]
["Volumen y estructura por edad y sexo",null,null,null,"Vivienda",null,null,"Economía"]
["Población total:",{"$f":"VLOOKUP($F$142,Pob!C2:J14,3,FALSE)","v":7844830},null,null,"Total de viviendas particulares habitadas:",{"$f":"VLOOKUP($F$142,Viv!C$2:O$14,3,FALSE)","v":1830334},null,"Población de 12 años y más","Total","Hombres ","Mujeres"]
["Relación hombre-mujer:",{"$f":"VLOOKUP($F$142,Pob!C2:J14,4,FALSE)","v":95.643331360647181},null,null,"Promedio de ocupantes por vivienda*:",{"$f":"VLOOKUP($F$142,Viv!C$2:O$14,4,FALSE)","v":4.0132099999999997E-2},null,"Económicamente activa:",{"$f":"VLOOKUP($F$142,PEA!C$2:S$14,3,FALSE)","v":0.53319526835493403},{"$f":"VLOOKUP($F$142,PEA!C$2:S$14,4,FALSE)","v":0.70416627074689997},{"$f":"VLOOKUP($F$142,PEA!C$2:S$14,5,FALSE)","v":0.372736343481056}]
[null,null,null,null,"*Se excluyen las viviendas sin información de ocupantes y su población estimada.",null,null,"      Ocupada",{"$f":"VLOOKUP($F$142,PEA!C$2:S$14,6,FALSE)","v":0.96299558903269999},{"$f":"VLOOKUP($F$142,PEA!C$2:S$14,7,FALSE)","v":0.95541527904168011},{"$f":"VLOOKUP($F$142,PEA!C$2:S$14,8,FALSE)","v":0.976435669360325}]
["Edad mediana:",{"$f":"VLOOKUP($F$142,Pob!C2:J14,5,FALSE)","v":27.496317739251307},null,null,"Viviendas con piso de tierra:",0.27900000000000003,null,"      No ocupada",{"$f":"VLOOKUP($F$142,PEA!C$2:S$14,9,FALSE)","v":3.7004410967299402E-2},{"$f":"VLOOKUP($F$142,PEA!C$2:S$14,10,FALSE)","v":4.4584720958319599E-2},{"$f":"VLOOKUP($F$142,PEA!C$2:S$14,11,FALSE)","v":2.3564330639675002E-2}]
[]
["Razón de dependencia:",{"$f":"VLOOKUP($F$142,Pob!C2:J14,6,FALSE)","v":53.705775206341379},null,null,null,null,null,"No económicamente activa:",{"$f":"VLOOKUP($F$142,PEA!C$2:S$14,12,FALSE)","v":0.464120486523521},{"$f":"VLOOKUP($F$142,PEA!C$2:S$14,13,FALSE)","v":0.29348560097577098},{"$f":"VLOOKUP($F$142,PEA!C$2:S$14,14,FALSE)","v":0.62426396055076094}]
[]
[null,null,null,null,null,null,null,"No especificada:",{"$f":"VLOOKUP($F$142,PEA!C$2:S$14,15,FALSE)","v":2.6842451215448996E-3},{"$f":"VLOOKUP($F$142,PEA!C$2:S$14,16,FALSE)","v":2.3481282773280001E-3},{"$f":"VLOOKUP($F$142,PEA!C$2:S$14,17,FALSE)","v":2.9996959681826002E-3}]
["Hombres","Mujeres"]
[{"$f":"VLOOKUP(F142,grapob!E130:AZ142,24,FALSE)*-1","v":0.48886566313026436},{"$f":"VLOOKUP(F142,grapob!E130:AZ142,47,FALSE)","v":0.51113433686973564}]
[]
[]
[]
[]
[]
[]
[]
[]
[]
[{"$f":"VLOOKUP($F$142,grapob!E130:AZ142,48,FALSE)","v":"                           Millones de personas"}]
["Educación"]
["Tasa de alfabetización por grupo de edad:"]
["15 a 24 años",{"$f":"VLOOKUP($F$142,'Tasa Alfab'!C2:F14,3,FALSE)","v":0.98722918962165462}]
["25 años y más",{"$f":"VLOOKUP($F$142,'Tasa Alfab'!C2:F14,4,FALSE)","v":0.94843506800949928}]
[]
["Asistencia escolar por grupos de edad:"]
[" 3 a  5 años",{"$f":"VLOOKUP($F$142,'Asist esc'!C$2:H$14,3,FALSE)","v":0.61474816891219475}]
[" 6 a 11 años",{"$f":"VLOOKUP($F$142,'Asist esc'!C$2:H$14,4,FALSE)","v":0.97501068771910193}]
["12 a 14 años",{"$f":"VLOOKUP($F$142,'Asist esc'!C$2:H$14,5,FALSE)","v":0.92086327742782581}]
["15 a 24 años",{"$f":"VLOOKUP($F$142,'Asist esc'!C$2:H$14,6,FALSE)","v":0.42814743594242399}]
[null,null,null,null,null,null,null,"Distribución territorial de la población"]
[null,null,null,null,null,null,null,"Superficie (km2):",{"$f":"VLOOKUP($F$142,'Distr terr'!C2:G14,3,FALSE)","v":78583.573519409489}]
[null,null,null,null,null,null,null,"Densidad de población (hab/km2):",{"$f":"VLOOKUP($F$142,'Distr terr'!C2:G14,4,FALSE)","v":99.827860310557043}]
["Derechohabiencia",null,null,null,"Limitaciones físicas o mentales*",null,null,"Localidades:",{"$f":"VLOOKUP($F$142,'Distr terr'!C2:G14,5,FALSE)","v":125}]
["Población derechohabiente:",{"$f":"VLOOKUP(F142,Derechoh!C2:K14,3,FALSE)","v":0.80769423939078289},null,null,"Población con algún tipo de limitación:",{"$f":"VLOOKUP($F$142,Limit!C$2:L$15,3,FALSE)","v":0.04}]
[]
[null,null,null,null,"Población con discapacidad según tipo de limitación:",null,null,"Población indígena"]
[null,null,null,null,"Caminar o moverse",{"$f":"VLOOKUP($F$142,Limit!C$2:L$14,4,FALSE)","v":167663},null,"Población de 5 años y más que habla alguna lengua indígena:",null,{"$f":"VLOOKUP($F$142,Indig!C2:G14,3,FALSE)","v":55056.999999999993}]
[null,null,null,null,"Ver1",{"$f":"VLOOKUP($F$142,Limit!C$2:L$14,5,FALSE)","v":68348}]
[null,null,null,null,"Oír2",{"$f":"VLOOKUP($F$142,Limit!C$2:L$14,6,FALSE)","v":29960}]
[null,null,null,null,"Hablar o comunicarse",{"$f":"VLOOKUP($F$142,Limit!C$2:L$14,7,FALSE)","v":24196}]
[null,null,null,null,"Atender el cuidado personal",{"$f":"VLOOKUP($F$142,Limit!C$2:L$14,8,FALSE)","v":15654}]
[null,null,null,null,"Poner atención o aprender",{"$f":"VLOOKUP($F$142,Limit!C$2:L$14,9,FALSE)","v":15488}]
[null,null,null,null,"Mental",{"$f":"VLOOKUP($F$142,Limit!C$2:L$14,10,FALSE)","v":34955}]
[null,null,null,null,"1 Incluye a las personas que aun con anteojos tenían dificultad para ver."]
["* Incluye derechohabiencias múltiples. ** Incluye seguro médico para una nueva generación",null,null,null,"2 Incluye a las personas que aun con aparato auditivo tenían dificultad para oír."]
[null,null,null,null,"*Información Estadística al año 2010"]

{"sheet":"Datos","index":2,"n_rows":193,"n_cols":19,"rows_kept":193,"cut":false,"hidden":false,"merged":[[183,7,184,8],[183,9,184,9],[151,10,152,10],[165,0,165,1],[170,0,170,1],[176,0,176,1],[177,4,178,5],[180,4,181,4],[180,5,181,5],[181,0,181,1],[150,7,150,9],[151,0,152,0],[151,1,152,1],[151,7,152,7],[151,8,152,8],[151,9,152,9],[147,0,148,0],[147,1,148,1],[148,4,148,5],[149,0,150,0],[149,1,150,1],[149,4,150,4],[149,5,150,5]]}
[]
[null,1,null,14,"Jalisco"]
[null,2,null,"01","Norte",null,null,null,null,null,null,null,null,null,null,null,null,null,{"$f":"VLOOKUP($E$141,grapob!#REF!,1,FALSE)","v":{"$error":"#REF!"}}]
[null,3,null,"02","Altos Norte"]
[null,4,null,"03","Altos Sur"]
[null,5,null,"04","Ciénega"]
[null,6,null,"05","Sureste"]
[null,7,null,"06","Sur"]
[null,8,null,"07","Sierra de Amula"]
[null,9,null,"08","Costa Sur"]
[null,10,null,"09","Costa-Sierra Occidental"]
[null,11,null,"10","Valles"]
[null,12,null,"11","Lagunas"]
[null,13,null,"12","Centro"]
[" Acatic",1,null,1," Acatic"]
[" Acatlán de Juárez",2,null,2," Acatlán de Juárez"]
[" Ahualulco de Mercado",3,null,3," Ahualulco de Mercado"]
[" Amacueca",4,null,4," Amacueca"]
[" Amatitán",5,null,5," Amatitán"]
[" Ameca",6,null,6," Ameca"]
[" Arandas",8,null,8," Arandas"]
[" Atemajac de Brizuela",10,null,10," Atemajac de Brizuela"]
[" Atengo",11,null,11," Atengo"]
[" Atenguillo",12,null,12," Atenguillo"]
[" Atotonilco el Alto",13,null,13," Atotonilco el Alto"]
[" Atoyac",14,null,14," Atoyac"]
[" Autlán de Navarro",15,null,15," Autlán de Navarro"]
[" Ayotlán",16,null,16," Ayotlán"]
[" Ayutla",17,null,17," Ayutla"]
[" Bolaños",19,null,19," Bolaños"]
[" Cabo Corrientes",20,null,20," Cabo Corrientes"]
[" Cañadas de Obregón",117,null,117," Cañadas de Obregón"]
[" Casimiro Castillo",21,null,21," Casimiro Castillo"]
[" Chapala",30,null,30," Chapala"]
[" Chimaltitán",31,null,31," Chimaltitán"]
[" Chiquilistlán",32,null,32," Chiquilistlán"]
[" Cihuatlán",22,null,22," Cihuatlán"]
[" Cocula",24,null,24," Cocula"]
[" Colotlán",25,null,25," Colotlán"]
[" Concepción de Buenos Aires",26,null,26," Concepción de Buenos Aires"]
[" Cuautitlán de García Barragán",27,null,27," Cuautitlán de García Barragán"]
[" Cuautla",28,null,28," Cuautla"]
[" Cuquío",29,null,29," Cuquío"]
[" Degollado",33,null,33," Degollado"]
[" Ejutla",34,null,34," Ejutla"]
[" El Arenal",9,null,9," El Arenal"]
[" El Grullo",37,null,37," El Grullo"]
[" El Limón",54,null,54," El Limón"]
[" El Salto",70,null,70," El Salto"]
[" Encarnación de Díaz",35,null,35," Encarnación de Díaz"]
[" Etzatlán",36,null,36," Etzatlán"]
[" Gómez Farías",79,null,79," Gómez Farías"]
[" Guachinango",38,null,38," Guachinango"]
[" Guadalajara",39,null,39," Guadalajara"]
[" Hostotipaquillo",40,null,40," Hostotipaquillo"]
[" Huejúcar",41,null,41," Huejúcar"]
[" Huejuquilla el Alto",42,null,42," Huejuquilla el Alto"]
[" Ixtlahuacán de los Membrillos",44,null,44," Ixtlahuacán de los Membrillos"]
[" Ixtlahuacán del Río",45,null,45," Ixtlahuacán del Río"]
[" Jalostotitlán",46,null,46," Jalostotitlán"]
[" Jamay",47,null,47," Jamay"]
[" Jesús María",48,null,48," Jesús María"]
[" Jilotlán de los Dolores",49,null,49," Jilotlán de los Dolores"]
[" Jocotepec",50,null,50," Jocotepec"]
[" Juanacatlán",51,null,51," Juanacatlán"]
[" Juchitlán",52,null,52," Juchitlán"]
[" La Barca",18,null,18," La Barca"]
[" La Huerta",43,null,43," La Huerta"]
[" La Manzanilla de la Paz",57,null,57," La Manzanilla de la Paz"]
[" Lagos de Moreno",53,null,53," Lagos de Moreno"]
[" Magdalena",55,null,55," Magdalena"]
[" Mascota",58,null,58," Mascota"]
[" Mazamitla",59,null,59," Mazamitla"]
[" Mexticacán",60,null,60," Mexticacán"]
[" Mezquitic",61,null,61," Mezquitic"]
[" Mixtlán",62,null,62," Mixtlán"]
[" Ocotlán",63,null,63," Ocotlán"]
[" Ojuelos de Jalisco",64,null,64," Ojuelos de Jalisco"]
[" Pihuamo",65,null,65," Pihuamo"]
[" Poncitlán",66,null,66," Poncitlán"]
[" Puerto Vallarta",67,null,67," Puerto Vallarta"]
[" Quitupan",69,null,69," Quitupan"]
[" San Cristóbal de la Barranca",71,null,71," San Cristóbal de la Barranca"]
[" San Diego de Alejandría",72,null,72," San Diego de Alejandría"]
[" San Gabriel",113,null,113," San Gabriel"]
[" San Ignacio Cerro Gordo",125,null,125," San Ignacio Cerro Gordo"]
[" San Juan de los Lagos",73,null,73," San Juan de los Lagos"]
[" San Juanito de Escobedo",7,null,7," San Juanito de Escobedo"]
[" San Julián",74,null,74," San Julián"]
[" San Marcos",75,null,75," San Marcos"]
[" San Martín de Bolaños",76,null,76," San Martín de Bolaños"]
[" San Martín Hidalgo",77,null,77," San Martín Hidalgo"]
[" San Miguel el Alto",78,null,78," San Miguel el Alto"]
[" San Sebastián del Oeste",80,null,80," San Sebastián del Oeste"]
[" Santa María de los Ángeles",81,null,81," Santa María de los Ángeles"]
[" Santa María del Oro",56,null,56," Santa María del Oro"]
[" Sayula",82,null,82," Sayula"]
[" Tala",83,null,83," Tala"]
[" Talpa de Allende",84,null,84," Talpa de Allende"]
[" Tamazula de Gordiano",85,null,85," Tamazula de Gordiano"]
[" Tapalpa",86,null,86," Tapalpa"]
[" Tecalitlán",87,null,87," Tecalitlán"]
[" Techaluta de Montenegro",89,null,89," Techaluta de Montenegro"]
[" Tecolotlán",88,null,88," Tecolotlán"]
[" Tenamaxtlán",90,null,90," Tenamaxtlán"]
[" Teocaltiche",91,null,91," Teocaltiche"]
[" Teocuitatlán de Corona",92,null,92," Teocuitatlán de Corona"]
[" Tepatitlán de Morelos",93,null,93," Tepatitlán de Morelos"]
[" Tequila",94,null,94," Tequila"]
[" Teuchitlán",95,null,95," Teuchitlán"]
[" Tizapán el Alto",96,null,96," Tizapán el Alto"]
[" Tlajomulco de Zúñiga",97,null,97," Tlajomulco de Zúñiga"]
[" Tlaquepaque",98,null,98," Tlaquepaque"]
[" Tolimán",99,null,99," Tolimán"]
[" Tomatlán",100,null,100," Tomatlán"]
[" Tonalá",101,null,101," Tonalá"]
[" Tonaya",102,null,102," Tonaya"]
[" Tonila",103,null,103," Tonila"]
[" Totatiche",104,null,104," Totatiche",null,null," Acatic",{"$f":"VLOOKUP(H119,A15:D139,2,FALSE)","v":1}]
[" Tototlán",105,null,105," Tototlán"]
[" Tuxcacuesco",106,null,106," Tuxcacuesco"]
[" Tuxcueca",107,null,107," Tuxcueca"]
[" Tuxpan",108,null,108," Tuxpan"]
[" Unión de San Antonio",109,null,109," Unión de San Antonio"]
[" Unión de Tula",110,null,110," Unión de Tula"]
[" Valle de Guadalupe",111,null,111," Valle de Guadalupe"]
[" Valle de Juárez",112,null,112," Valle de Juárez"]
[" Villa Corona",114,null,114," Villa Corona"]
[" Villa Guerrero",115,null,115," Villa Guerrero"]
[" Villa Hidalgo",116,null,116," Villa Hidalgo"]
[" Villa Purificación",68,null,68," Villa Purificación"]
[" Yahualica de González Gallo",118,null,118," Yahualica de González Gallo"]
[" Zacoalco de Torres",119,null,119," Zacoalco de Torres"]
[" Zapopan",120,null,120," Zapopan"]
[" Zapotiltic",121,null,121," Zapotiltic"]
[" Zapotitlán de Vadillo",122,null,122," Zapotitlán de Vadillo"]
[" Zapotlán del Rey",123,null,123," Zapotlán del Rey"]
[" Zapotlán el Grande",23,null,23," Zapotlán el Grande"]
[" Zapotlanejo",124,null,124," Zapotlanejo"]
[]
["Instituto de Información Estadística y Geográfica de Jalisco",null,null,null,{"$f":"I119","v":1},{"$f":"VLOOKUP(E141,B15:E139,3,FALSE)","v":1},{"$f":"VLOOKUP(E141,B15:E139,4,FALSE)","v":" Acatic"}]
["Panorama sociodemográfico de los municipios de Jalisco"]
["Selección de Municipio:"]
[]
[]
["Volumen y estructura por edad y sexo",null,null,null,"Vivienda",null,null,"Economía"]
["Población total:",{"$f":"VLOOKUP($E$141,Pob!C17:J141,3,FALSE)","v":21530},null,null,"Total de viviendas particulares habitadas:",{"$f":"VLOOKUP($E$141,Viv!C$15:O$139,3,FALSE)","v":5254},null,"Población de 12 años y más","Total","Hombres ","Mujeres"]
["Relación hombre-mujer:",{"$f":"VLOOKUP($E$141,Pob!C17:J141,4,FALSE)","v":94.595083152566886},null,null,"Promedio de ocupantes por vivienda*:",{"$f":"VLOOKUP($E$141,Viv!C$15:O$139,4,FALSE)","v":4.0317850000000002E-2},null,"Económicamente activa:",{"$f":"VLOOKUP($E$141,PEA!C$15:S$139,3,FALSE)","v":0.54436071949440901},{"$f":"VLOOKUP($E$141,PEA!C$15:S$139,4,FALSE)","v":0.74678436317780494},{"$f":"VLOOKUP($E$141,PEA!C$15:S$139,5,FALSE)","v":0.35608726249120304}]
[null,null,null,null,"*Se excluyen las viviendas sin información de ocupantes y su población estimada.",null,null,"      Ocupada",{"$f":"VLOOKUP($E$141,PEA!C$15:S$139,6,FALSE)","v":0.98437151149810209},{"$f":"VLOOKUP($E$141,PEA!C$15:S$139,7,FALSE)","v":0.98176291793312997},{"$f":"VLOOKUP($E$141,PEA!C$15:S$139,8,FALSE)","v":0.98945981554677198}]
["Edad mediana:",{"$f":"VLOOKUP($E$141,Pob!C17:J141,5,FALSE)","v":26.406888499708113},null,null,"Viviendas con piso de tierra:",{"$f":"VLOOKUP($E$141,Viv!C$15:O$139,5,FALSE)","v":2.398629E-2},null,"      No ocupada",{"$f":"VLOOKUP($E$141,PEA!C$15:S$139,9,FALSE)","v":1.56284885018977E-2},{"$f":"VLOOKUP($E$141,PEA!C$15:S$139,10,FALSE)","v":1.82370820668693E-2},{"$f":"VLOOKUP($E$141,PEA!C$15:S$139,11,FALSE)","v":1.0540184453227901E-2}]
[]
["Razón de dependencia:",{"$f":"VLOOKUP($E$141,Pob!C17:J141,6,FALSE)","v":62.637860704033841},null,null,null,null,null,"No económicamente activa:",{"$f":"VLOOKUP($E$141,PEA!C$15:S$139,12,FALSE)","v":0.45193242586290699},{"$f":"VLOOKUP($E$141,PEA!C$15:S$139,13,FALSE)","v":0.25056746532156299},{"$f":"VLOOKUP($E$141,PEA!C$15:S$139,14,FALSE)","v":0.63922120572366803}]
[]
[null,null,null,null,null,null,null,"No especificada:",{"$f":"VLOOKUP($E$141,PEA!C$15:S$139,15,FALSE)","v":3.7068546426834996E-3},{"$f":"VLOOKUP($E$141,PEA!C$15:S$139,16,FALSE)","v":2.6481715006305001E-3},{"$f":"VLOOKUP($E$141,PEA!C$15:S$139,17,FALSE)","v":4.6915317851278001E-3}]
["Hombres","Mujeres"]
[{"$f":"VLOOKUP(E141,grapob!E3:AY127,24,FALSE)","v":0.48611240130051092},{"$f":"VLOOKUP(E141,grapob!E3:AY127,47,FALSE)","v":0.51388759869948908}]
[]
[]
[]
[]
[]
[]
[]
[]
[]
[{"$f":"VLOOKUP($E$141,grapob!E3:AZ127,48,FALSE)","v":"                           Miles de personas"}]
["Educación"]
["Tasa de alfabetización por grupo de edad:"]
["15 a 24 años",{"$f":"VLOOKUP($E$141,'Tasa Alfab'!C15:F139,3,FALSE)","v":0.97652334476391411}]
["25 años y más",{"$f":"VLOOKUP($E$141,'Tasa Alfab'!C15:F140,4,FALSE)","v":0.88174624344269537}]
[]
["Asistencia escolar por grupos de edad:"]
[" 3 a  5 años",{"$f":"VLOOKUP($E$141,'Asist esc'!C$15:H$139,3,FALSE)","v":0.57535263548626581}]
[" 6 a 11 años",{"$f":"VLOOKUP($E$141,'Asist esc'!C$15:H$139,4,FALSE)","v":0.97433774834437092}]
["12 a 14 años",{"$f":"VLOOKUP($E$141,'Asist esc'!C$15:H$139,5,FALSE)","v":0.85260930888575459}]
["15 a 24 años",{"$f":"VLOOKUP($E$141,'Asist esc'!C$15:H$139,6,FALSE)","v":0.30123977842257982}]
[null,null,null,null,null,null,null,"Distribución territorial de la población"]
[null,null,null,null,null,null,null,"Superficie (km2):",{"$f":"VLOOKUP($E$141,'Distr terr'!C15:G139,3,FALSE)","v":339.20540246108226}]
[null,null,null,null,null,null,null,"Densidad de población (hab/km2):",{"$f":"VLOOKUP($E$141,'Distr terr'!C15:G139,4,FALSE)","v":63.471866437829455}]
["Derechohabiencia",null,null,null,"Limitaciones físicas o mentales*",null,null,"Localidades:",{"$f":"VLOOKUP($E$141,'Distr terr'!C15:G139,5,FALSE)","v":100}]
["Población derechohabiente:",{"$f":"VLOOKUP(E141,Derechoh!C15:K139,3,FALSE)","v":0.81723176962378008},null,null,"Población con algún tipo de limitación:",{"$f":"VLOOKUP($E$141,Limit!C$15:L$139,3,FALSE)","v":0.06}]
[]
[null,null,null,null,"Población con discapacidad según tipo de limitación:",null,null,"Población indígena"]
[null,null,null,null,"Caminar o moverse",{"$f":"VLOOKUP($E$141,Limit!C$15:L$139,4,FALSE)","v":737},null,"Población de 5 años y más que habla alguna lengua indígena:",null,{"$f":"VLOOKUP($E$141,Indig!C15:G139,3,FALSE)","v":23}]
[null,null,null,null,"Ver1",{"$f":"VLOOKUP($E$141,Limit!C$15:L$139,5,FALSE)","v":286}]
[null,null,null,null,"Oír2",{"$f":"VLOOKUP($E$141,Limit!C$15:L$139,6,FALSE)","v":131}]
[null,null,null,null,"Hablar o comunicarse",{"$f":"VLOOKUP($E$141,Limit!C$15:L$139,7,FALSE)","v":105}]
[null,null,null,null,"Atender el cuidado personal",{"$f":"VLOOKUP($E$141,Limit!C$15:L$139,8,FALSE)","v":56}]
[null,null,null,null,"Poner atención o aprender",{"$f":"VLOOKUP($E$141,Limit!C$15:L$139,9,FALSE)","v":78}]
[null,null,null,null,"Mental",{"$f":"VLOOKUP($E$141,Limit!C$15:L$139,10,FALSE)","v":135}]
[null,null,null,null,"1 Incluye a las personas que aun con anteojos tenían dificultad para ver."]
["* Incluye derechohabiencias múltiples. ** Incluye seguro médico para una nueva generación",null,null,null,"2 Incluye a las personas que aun con aparato auditivo tenían dificultad para oír."]
[null,null,null,null,"*Información Estadística al año 2010"]

{"sheet":"DatosAM","index":3,"n_rows":194,"n_cols":11,"rows_kept":194,"cut":false,"hidden":false,"merged":[[148,0,149,0],[148,1,149,1],[149,4,149,5],[150,0,151,0],[150,1,151,1],[150,4,151,4],[150,5,151,5],[151,7,151,9],[152,0,153,0],[152,1,153,1],[152,7,153,7],[152,8,153,8],[152,9,153,9],[184,7,185,8],[184,9,185,9],[152,10,153,10],[166,0,166,1],[171,0,171,1],[178,4,179,5],[181,4,182,4],[181,5,182,5],[181,0,181,1]]}
[]
["Área Metropolitana de Guadalajara",1,null,14,"Área Metropolitana de Guadalajara"]
["Guadalajara",39,null,1,"Guadalajara","Área Metropolitana de Guadalajara",null,{"$f":"VLOOKUP(F3,A13:D22,4,FALSE)","v":1}]
["Ixtlahuacán de los Membrillos",44,null,2,"Ixtlahuacán de los Membrillos"]
["Juanacatlán",51,null,3,"Juanacatlán"]
["El Salto",70,null,4,"El Salto"]
["Tlajomulco de Zúñiga",97,null,5,"Tlajomulco de Zúñiga"]
["Tlaquepaque",98,null,6,"Tlaquepaque"]
["Tonalá",101,null,7,"Tonalá"]
["Zapopan",120,null,8,"Zapopan"]
["Zapotlanejo",124,null,9,"Zapotlanejo"]
["",null,null,null,""]
["Área Metropolitana de Guadalajara",1,null,1,"Área Metropolitana de Guadalajara",1]
["Guadalajara",39,null,2,"Guadalajara",39]
["Ixtlahuacán de los Membrillos",44,null,3,"Ixtlahuacán de los Membrillos",44]
["Juanacatlán",51,null,4,"Juanacatlán",51]
["El Salto",70,null,5,"El Salto",70]
["Tlajomulco de Zúñiga",97,null,6,"Tlajomulco de Zúñiga",97]
["Tlaquepaque",98,null,7,"Tlaquepaque",98]
["Tonalá",101,null,8,"Tonalá",101]
["Zapopan",120,null,9,"Zapopan",120]
["Zapotlanejo",124,null,10,"Zapotlanejo",124]
[]
[]
[]
[]
[]
[]
[]
[]
[]
[]
[]
[]
[]
[]
[]
[]
[]
[]
[]
[]
[]
[]
[]
[]
[]
[]
[]
[]
[]
[]
[]
[]
[]
[]
[]
[]
[]
[]
[]
[]
[]
[]
[]
[]
[]
[]
[]
[]
[]
[]
[]
[]
[]
[]
[]
[]
[]
[]
[]
[]
[]
[]
[]
[]
[]
[]
[]
[]
[]
[]
[]
[]
[]
[]
[]
[]
[]
[]
[]
[]
[]
[]
[]
[]
[]
[]
[]
[]
[]
[]
[]
[]
[]
[]
[]
[]
[]
[]
[]
[]
[]
[]
[]
[]
[]
[]
[]
[]
[]
[]
[]
[]
[]
[]
[]
[]
[]
[]
[]
["Instituto de Información Estadística y Geográfica de Jalisco",null,null,null,{"$f":"H3","v":1},{"$f":"VLOOKUP(E142,D13:G22,2,FALSE)","v":"Área Metropolitana de Guadalajara"},{"$f":"VLOOKUP(E142,D13:F22,3,FALSE)","v":1}]
["Panorama sociodemográfico de los municipios de Jalisco"]
["Selección municipio o Área Metropolitana:"]
[]
[]
["Volumen y estructura por edad y sexo",null,null,null,"Vivienda",null,null,"Economía"]
["Población total:",{"$f":"VLOOKUP($E$142,PobInd.ZMG!A27:C36,3,FALSE)","v":4865122},null,null,"Total de viviendas particulares habitadas:",{"$f":"VLOOKUP($E$142,VivZMG!A$15:N$24,3,FALSE)","v":1275327},null,"Población de 12 años y más","Total","Hombres ","Mujeres"]
["Relación hombre-mujer:",{"$f":"VLOOKUP($E$142,AsisEscZMG!A$15:U$24,19,FALSE)","v":95.386033361378793},null,null,"Promedio de ocupantes por vivienda*:",{"$f":"VLOOKUP($E$142,VivZMG!A$15:N$24,4,FALSE)","v":3.81},null,"Económicamente activa:",{"$f":"VLOOKUP($E$142,PEAZMG!A$15:S$24,5,FALSE)","v":0.55844679532670571},{"$f":"VLOOKUP($E$142,PEAZMG!A$15:S$24,6,FALSE)","v":0.71933172675121482},{"$f":"VLOOKUP($E$142,PEAZMG!A$15:S$24,7,FALSE)","v":0.40769446383215802}]
[null,null,null,null,"*Se excluyen las viviendas sin información de ocupantes y su población estimada.",null,null,"      Ocupada",{"$f":"VLOOKUP($E$142,PEAZMG!A$15:S$24,8,FALSE)","v":0.53778782225121968},{"$f":"VLOOKUP($E$142,PEAZMG!A$15:S$24,9,FALSE)","v":0.68741213158827108},{"$f":"VLOOKUP($E$142,PEAZMG!A$15:S$24,10,FALSE)","v":0.39701829642571707}]
["Edad mediana:",{"$f":"VLOOKUP($E$142,AsisEscZMG!A$15:U$24,20,FALSE)","v":27.755888190621892},null,null,"Viviendas con piso de tierra:",{"$f":"VLOOKUP($E$142,VivZMG!A$15:N$24,5,FALSE)","v":1.0742342944201762E-2},null,"      No ocupada",{"$f":"VLOOKUP($E$142,PEAZMG!A$15:S$24,11,FALSE)","v":2.0963969233331013E-2},{"$f":"VLOOKUP($E$142,PEAZMG!A$15:S$24,12,FALSE)","v":3.1919595162943695E-2},{"$f":"VLOOKUP($E$142,PEAZMG!A$15:S$24,13,FALSE)","v":1.0676167406440982E-2}]
[]
["Razón de dependencia:",{"$f":"VLOOKUP($E$142,AsisEscZMG!A$15:U$24,21,FALSE)","v":50.194435959672958},null,null,null,null,null,"No económicamente activa:",{"$f":"VLOOKUP($E$142,PEAZMG!A$15:S$24,14,FALSE)","v":0.43867975875719339},{"$f":"VLOOKUP($E$142,PEAZMG!A$15:S$24,15,FALSE)","v":0.27805987628776774},{"$f":"VLOOKUP($E$142,PEAZMG!A$15:S$24,16,FALSE)","v":0.58918373419014336}]
[]
[null,null,null,null,null,null,null,"No especificada:",{"$f":"VLOOKUP($E$142,PEAZMG!A$15:S$24,17,FALSE)","v":2.8734459161009283E-3},{"$f":"VLOOKUP($E$142,PEAZMG!A$15:S$24,18,FALSE)","v":2.6083969610173948E-3},{"$f":"VLOOKUP($E$142,PEAZMG!A$15:S$24,19,FALSE)","v":3.1218019776988091E-3}]
["Hombres","Mujeres"]
[{"$f":"VLOOKUP(G142,grapob!E3:AY127,24,FALSE)","v":0.48611240130051092},{"$f":"VLOOKUP(G142,grapob!E3:AY127,47,FALSE)","v":0.51388759869948908}]
[]
[]
[]
[]
[]
[]
[]
[]
[]
[{"$f":"VLOOKUP($E$142,grapobZMG!G3:BC12,49,FALSE)","v":"                           Miles de personas"}]
["Educación"]
["Tasa de alfabetización por grupo de edad:"]
["15 a 24 años",{"$f":"VLOOKUP($E$142,TasaalfZMG!A15:F24,5,FALSE)","v":0.98836649452117076}]
["25 años y más",{"$f":"VLOOKUP($E$142,TasaalfZMG!A15:F24,6,FALSE)","v":0.9649021738475172}]
[]
["Asistencia escolar por grupos de edad:"]
[" 3 a  5 años",{"$f":"VLOOKUP($E$142,AsisEscZMG!A$15:H$25,5,FALSE)","v":0.51579180802390368}]
[" 6 a 11 años",{"$f":"VLOOKUP($E$142,AsisEscZMG!A$15:H$25,6,FALSE)","v":0.97383638581793874}]
["12 a 14 años",{"$f":"VLOOKUP($E$142,AsisEscZMG!A$15:H$25,7,FALSE)","v":0.92747038839408691}]
["15 a 24 años",{"$f":"VLOOKUP($E$142,AsisEscZMG!A$15:H$25,8,FALSE)","v":0.4575741225439105}]
[null,null,null,null,null,null,null,"Distribución territorial de la población"]
[null,null,null,null,null,null,null,"Superficie (km2):",{"$f":"VLOOKUP($E$142,dist.terrZMG!A16:H25,6,FALSE)","v":3453.568765330288}]
["Derechohabiencia",null,null,null,null,null,null,"Densidad de población (hab/km2):",{"$f":"VLOOKUP($E$142,dist.terrZMG!A16:H25,7,FALSE)","v":1408.7230718669982}]
["Población derechohabiente:",{"$f":"VLOOKUP(E$142,DerechZMG!A15:K25,5,FALSE)","v":0.78933642362925405},null,null,"Limitaciones físicas o mentales*",null,null,"Localidades:",{"$f":"VLOOKUP($E$142,dist.terrZMG!A16:H25,8,FALSE)","v":9}]
[null,null,null,null,"Población con algún tipo de limitación:",{"$f":"VLOOKUP($E$142,LimitZMG!A$15:L$24,5,FALSE)","v":3.19488430061938E-2}]
[]
[null,null,null,null,"Población con discapacidad según tipo de limitación:",null,null,"Población indígena"]
[null,null,null,null,"Caminar o moverse",{"$f":"VLOOKUP($E$142,LimitZMG!A$15:L$24,6,FALSE)","v":81143},null,"Población de 5 años y más que habla alguna lengua indígena:",null,{"$f":"VLOOKUP($E$142,PobInd.ZMG!A15:E24,5,FALSE)","v":27694.999999999989}]
[null,null,null,null,"Ver1",{"$f":"VLOOKUP($E$142,LimitZMG!A$15:L$24,7,FALSE)","v":33090}]
[null,null,null,null,"Oír2",{"$f":"VLOOKUP($E$142,LimitZMG!A$15:L$24,8,FALSE)","v":13865}]
[null,null,null,null,"Hablar o comunicarse",{"$f":"VLOOKUP($E$142,LimitZMG!A$15:L$24,9,FALSE)","v":12285}]
[null,null,null,null,"Atender el cuidado personal",{"$f":"VLOOKUP($E$142,LimitZMG!A$15:L$24,10,FALSE)","v":8089}]
[null,null,null,null,"Poner atención o aprender",{"$f":"VLOOKUP($E$142,LimitZMG!A$15:L$24,11,FALSE)","v":8174}]
[null,null,null,null,"Mental",{"$f":"VLOOKUP($E$142,LimitZMG!A$15:L$24,12,FALSE)","v":19057}]
["* Incluye derechohabiencias múltiples. ** Incluye seguro médico para una nueva generación",null,null,null,"1 Incluye a las personas que aun con anteojos tenían dificultad para ver."]
[null,null,null,null,"2 Incluye a las personas que aun con aparato auditivo tenían dificultad para oír."]
[null,null,null,null,"*Información Estadística al año 2010"]

{"sheet":"Estructura de poblacion","index":4,"n_rows":48,"n_cols":32,"rows_kept":48,"cut":false,"hidden":true,"merged":[[1,29,1,31],[0,0,0,31],[1,0,2,0],[1,2,1,4],[1,5,1,7],[1,8,1,10],[1,11,1,13],[1,14,1,16],[1,17,1,19],[1,20,1,22],[1,23,1,25],[1,26,1,28]]}
["VOLUMEN Y ESTRUCTURA POR SEXO DEL ÁREA METROPOLITANA DE GUADALAJARA, 2010"]
["Grupos quinquenales de edad",null,"AMG",null,null,"Guadalajara",null,null,"Zapopán",null,null,"Tonalá",null,null,"Tlaquepaque",null,null,"Tlajomulco de Zuñiga",null,null,"Juanacatlán",null,null,"Ixtlahuacán de los Membrillos",null,null,"Zapotlanejo",null,null,"El Salto"]
[null,null,"Total","Hombres","Mujeres","Total","Hombres","Mujeres","Total","Hombres","Mujeres","Total","Hombres","Mujeres","Total","Hombres","Mujeres","Total","Hombres","Mujeres","Total","Hombres","Mujeres","Total","Hombres","Mujeres","Total","Hombres","Mujeres","Total","Hombres","Mujeres"]
["Total",null,{"$f":"SUM(F4,I4,L4,O4,R4,U4,X4,AD4,AA4)","v":4863036},{"$f":"SUM(G4,J4,M4,P4,S4,V4,Y4,AE4,AB4)","v":2374087},{"$f":"SUM(H4,K4,N4,Q4,T4,W4,Z4,AF4,AC4)","v":2488949},{"$f":"SUM(F5:F25)","v":1459501},703949,755552,1331755,649445,682310,535852,262441,273411,663935,328673,335262,549214,269565,279649,17943,8961,8982,52988,26162,26826,68519,33716,34803,183329,91175,92154]
["  0 -   4 años",{"$f":"SUM(C5:C7)","v":1315853},425533,215320,210213,{"$f":"G5+H5","v":99409},50167,49242,{"$f":"J5+K5","v":111262},56977,54285,{"$f":"M5+N5","v":56384},28186,28198,{"$f":"P5+Q5","v":61613},32110,29503,{"$f":"S5+T5","v":61986},30346,31640,{"$f":"V5+W5","v":2096},1058,1038,{"$f":"Y5+Z5","v":6079},3100,2979,{"$f":"AB5+AC5","v":6774},3375,3399,{"$f":"AE5+AF5","v":19930},10001,9929]
["  5 -   9 años",null,439421,222255,217166,{"$f":"G6+H6","v":108966},54549,54417,{"$f":"J6+K6","v":112499},57026,55473,{"$f":"M6+N6","v":53495},27198,26297,{"$f":"P6+Q6","v":65163},33201,31962,{"$f":"S6+T6","v":64019},32483,31536,{"$f":"V6+W6","v":1847},937,910,{"$f":"Y6+Z6","v":6323},3230,3093,{"$f":"AB6+AC6","v":6805},3613,3192,{"$f":"AE6+AF6","v":20304},10018,10286]
["10 - 14 años",null,450899,224912,225987,118038,59773,58265,116844,57640,59204,56709,27599,29110,65083,32403,32680,60126,30585,29541,1725,860,865,5315,2693,2622,6936,3433,3503,20123,9926,10197]
["15 - 19 años",{"$f":"SUM(C8:C17)","v":3237827},440149,222478,217671,127344,65260,62084,117670,58698,58972,51714,25489,26225,63686,32740,30946,48618,24477,24141,1534,709,825,4467,2181,2286,6779,3340,3439,18337,9584,8753]
["20 - 24 años",null,455024,229894,225130,136545,69919,66626,135691,68695,66996,50155,25250,24905,60417,30755,29662,42859,20803,22056,1756,877,879,4354,2012,2342,6164,3168,2996,17083,8415,8668]
["25 - 29 años",null,400038,195967,204071,118676,59944,58732,115807,56812,58995,44077,20464,23613,53588,26982,26606,42750,19441,23309,1632,787,845,4429,2087,2342,5435,2561,2874,13644,6889,6755]
["30 - 34 años",null,387859,189175,198684,110966,54412,56554,106021,52521,53500,42361,20903,21458,52068,25512,26556,51233,23755,27478,1477,782,695,4509,2189,2320,4751,2258,2493,14473,6843,7630]
["35 - 39 años",null,350803,168097,182706,95108,45350,49758,95787,45757,50030,37172,17380,19792,49555,23781,25774,49446,24498,24948,1213,606,607,4139,1981,2158,4573,2162,2411,13810,6582,7228]
["40 - 44 años",null,343500,167946,175554,101519,48872,52647,92269,43994,48275,38032,18896,19136,47488,23872,23616,42822,21514,21308,1082,535,547,3443,1721,1722,4612,2285,2327,12233,6257,5976]
["45 - 49 años",null,273940,129517,144423,89076,41293,47783,76849,35597,41252,30461,15364,15097,35710,16793,18917,25909,12683,13226,804,388,416,2758,1308,1450,3552,1764,1788,8821,4327,4494]
["50 - 54 años",null,242994,113538,129456,83215,36608,46607,70954,33642,37312,23711,11703,12008,30887,14278,16609,20052,10376,9676,712,354,358,2291,1169,1122,3022,1453,1569,8150,3955,4195]
["55 - 59 años",null,186333,85609,100724,67846,30485,37361,53888,25328,28560,17566,8069,9497,24068,11179,12889,13051,5691,7360,570,275,295,1489,729,760,2310,1046,1264,5545,2807,2738]
["60 - 64 años",null,157187,72042,85145,{"$f":"G17+H17","v":63926},28207,35719,44494,20332,24162,12918,6050,6868,18015,8622,9393,10243,4966,5277,457,229,228,1149,620,529,1981,984,997,4004,2032,1972]
["65 - 69 años",{"$f":"SUM(C18:C25)","v":309356},115690,52338,63352,48685,21006,27679,32514,14740,17774,8743,4054,4689,13434,6421,7013,6779,3466,3313,398,218,180,836,392,444,1645,705,940,2656,1336,1320]
["70 - 74 años",null,80750,36849,43901,36203,16156,20047,21380,9877,11503,5241,2389,2852,9728,4257,5471,4287,2157,2130,246,138,108,603,317,286,1299,618,681,1763,940,823]
["75 - 79 años",null,51547,22974,28573,23758,10095,13663,12893,5665,7228,3573,1888,1685,6083,2604,3479,2554,1273,1281,187,94,93,385,217,168,790,374,416,1324,764,560]
["80 - 84 años",null,33282,14302,18980,15744,6549,9195,8292,3636,4656,2264,973,1291,3981,1785,2196,1472,603,869,92,42,50,234,124,110,530,322,208,673,268,405]
["85 - 89 años",null,17895,7095,10800,8999,3386,5613,4294,1676,2618,918,393,525,2218,935,1283,663,299,364,62,43,19,117,62,55,333,173,160,291,128,163]
["90 - 94 años",null,7425,2829,4596,4135,1466,2669,1498,518,980,295,154,141,850,370,480,257,118,139,36,19,17,54,25,29,174,66,108,126,93,33]
["95 - 99 años",null,2488,808,1680,1191,374,817,828,293,535,30,12,18,261,57,204,68,31,37,17,10,7,14,5,9,49,16,33,30,10,20]
["100 años y más",null,279,142,137,152,78,74,21,21,0,33,27,6,39,16,23,20,0,20,0,0,0,0,0,0,5,0,5,9,0,9]
["Fuente: Elaborado por el Consejo Estatal de Población con base en INEGI, censos y conteos de población y vivienda 2010."]
[]
["  0 -   4 años"]
["  5 -   9 años",null,null,{"$f":"+D4/C4*100","v":48.819029922871223},{"$f":"+E4/C4*100","v":51.180970077128777},null,{"$f":"+G4/F4*100","v":48.232169762131029},{"$f":"+H4/F4*100","v":51.767830237868971},null,{"$f":"+J4/I4*100","v":48.766101873092268},{"$f":"+K4/I4*100","v":51.233898126907732},null,{"$f":"+M4/L4*100","v":48.976396467681376},{"$f":"+N4/L4*100","v":51.023603532318631},null,{"$f":"+P4/O4*100","v":49.503791786846598},{"$f":"+Q4/O4*100","v":50.496208213153395},null,{"$f":"+S4/R4*100","v":49.081960765748875},{"$f":"+T4/R4*100","v":50.918039234251133},null,{"$f":"+V4/U4*100","v":49.941481357632505},{"$f":"+W4/U4*100","v":50.058518642367503},null,{"$f":"+Y4/X4*100","v":49.373443043708008},{"$f":"+Z4/X4*100","v":50.626556956291992},null,{"$f":"+AB4/AA4*100","v":49.206789357696408},{"$f":"+AC4/AA4*100","v":50.793210642303599},null,{"$f":"+AE4/AD4*100","v":49.73299368894174},{"$f":"+AF4/AD4*100","v":50.26700631105826}]
["10 - 14 años"]
["15 - 19 años",null,{"$f":"+SUM(C5:C7)","v":1315853},"0-14"]
["20 - 24 años",null,{"$f":"+SUM(C18:C25)","v":309356},"65 +","RELACIÓN DE DEPENDENCIA"]
["25 - 29 años",null,{"$f":"+SUM(C8:C17)","v":3237827},"15 a 64"]
["30 - 34 años",null,{"$f":"+C31+C32","v":1625209}]
["35 - 39 años",null,{"$f":"+C34/C33*100","v":50.194435959672958}]
["40 - 44 años",null,{"$f":"(B5+B18)/B8*100","v":50.194435959672958}]
["45 - 49 años"]
["50 - 54 años"]
["55 - 59 años"]
["60 - 64 años"]
["65 - 69 años"]
["70 - 74 años"]
["75 - 79 años"]
["80 - 84 años"]
["85 - 89 años"]
["90 - 94 años"]
["95 - 99 años"]
["100 años y más"]

{"sheet":"Pob","index":5,"n_rows":141,"n_cols":13,"rows_kept":141,"cut":false,"hidden":true,"merged":[]}
["Clave","Región","Clave","Municipio","Poblacion total","Relación hombre-mujer:","Edad mediana","Razon de dependencia","Porcentaje hombres","Porcentaje de mujeres"]
[null,null,14,"Jalisco",7844830,95.643331360647181,27.496317739251307,53.705775206341379,48.886578804129599,51.113421195870401,null,{"$f":"+I2/J2*100","v":95.643331360647181}]
[1,"Norte",1,"Norte",78445,94.190018813743933,25.35600229936448,74.001465331586786,48.504047421760468,51.495952578239532]
[2,"Altos Norte",2,"Altos Norte",407417,94.778863024635584,26.668203937533793,60.830763277088259,48.659727011882175,51.340272988117825,null,null,"Total de población de 0 a 14 años más la población de 65 y más, dividido por el total de población de 15 a 64 años, multiplicado por 100."]
[3,"Altos Sur",3,"Altos Sur",399724,93.367744307434805,27.773242391142446,59.645520673966104,48.285066696020252,51.714933303979748]
[4,"Ciénega",4,"Ciénega",402199,95.884086204797271,26.215233023539788,60.370156159629843,48.949400669817678,51.050599330182322]
[5,"Sureste",5,"Sureste",163747,95.001905397037106,27.207783402639667,63.708370837083706,48.718449803660526,51.281550196339474]
[6,"Sur",6,"Sur",300871,95.502807090502671,27.967271571811892,57.247115530392144,48.849839299899294,51.150160700100706]
[7,"Sierra de Amula",7,"Sierra de Amula",171810,96.583445845442682,28.056698673982623,61.931073499599265,49.131016820906815,50.868983179093185]
[8,"Costa Sur",8,"Costa Sur",152113,101.92884640913314,24.798895285514238,63.748748155885551,50.477605464358732,49.522394535641268]
[9,"Costa-Sierra Occidental",9,"Costa-Sierra Occidental",332798,100.15276173979984,28.678725171814818,49.869621022765656,50.038161287026966,49.961838712973034]
[10,"Valles",10,"Valles",316993,96.664081645314397,28.19537589004802,61.021393363483924,49.15187401614547,50.84812598385453]
[11,"Lagunas",11,"Lagunas",213424,95.307295288993004,27.613826232247284,62.645312273693996,48.79863557987855,51.20136442012145]
[12,"Centro",12,"Centro",4905289,95.365626835800981,26.669680202161032,50.297394806779202,48.813923094031772,51.186076905968228]
[]
[]
[3,"Altos Sur",1," Acatic",21530,94.595083152566886,26.406888499708113,62.637860704033841,48.611240130051094,51.388759869948906]
[11,"Lagunas",2," Acatlán de Juárez",22261,96.184013395611174,27.533763044812769,56.107994389901826,49.027447104802121,50.972552895197879]
[10,"Valles",3," Ahualulco de Mercado",23362,94.829455424902008,27.725980670835703,59.327237991266379,48.67305881345775,51.32694118654225]
[11,"Lagunas",4," Amacueca",5385,97.180519956060053,28.479166666666668,63.033605812897363,49.28505106778087,50.71494893221913]
[10,"Valles",5," Amatitán",15344,96.164663768857068,25.032021957913997,59.268875272613975,49.022419186652762,50.977580813347238]
[10,"Valles",6," Ameca",60951,95.218115431426554,29.355543113101902,59.058387298934612,48.775245689160144,51.224754310839856]
[3,"Altos Sur",8," Arandas",77116,90.442792581433835,26.229340603169195,55.971840103576632,47.490793090927951,52.509206909072049]
[11,"Lagunas",10," Atemajac de Brizuela",6717,97.210804462712858,22.972175379426645,73.925427239772134,49.292839065058807,50.707160934941193]
[7,"Sierra de Amula",11," Atengo",5475,106.05946556266466,30.263513513513512,72.819216182048038,51.470319634703195,48.529680365296805]
[9,"Costa-Sierra Occidental",12," Atenguillo",3899,96.028154851684263,32.131696428571431,64.611486486486484,48.986919723005897,51.013080276994103]
[4,"Ciénega",13," Atotonilco el Alto",60480,96.000907411608381,26.940910071166702,56.898834402014486,48.979828042328045,51.020171957671955]
[11,"Lagunas",14," Atoyac",8264,92.58914006059193,30.355648535564853,62.293794186959936,48.075992255566312,51.924007744433688]
[7,"Sierra de Amula",15," Autlán de Navarro",60572,95.399851608116393,27.560539896784437,56.502415958243965,48.822888463316382,51.177111536683618]
[4,"Ciénega",16," Ayotlán",37963,95.313062715439628,26.257769337016576,64.986737400530501,48.800147512051211,51.199852487948789]
[7,"Sierra de Amula",17," Ayutla",12453,99.343684968785013,28.598568281938327,68.993616732310201,49.835381032682889,50.164618967317111]
[1,"Norte",19," Bolaños",7341,98.781478472786347,19.890873015873016,80.561023622047244,49.693502247650187,50.306497752349813]
[9,"Costa-Sierra Occidental",20," Cabo Corrientes",10303,106.01879624075185,27.584005376344088,71.214891141765008,51.460739590410562,48.539260409589438]
[3,"Altos Sur",117," Cañadas de Obregón",4110,96.650717703349287,31.630036630036631,66.937449228269699,49.148418491484186,50.851581508515814]
[8,"Costa Sur",21," Casimiro Castillo",21584,99.243053632419461,28.710477371357719,60.990896881062525,49.810044477390662,50.189955522609338]
[5,"Sureste",30," Chapala",50738,94.145557511287976,29.538085434894494,59.888394968315517,48.492254326146082,51.507745673853918]
[1,"Norte",31," Chimaltitán",3383,96.229698375870072,23.287037037037038,85.369863013698634,49.03931421814957,50.96068578185043]
[7,"Sierra de Amula",32," Chiquilistlán",6102,103.46782260753585,24.097807757166947,71.927846674182632,50.85217961324156,49.14782038675844]
[8,"Costa Sur",22," Cihuatlán",41300,100.46597417726434,26.869404137079346,60.71957012693715,50.116222760290555,49.883777239709445]
[11,"Lagunas",24," Cocula",26687,94.93791088385683,29.616539301310045,61.853042897882418,48.70161501854836,51.29838498145164]
[1,"Norte",25," Colotlán",17865,93.197793879095926,27.903287461773701,56.744186046511622,48.239574587181643,51.760425412818357]
[5,"Sureste",26," Concepción de Buenos Aires",6088,103.95309882747068,29.705128205128204,60.633245382585756,50.969119579500656,49.030880420499344]
[8,"Costa Sur",27," Cuautitlán de García Barragán",18138,100.9528030135165,24.380501015572108,73.034351145038173,50.237071341934062,49.762928658065938]
[7,"Sierra de Amula",28," Cuautla",2120,92.727272727272734,30.245901639344261,64.391000775795192,48.113207547169814,51.886792452830186]
[12,"Centro",29," Cuquío",17980,90.992139366900361,28.831275720164609,64.305949008498587,47.641824249165737,52.358175750834263]
[4,"Ciénega",33," Degollado",21479,94.944636050099831,27.744718309859156,62.203415445065737,48.703384701336191,51.296615298663809]
[7,"Sierra de Amula",34," Ejutla",1862,106.43015521064302,34.274809160305345,68.35443037974683,51.557465091299676,48.442534908700324]
[10,"Valles",9," El Arenal",19900,98.128235762644366,24.721749006246451,59.634058261776744,49.527638190954775,50.472361809045225]
[7,"Sierra de Amula",37," El Grullo",24312,92.204917384773495,29.047619047619047,57.329707329707325,47.972194800921358,52.027805199078642]
[7,"Sierra de Amula",54," El Limón",5379,99.296035568729152,35.421974522292992,65.546995377503848,49.823387246700129,50.176612753299871]
[12,"Centro",70," El Salto",183437,98.946900351394731,23.812123163378796,57.906115417743322,49.735331476201637,50.264668523798363]
[2,"Altos Norte",35," Encarnación de Díaz",53555,92.720141063010544,26.539859613938329,61.488116781276389,48.111287461488189,51.888712538511811]
[10,"Valles",36," Etzatlán",19847,92.651912250048539,27.519731649565905,64.617554338808688,48.092910767370384,51.907089232629616]
[6,"Sur",79," Gómez Farías",14278,91.189073379753609,26.841890790546046,57.593818984547461,47.695755708082366,52.304244291917634]
[9,"Costa-Sierra Occidental",38," Guachinango",4184,104.69667318982387,31.422594142259413,69.380315917375455,51.1472275334608,48.8527724665392]
[12,"Centro",39," Guadalajara",1460148,93.175509944884411,30.950561433231801,46.798448232334664,48.233603716883493,51.766396283116507]
[10,"Valles",40," Hostotipaquillo",9761,104.84784889821616,26.58082408874802,70.975652478542656,51.183280401598196,48.816719598401804]
[1,"Norte",41," Huejúcar",5633,92.186966905493009,33.088235294117645,68.990384615384613,47.967335345286706,52.032664654713294]
[1,"Norte",42," Huejuquilla el Alto",8787,91.479625190673346,25.772321428571427,74.721337579617824,47.775122339820186,52.224877660179814]
[12,"Centro",44," Ixtlahuacán de los Membrillos",53045,97.509029303347361,24.982200275608637,60.433571515078114,49.369403336789517,50.630596663210483]
[12,"Centro",45," Ixtlahuacán del Río",19070,93.643379366368805,27.996999249812454,63.250278277249762,48.358678552700574,51.641321447299426]
[3,"Altos Sur",46," Jalostotitlán",33777,97.607207628853914,25.041313986295847,65.549183943537713,49.394558427332207,50.605441572667793]
[4,"Ciénega",47," Jamay",24753,99.315564860294714,26.021202361782073,59.830825853942017,49.828303639962833,50.171696360037167]
[3,"Altos Sur",48," Jesús María",19469,82.8075117370892,27.697316495659038,67.182263469966486,45.29765267861729,54.70234732138271]
[6,"Sur",49," Jilotlán de los Dolores",9917,100.91166936790924,27.588435374149661,60.462858067648483,50.226883129978823,49.773116870021177]
[5,"Sureste",50," Jocotepec",46521,97.122881355932208,24.526904815735925,66.797015139556578,49.270222050256876,50.729777949743124]
[12,"Centro",51," Juanacatlán",17955,99.721913236929922,25.059742647058822,59.677849959953718,49.930381509328875,50.069618490671125]
[7,"Sierra de Amula",52," Juchitlán",5638,96.651552145099402,28.611793611793612,70.508166969146998,49.148634267470733,50.851365732529267]
[4,"Ciénega",18," La Barca",65055,93.800643469971405,27.412713082768537,61.27328191265098,48.400584121128276,51.599415878871724]
[8,"Costa Sur",43," La Huerta",24563,102.73192472763289,28.748589164785553,60.891218872870247,50.673777633025281,49.326222366974719]
[5,"Sureste",57," La Manzanilla de la Paz",3688,93.089005235602087,30.148936170212767,58.897027143472634,48.210412147505423,51.789587852494577]
[2,"Altos Norte",53," Lagos de Moreno",164981,95.477434566760266,25.016689686924494,58.806139742700871,48.843200126075125,51.156799873924875]
[10,"Valles",55," Magdalena",22643,99.37483490358369,25.130997474747474,65.775596894682877,49.843218654771896,50.156781345228104]
[9,"Costa-Sierra Occidental",58," Mascota",14477,95.186733180531206,30.264806378132118,62.307951104631599,48.767009739586932,51.232990260413068]
[5,"Sureste",59," Mazamitla",13799,91.785962473940231,26.55756731662024,61.335204021980594,47.858540473947386,52.141459526052614]
[3,"Altos Sur",60," Mexticacán",5088,86.30538264372025,33.288135593220339,65.754317367220594,46.324685534591197,53.675314465408803]
[1,"Norte",61," Mezquitic",19452,92.460670822202431,19.54175152749491,89.864997065153602,48.041332510795804,51.958667489204196]
[9,"Costa-Sierra Occidental",62," Mixtlán",3526,100.56882821387941,30.472636815920399,65.695488721804509,50.14180374361883,49.85819625638117]
[4,"Ciénega",63," Ocotlán",99461,95.327965435978001,26.692616598562772,54.079181839312,48.804053850252863,51.195946149747137]
[2,"Altos Norte",64," Ojuelos de Jalisco",32357,93.360822277996888,23.046484505164944,68.312607315677198,48.283215378434342,51.716784621565658]
[6,"Sur",65," Pihuamo",11192,101.94875496210754,30.913528591352858,65.047970479704802,50.482487491065044,49.517512508934956]
[4,"Ciénega",66," Poncitlán",51944,96.281741233373637,22.453763440860214,70.223227455993708,49.052826120437395,50.947173879562605]
[9,"Costa-Sierra Occidental",67," Puerto Vallarta",275640,99.940519798927909,27.695700564738861,47.001130642546293,49.985125526048471,50.014874473951529]
[5,"Sureste",69," Quitupan",8379,92.090784044016502,32.583992094861657,64.609943014344665,47.941281775868241,52.058718224131759]
[12,"Centro",71," San Cristóbal de la Barranca",3117,100.06418485237484,28.386752136752136,65.603402445507712,50.016041065126721,49.983958934873279]
[2,"Altos Norte",72," San Diego de Alejandría",7349,92.887139107611546,25.005091649694499,66.833144154370032,48.156211729487005,51.843788270512995]
[6,"Sur",113," San Gabriel",16105,95.023007992249944,28.438628158844764,64.952791461412147,48.723998758149641,51.276001241850359]
[3,"Altos Sur",125," San Ignacio Cerro Gordo",18952,92.249949279772778,25.796524257784213,66.517268652781439,47.98438159560996,52.01561840439004]
[2,"Altos Norte",73," San Juan de los Lagos",69725,98.127415321664017,25.380767844268206,57.41284320809249,49.527429186088206,50.472570813911794]
[10,"Valles",7," San Juanito de Escobedo",9420,100.81006182050736,27.78730703259005,66.254853512177903,50.201698513800423,49.798301486199577]
[3,"Altos Sur",74," San Julián",15890,89.799331103678924,28.109339407744876,57.30270323794435,47.312775330396477,52.687224669603523]
[10,"Valles",75," San Marcos",3783,99.000526038926878,27.96106557377049,66.607929515418505,49.748876553000265,50.251123446999735]
[1,"Norte",76," San Martín de Bolaños",3122,98.348157560355787,26.480686695278969,66.987693953986096,49.583600256245994,50.416399743754006]
[11,"Lagunas",77," San Martín Hidalgo",27777,95.296350980805741,30.378021360314783,65.492370052455883,48.795766281455883,51.204233718544117]
[3,"Altos Sur",78," San Miguel el Alto",32960,95.411157882255296,26.89727865082407,58.577687900235929,48.82584951456311,51.17415048543689]
[9,"Costa-Sierra Occidental",80," San Sebastián del Oeste",5643,109.6989966555184,33.133012820512818,65.58098591549296,52.312599681020735,47.687400318979265]
[1,"Norte",81," Santa María de los Ángeles",3033,91.719342604298362,33.155487804878049,74.611398963730565,47.840422024398286,52.159577975601714]
[5,"Sureste",56," Santa María del Oro",2028,98.628795298726743,31.458333333333332,67.464905037159369,49.654832347140037,50.345167652859963]
[11,"Lagunas",82," Sayula",36778,91.831838097225116,27.377938517179025,59.432980752557654,47.871009842840827,52.128990157159173]
[10,"Valles",83," Tala",80365,96.813851541645235,26.14745374160799,58.487849139971594,49.190568033347851,50.809431966652149]
[9,"Costa-Sierra Occidental",84," Talpa de Allende",15126,101.38463586739449,28.1998199819982,63.753519601472817,50.343778923707525,49.656221076292475]
[6,"Sur",85," Tamazula de Gordiano",38396,94.863987007714172,30.494992295839754,59.524699821346957,48.682154391082406,51.317845608917594]
[11,"Lagunas",86," Tapalpa",19506,94.728960766696616,24.024461269656378,65.443113263658773,48.646570286065824,51.353429713934176]
[6,"Sur",87," Tecalitlán",16579,95.437934692915249,27.843099460292983,64.883142715067137,48.832860848060797,51.167139151939203]
[11,"Lagunas",89," Techaluta de Montenegro",3703,97.388059701492537,28.426258992805757,64.650955980435754,49.338374291115315,50.661625708884685]
[7,"Sierra de Amula",88," Tecolotlán",17257,97.946776783665982,28.776041666666668,65.45541706615532,49.481369878889723,50.518630121110277]
[7,"Sierra de Amula",90," Tenamaxtlán",7005,99.914383561643831,30.658866995073893,67.335722819593798,49.978586723768736,50.021413276231264]
[2,"Altos Norte",91," Teocaltiche",41278,92.42028715271303,27.052578361981801,65.611204751585191,48.030427830805756,51.969572169194244]
[11,"Lagunas",92," Teocuitatlán de Corona",10317,96.028880866425993,32.008647798742139,65.575349061145886,48.987108655616943,51.012891344383057]
[3,"Altos Sur",93," Tepatitlán de Morelos",141322,95.677217468361448,26.222887060583396,57.283087744290604,48.895430293938666,51.104569706061334]
[10,"Valles",94," Tequila",42009,96.726608597920759,24.48730072953256,62.837418554142097,49.168035420981219,50.831964579018781]
[10,"Valles",95," Teuchitlán",9608,95.961656128900671,29.734982332155475,62.434488588334744,48.969608659450458,51.030391340549542]
[5,"Sureste",96," Tizapán el Alto",20961,94.155242682474992,26.989831697054697,67.179773488594677,48.494823720242351,51.505176279757649]
[12,"Centro",97," Tlajomulco de Zúñiga",549442,96.410965857704085,24.663197928089783,58.282682436891719,49.086345783540395,50.913654216459605]
[12,"Centro",98," Tlaquepaque",664193,98.035427307232453,26.505420989773832,52.459803160635801,49.503984534615689,50.496015465384311]
[6,"Sur",99," Tolimán",10310,98.919544665251792,26.76595744680851,66.306102680012913,49.728419010669256,50.271580989330744]
[8,"Costa Sur",100," Tomatlán",35824,103.47608769737589,26.567619047619047,63.925498810177558,50.854175971415813,49.145824028584187]
[12,"Centro",101," Tonalá",536111,95.981385623208752,24.959974080350911,53.906602291429117,48.974745901501741,51.025254098498259]
[7,"Sierra de Amula",102," Tonaya",5960,96.829590488771473,31.089613034623216,63.038113517959971,49.194630872483224,50.805369127516776]
[6,"Sur",103," Tonila",7919,99.772956609485362,29.896856581532418,56.577645895153317,49.943174643263035,50.056825356736965]
[1,"Norte",104," Totatiche",4412,101.18559051527588,32.677902621722843,72.007797270955166,50.29465095194923,49.70534904805077]
[4,"Ciénega",105," Tototlán",23171,98.449811579307976,26.942060085836911,64.426625035481123,49.609425575072287,50.390574424927713]
[7,"Sierra de Amula",106," Tuxcacuesco",4229,103.21960595867371,28.060810810810811,67.592225307417692,50.792149444313075,49.207850555686925]
[5,"Sureste",107," Tuxcueca",6156,91.775700934579433,27.1,72.099524741403414,47.855750487329438,52.144249512670562]
[6,"Sur",108," Tuxpan",34535,94.300663891076852,27.298016893132573,60.10480430346874,48.533371941508612,51.466628058491388]
[2,"Altos Norte",109," Unión de San Antonio",17915,93.71756055363322,26.005514705882351,62.531783508899387,48.378453809656712,51.621546190343288]
[7,"Sierra de Amula",110," Unión de Tula",13446,93.523316062176164,30.246559633027523,65.778435726622249,48.32663989290495,51.67336010709505]
[3,"Altos Sur",111," Valle de Guadalupe",6924,97.659149300599481,27.342657342657343,61.473880597014926,49.407856730213751,50.592143269786249]
[5,"Sureste",112," Valle de Juárez",5389,95.3243928959768,31.340125391849529,62.356841470765524,48.803117461495638,51.196882538504362]
[11,"Lagunas",114," Villa Corona",17824,96.01891564940064,28.324386503067483,64.610269671222753,48.984515260323157,51.015484739676843]
[1,"Norte",115," Villa Guerrero",5417,96.55297532656023,27.012032085561497,79.747675962815407,49.123130884253278,50.876869115746722]
[2,"Altos Norte",116," Villa Hidalgo",20257,92.100521574205786,25.741569167240193,63.392785085949477,47.943920620032578,52.056079379967422]
[8,"Costa Sur",68," Villa Purificación",10704,107.96580532348941,28.686502177068213,72.991756909649268,51.915171898355752,48.084828101644248]
[3,"Altos Sur",118," Yahualica de González Gallo",22586,91.829454730762691,30.485674353598881,64.692582597914082,47.870362171256531,52.129637828743469]
[11,"Lagunas",119," Zacoalco de Torres",28205,99.089433189807295,28.187127236580515,63.374652455977753,49.771317142350647,50.228682857649353]
[12,"Centro",120," Zapopan",1332272,95.175805485195596,28.11596017511895,46.438428466182117,48.764141256440126,51.235858743559874]
[6,"Sur",121," Zapotiltic",29190,95.800912261872824,28.322811447811446,56.414103525881465,48.927714970880437,51.072285029119563]
[6,"Sur",122," Zapotitlán de Vadillo",7027,102.62399077277971,26.531936127744512,71.683361837283172,50.647502490394196,49.352497509605804]
[4,"Ciénega",123," Zapotlán del Rey",17893,99.565023421815752,26.661243673174258,62.501135228407954,49.891018834180962,50.108981165819038]
[6,"Sur",23," Zapotlán el Grande",105423,94.478674734356559,27.862814895947427,50.940099952744397,48.580480540299554,51.419519459700446]
[12,"Centro",124," Zapotlanejo",68519,96.87670603108927,25.737350505979762,58.685935292619092,49.206789357696408,50.793210642303592]

{"sheet":"Sit cony ZMG","index":6,"n_rows":36,"n_cols":13,"rows_kept":36,"cut":false,"hidden":true,"merged":[]}
["Clave","Región","Clave","Municipio","En unión libre","Casada","Separada","Divorciada","Viuda","Soltera","No especificado",null,"Población de 12 años y más"]
[null,null,14,"Jalisco",10.743944325264556,42.315793435342592,3.7208670623329914,1.5614910958713577,4.488047375233382,36.917860783707319,0.25199592224780365]
[1,"Norte",null,"Norte",22.072492311944991,33.324695069278874,3.2894509519366988,0.65305276251684463,5.6459693859921911,34.654987733665045,0.35935178466535367]
[2,"Altos Norte",null,"Altos Norte",6.8155241411569047,48.044215477366045,2.6395457616547997,0.85721895951353877,4.2324983108986016,37.107608752143861,0.30338859726625433]
[3,"Altos Sur",null,"Altos Sur",4.9399220645732091,48.462108940455515,2.2710565519753834,0.92377550954025911,4.7063760026542285,38.502898183024648,0.1938627477767586]
[4,"Ciénega",null,"Ciénega",8.4646926908133189,48.111098072961482,2.9844324493467886,0.90517353777151943,4.5825836397298492,34.687997079454483,0.26402252992255343]
[5,"Sureste",null,"Sureste",11.338968360620543,45.518085893082912,3.043868925978642,1.1824015394279626,5.5215845929978293,33.093725399766221,0.30136528812588959]
[6,"Sur",null,"Sur",9.058567814022993,45.458404795462648,2.7301363582332865,1.3495729253341031,5.625413914313369,35.585593234729743,0.19231095790385302]
[7,"Sierra de Amula",null,"Sierra de Amula",12.395047673260281,43.435470703227402,3.0573801802071707,1.2335877405196498,5.4249398934935176,34.210900811156961,0.24267299813501308]
[8,"Costa Sur",null,"Costa Sur",19.856953505585871,37.254918837037167,4.0925756975883498,0.79613722823748123,5.1400340832802573,32.499612689997079,0.35976795827380237]
[9,"Sierra Occidental",null,"Sierra Occidental",18.27427458022121,35.365718542856598,4.0294943551930311,1.4135895623603125,3.6986379873541044,36.984851668608762,0.23343330340598675]
[10,"Valles",null,"Valles",11.230921950614221,44.800843777143569,3.2241386441659428,0.96331223890474416,4.8773627828101089,34.749555362534643,0.15386524382677752]
[11,"Lagunas",null,"Lagunas",9.8468377942206384,47.192838220517039,2.7313419201607747,0.88791449712249926,5.7093267561889105,33.372309003988917,0.2594318078012241]
[12,"Centro",null,"Centro",10.779959039691006,40.966642526560605,4.1349405971691189,1.8706505628797849,4.2878538926569956,37.70378272866261,0.25617065237987702]
[null,"ZMG",null,"ZMG",{"$f":"(E27/$M$15)*100","v":10.810473463081975},{"$f":"(F27/$M$15)*100","v":40.894727366739865},{"$f":"(G27/$M$15)*100","v":4.1517773967799538},1.8809674832999501,4.284132277425055,37.719911114460686,0.2562576801418493,null,{"$f":"SUM(M17:M25)","v":3821543.999999987}]
[]
[12,"Centro",39,"Guadalajara",8.0159302029583479,38.971203413567537,4.3770745042955657,2.4861298943376138,5.7538446995922925,40.197892059027659,0.19792522622098804,null,1206010.9999999914]
[12,"Centro",44,"Ixtlahuacán de los Membrillos",16.743327876094696,43.184948416101456,4.563290974766768,0.94332267872456532,2.8013825004547699,31.228398430394222,0.53532912346352746,null,38480.999999999869]
[12,"Centro",51,"Juanacatlán",14.366218348485987,45.172439702456984,4.6359606281463668,0.75888496506123682,3.3060335111578629,31.520024043880078,0.24043880081148095,null,13308.999999999978]
[12,"Centro",70,"El Salto",16.139731251808598,40.565988736616383,4.2382376291987267,1.0491715699732143,3.2395212690969259,34.391903422792396,0.37544612051375276,null,134773.00000000003]
[12,"Centro",97,"Tlajomulco de Zúñiga",15.684505008573232,43.590881288291264,4.3192050456737761,1.2165468419416618,2.6642200362983686,32.22482928736877,0.29981249185292141,null,398916.0000000021]
[12,"Centro",98,"Tlaquepaque",12.136822905885431,41.270470514257596,4.4899409855529822,1.4220489847249833,3.878901261135999,36.582122254812745,0.21969309363026726,null,512077.99999999878]
[12,"Centro",101,"Tonalá",13.34421455520525,41.230239543980893,4.5276962650784718,1.4836000307584691,3.3313406475649963,35.849739917299402,0.23316904011251646,null,403140.99999999837]
[12,"Centro",120,"Zapopan",9.7253684764307788,41.426905626177003,3.5726285138313365,2.0090329781817533,3.9777855368824651,38.995681148481346,0.29259772001532164,null,1062550.9999999963]
["12","Centro","124","Zapotlanejo",8.5991890444495436,45.683191798638205,2.5877897635988063,1.1953943845153394,4.316808201361793,37.059138550990745,0.55848825644556654,null,52283.999999999847]
[]
[null,null,null,null,{"$f":"SUM(E28:E36)","v":413127},{"$f":"SUM(F28:F36)","v":1562810},158662,71882,163720,1441483.0000000005,9793]
[null,null,null,"Guadalajara",96673,469996.99999999994,52788,29922,69392,484791.00000000017,2387]
[null,null,null,"Ixtlahuacán de los Membrillos",6443,16618,1756,363,1078,12017,206]
[null,null,null,"Juanacatlán",1912,6012,617,100,440,4195,32]
[null,null,null,"El Salto",21752,54672,5712,1414,4366,46351.000000000007,506]
[null,null,null,"Tlajomulco de Zúñiga",62568,173891,17230,4848,10628,128550,1196]
[null,null,null,"Tlaquepaque",62150,211337.00000000003,22992,7282,19863,187328.99999999997,1125]
[null,null,null,"Tonalá",53796,166216,18253,5981,13430,144524.99999999997,940]
[null,null,null,"Zapopan",103337,440181.99999999994,37961,21347,42266,414349.00000000017,3109]
[null,null,null,"Zapotlanejo",4496,23885,1353,625,2257,19376,292]

{"sheet":"FecZMG","index":7,"n_rows":25,"n_cols":12,"rows_kept":25,"cut":false,"hidden":true,"merged":[]}
["Clave","Región","Clave","Municipio","Promedio de hijos nacidos vivos de las mujeres entre 15 y 49 años","15-19 años","20-24 años","25-29 años","30-34 años","35-39 años","40-44 años","45-49 años"]
[null,null,null,"Jalisco",1.6908470837579384,0.13557844462985874,0.68066420224183166,1.3830174782020146,2.0697492412786889,2.5643401763802007,2.9667842445620223,3.3860886889724156]
[1,"Norte",null,"Norte",2.1010462261129499,0.19298675821481118,0.90332059947105492,1.8712006079027355,2.7775980590376061,3.3947930004268034,3.7713414634146343,4.5345672291780073]
[2,"Altos Norte",null,"Altos Norte",1.8300700591761974,0.11017372204472843,0.66751367176711041,1.4569092186801251,2.2114343707713124,2.8943426410703896,3.5074693621969764,4.2005523688124073]
[3,"Altos Sur",null,"Altos Sur",1.7703779842134864,8.6697918241846861E-2,0.53960288020946978,1.3201048057259714,2.1586809470124013,2.80427388346643,3.4943695615082748,4.1322322423751139]
[4,"Ciénega",null,"Ciénega",1.84113259067255,0.15144143677863464,0.76201978375891422,1.5453764293740497,2.2782196176922005,2.7774280904632951,3.3104188122210778,3.895839849859243]
[5,"Sureste",null,"Sureste",1.8732773885595504,0.16371681415929204,0.81262909412806139,1.5846956521739131,2.2971459537572256,2.8436977909782812,3.313906390639064,3.7575520833333331]
[6,"Sur",null,"Sur",1.6873384341590782,0.11877233550557074,0.65411059098888236,1.4216284074605452,2.0740317822818537,2.5867396831605709,2.9919328102552769,3.4656874845717107]
[7,"Sierra de Amula",null,"Sierra de Amula",1.7571465482817747,0.13340920586747598,0.71434257662199818,1.4623414164123976,2.1172199170124482,2.6888062345023025,3.1199191102123356,3.6250552364118427]
[8,"Costa Sur",null,"Costa Sur",2.0728955902325454,0.19502971366828742,0.95123160853033562,1.8490787926303411,2.5709452736318408,3.1184407796101947,3.6737044145873319,4.1957946477334787]
[9,"Sierra Occidental",null,"Sierra Occidental",1.7122066840483527,0.17740182089957876,0.78917822117010483,1.4478584016550455,2.0911808669656202,2.5451835448428586,2.9501551396256631,3.3235221063089915]
[10,"Valles",null,"Valles",1.8641278167317883,0.14436669998572041,0.76797883428204927,1.588026243849098,2.3306016017880427,2.8495261797645255,3.2417191977077362,3.6915456642692361]
[11,"Lagunas",null,"Lagunas",1.7968773656320969,0.14284283281578683,0.75351878532638816,1.5130311978431121,2.2219031993437244,2.711735769501054,3.1456591639871383,3.6742031134173461]
[12,"Centro",null,"Centro",1.6186232503611009,0.13433407734531416,0.65603159256747334,1.3180964861646307,1.97866478158258,2.4424514964143968,2.7859281742070849,3.1305873750913964]
[null,"ZMG",null,"ZMG",1.6,0.1,0.7,1.3,2,2.4,2.8,3.1]
[]
[12,"Centro",39,"Guadalajara",1.4212428391298737,0.10221287158684991,0.50765181370997903,1.0682375178202439,1.7013713196201372,2.165804707205981,2.4863760217983653,2.8171361709643237]
[12,"Centro",44,"Ixtlahuacán de los Membrillos",1.922497308934338,0.19216710182767624,0.95245901639344266,1.7613510520487266,2.3747841105354057,2.8336347197106693,3.1388888888888888,3.5867403314917126]
[12,"Centro",51,"Juanacatlán",1.8296511627906977,0.12440191387559808,0.64958677685950417,1.6549707602339181,2.2030651340996168,2.7366167023554602,3.515625,3.7142857142857144]
[12,"Centro",70,"El Salto",2.0090109534344145,0.21383647798742139,0.98320287018917152,1.863338644007789,2.4953670705630793,2.9769637462235647,3.4189695550351287,3.8720668595306975]
[12,"Centro",97,"Tlajomulco de Zúñiga",1.8855721840486384,0.18941553813257306,0.98518340059025478,1.7150416853876491,2.2483878672080246,2.6371782432509558,3.0503303198887344,3.5300335137922145]
[12,"Centro",98,"Tlaquepaque",1.7753503288187196,0.17481235515893603,0.80370851103282037,1.5043842325618138,2.1518509691769938,2.6092603728202044,2.9976579603889824,3.418235487044933]
[12,"Centro",101,"Tonalá",1.8607595926731217,0.1588487972508591,0.83997019235247539,1.6320822254039682,2.3198314083967375,2.8073595444091555,3.1630085653104927,3.5894335872805563]
[null,"Centro",120,"Zapopan",1.5281920687980179,0.11704336578391994,0.56566633859909587,1.1723923255419095,1.8602042900919304,2.358078248530306,2.7001232110700406,3.0068863197379838]
[null,"Centro",124,"Zapotlanejo",1.8588693037788127,0.10588592233009708,0.66024576552640324,1.5012048192771084,2.29071661237785,2.9533954727030625,3.5589171974522293,4.1144310235219326]

{"sheet":"MortZMG","index":8,"n_rows":25,"n_cols":11,"rows_kept":25,"cut":false,"hidden":true,"merged":[]}
["Clave","Región","Clave","Municipio","Porcentaje de hijos fallecidos por grupo de edad 15-19 años","20-24 años","25-29 años","30-34 años","35-39 años","40-44 años","45-49 años"]
[null,null,14,"Jalisco",1.8218360995850624,2.0655925585362276,2.1917243553217025,2.4758754648638934,3.0011390745556534,3.9321692361695533,5.1122743505699324]
[1,"Norte",null,"Norte",3.8510911424903727,5.2717747216764899,5.1203590371277032,5.9261421690264191,7.1807838179519594,8.3198051948051948,10.147378593863252]
[2,"Altos Norte",null,"Altos Norte",2.4412713035467526,2.2201665124884364,2.4087299826997293,2.8226429078780768,3.6265490762563677,4.8534469483086085,6.6653057058283141]
[3,"Altos Sur",null,"Altos Sur",1.5402843601895735,2.2297228188605911,2.3298979143261858,2.6389207995536155,3.6454325966411081,4.9099353697196078,6.2016844081108449]
[4,"Ciénega",null,"Ciénega",1.3850415512465373,1.8867924528301887,2.1920172599784253,2.3756564720420141,3.1323892770796244,4.3280895358847928,5.8113207547169807]
[5,"Sureste",null,"Sureste",1.2875536480686696,2.4045521292217327,2.23031909020647,2.6542380914764201,3.7665400235818156,4.5584627964022895,5.781792911744267]
[6,"Sur",null,"Sur",1.1933174224343674,2.2624434389140271,1.9968203497615262,2.1824571137929438,2.8947468522956368,3.8988017954520164,5.4268838374798634]
[7,"Sierra de Amula",null,"Sierra de Amula",1.7224880382775118,1.6598284222305111,2.2807404142794181,2.5908010166434368,2.9776838769312031,4.2018443953760229,5.1875840156421846]
[8,"Costa Sur",null,"Costa Sur",2.4630541871921183,1.8739054290718038,2.232905982905983,2.9700654817586529,3.3487218355956729,5.245579567779961,6.3644688644688641]
[9,"Sierra Occidental",null,"Sierra Occidental",1.5485869144405731,2.203404475935367,2.2231722958529287,2.2899235357700465,2.9659305144088339,3.7088801772626558,4.953292150067802]
[10,"Valles",null,"Valles",2.6013006503251628,1.7230443974630021,1.9603321033210335,2.2319633234134963,2.6827949722935531,3.8449203577664544,5.2372674483115729]
[11,"Lagunas",null,"Lagunas",2.2711142654364798,2.4166048925129724,2.4211423699914745,2.9245926017721047,3.459955187327393,4.6934374037177777,6.6561738424045487]
[12,"Centro",null,"Centro",1.7560477994753714,1.9766557846250168,2.1125128836120455,2.3711927127810988,2.7687759528682987,3.5344063792085061,4.4811771700668155]
[null,"ZMG",null,"ZMG",1.7,2,2.1,2.4,2.8,3.5,4.4000000000000004]
[]
[12,"Centro",39,"Guadalajara",1.5717092337917484,1.8574786447285445,1.8463866818009835,1.9751932254242262,2.4133506660138773,3.0539611505658786,3.6279730209442667]
[12,"Centro",44,"Ixtlahuacán de los Membrillos",3.6516853932584268,1.9093078758949882,2.1845451581349851,2.9775422659601314,3.7946918183812239,4.6418767157474425,4.4971892567145533]
[12,"Centro",51,"Juanacatlán",0,2.5706940874035991,1.3268998793727382,1.3599274705349047,1.4434643143544506,4.0212443095599388,4.9403747870528107]
[12,"Centro",70,"El Salto",1.7265193370165748,2.5111799105607155,2.2217891249269148,2.8554778554778557,3.4701952390218587,4.7639152768981781,6.1853024210796477]
[12,"Centro",97,"Tlajomulco de Zúñiga",1.8023817186997102,2.2155651251326218,2.5266587677725121,2.7198235790110914,3.1981485563147456,4.3812563470187147,5.3608476585655005]
[12,"Centro",98,"Tlaquepaque",1.7647058823529411,2.1497789067645123,2.3017562533262375,2.6165778899168304,3.0790762771168647,3.8486582816409065,5.1161349063365682]
[12,"Centro",101,"Tonalá",2.0598736610821202,1.9889379294932679,2.1485728687543317,2.384903513346925,2.9791654416808764,3.591248325572495,4.9784552657183889]
[12,"Centro",120,"Zapopan",1.5574013645802431,1.8232060793560207,2.0630493990247403,2.2926237805488503,2.5478039321397206,3.3393694077545804,4.4164572332194387]
[12,"Centro",124,"Zapotlanejo",2.5936599423631126,1.1651469098277609,1.9935344827586208,3.0843287573542519,3.1363088057901085,4.4464473486555507,5.9947196769684732]

{"sheet":"PobInd.ZMG","index":9,"n_rows":36,"n_cols":5,"rows_kept":36,"cut":false,"hidden":true,"merged":[]}
["Clave","Región","Clave","Municipio","Población de 5 años y más que habla alguna lengua indígena"]
[null,null,14,"Jalisco",55056.999999999993]
[1,"Norte",1,"Norte",17633.000000000004]
[2,"Altos Norte",2,"Altos Norte",333]
[3,"Altos Sur",3,"Altos Sur",624]
[4,"Ciénega",4,"Ciénega",622]
[5,"Sureste",5,"Sureste",352]
[6,"Sur",6,"Sur",1051.0000000000002]
[7,"Sierra de Amula",7,"Sierra de Amula",1363.9999999999998]
[8,"Costa Sur",8,"Costa Sur",1600.9999999999998]
[9,"Costa-Sierra Occidental",9,"Costa-Sierra Occidental",2457.0000000000014]
[10,"Valles",10,"Valles",874.00000000000011]
[11,"Lagunas",11,"Lagunas",352]
[12,"Centro",12,"Centro",27793.999999999989]
[1,"ZMG",null,"ZMG",27694.999999999989]
[2,"Centro",39,"Guadalajara",4531]
[3,"Centro",44,"Ixtlahuacán de los Membrillos",251]
[4,"Centro",51,"Juanacatlán",31]
[5,"Centro",70,"El Salto",581.00000000000011]
[6,"Centro",97,"Tlajomulco de Zúñiga",2727]
[7,"Centro",98,"Tlaquepaque",4281.0000000000027]
[8,"Centro",101,"Tonalá",2445.0000000000005]
[9,"Centro",120,"Zapopan",12716.999999999985]
[10,"Centro",124,"Zapotlanejo",131.00000000000003]
[null,null,null,null,{"$f":"SUM(E16:E24)","v":27694.999999999989}]
[null,null,"pob total"]
[1,"ZMG",{"$f":"SUM(C28:C36)","v":4865122}]
[2,"Guadalajara",1460148]
[3,"Ixtlahuacán de los Membrillos",53045]
[4,"Juanacatlán",17955]
[5,"El Salto",183437]
[6,"Tlajomulco de Zúñiga",549442]
[7,"Tlaquepaque",664193]
[8,"Tonalá",536111]
[9,"Zapopan",1332272]
[10,"Zapotlanejo",68519]

{"sheet":"Indig","index":10,"n_rows":139,"n_cols":7,"rows_kept":139,"cut":false,"hidden":true,"merged":[]}
["Clave","Región","Clave","Municipio","Población de 5 años y más que habla alguna lengua indígena","% de la población estatal que habla alguna lengua indígena","Población en hogares censales indígenas"]
[null,null,14,"Jalisco",55056.999999999993]
[1,"Norte",1,"Norte",17633.000000000004]
[2,"Altos Norte",2,"Altos Norte",333]
[3,"Altos Sur",3,"Altos Sur",624]
[4,"Ciénega",4,"Ciénega",622]
[5,"Sureste",5,"Sureste",352]
[6,"Sur",6,"Sur",1051.0000000000002]
[7,"Sierra de Amula",7,"Sierra de Amula",1363.9999999999998]
[8,"Costa Sur",8,"Costa Sur",1600.9999999999998]
[9,"Costa-Sierra Occidental",9,"Costa-Sierra Occidental",2457.0000000000014]
[10,"Valles",10,"Valles",874.00000000000011]
[11,"Lagunas",11,"Lagunas",352]
[12,"Centro",12,"Centro",27793.999999999989]
[3,"Altos Sur",1,"Acatic",23]
[12,"Centro",2,"Acatlán de Juárez",26]
[11,"Valles",3,"Ahualulco de Mercado",17]
[6,"Sur",4,"Amacueca",4]
[11,"Valles",5,"Amatitán",4]
[11,"Valles",6,"Ameca",190]
[11,"Valles",7,"San Juanito de Escobedo",156]
[3,"Altos Sur",8,"Arandas",6]
[11,"Valles",9,"El Arenal",7]
[6,"Sur",10,"Atemajac de Brizuela",5]
[7,"Sierra de Amula",11,"Atengo",25]
[10,"Sierra Occidental",12,"Atenguillo",13]
[4,"Ciénega",13,"Atotonilco el Alto",1025.9999999999998]
[6,"Sur",14,"Atoyac",42]
[8,"Costa Sur",15,"Autlán de Navarro",24]
[4,"Ciénega",16,"Ayotlán",3878.0000000000009]
[10,"Sierra Occidental",17,"Ayutla",19.000000000000004]
[4,"Ciénega",18,"La Barca",5]
[1,"Norte",19,"Bolaños",72]
[9,"Costa Norte",20,"Cabo Corrientes",129]
[8,"Costa Sur",21,"Casimiro Castillo",96]
[8,"Costa Sur",22,"Cihuatlán",2]
[6,"Sur",23,"Zapotlán el Grande",614.99999999999977]
[11,"Valles",24,"Cocula",38]
[1,"Norte",25,"Colotlán",268.00000000000011]
[5,"Sureste",26,"Concepción de Buenos Aires",6]
[8,"Costa Sur",27,"Cuautitlán de García Barragán",210]
[10,"Sierra Occidental",28,"Cuautla",1]
[12,"Centro",29,"Cuquío",15]
[4,"Ciénega",30,"Chapala",27.000000000000007]
[1,"Norte",31,"Chimaltitán",0]
[7,"Sierra de Amula",32,"Chiquilistlán",20]
[4,"Ciénega",33,"Degollado",109]
[7,"Sierra de Amula",34,"Ejutla",0]
[2,"Altos Norte",35,"Encarnación de Díaz",4531]
[11,"Valles",36,"Etzatlán",34]
[7,"Sierra de Amula",37,"El Grullo",11]
[10,"Sierra Occidental",38,"Guachinango",32]
[12,"Centro",39,"Guadalajara",2]
[11,"Valles",40,"Hostotipaquillo",251]
[1,"Norte",41,"Huejúcar",29]
[1,"Norte",42,"Huejuquilla el Alto",23]
[8,"Costa Sur",43,"La Huerta",793.99999999999989]
[12,"Centro",44,"Ixtlahuacán de los Membrillos",31]
[12,"Centro",45,"Ixtlahuacán del Río",39]
[3,"Altos Sur",46,"Jalostotitlán",56.000000000000007]
[4,"Ciénega",47,"Jamay",77]
[3,"Altos Sur",48,"Jesús María",32]
[5,"Sureste",49,"Jilotlán de los Dolores",14]
[4,"Ciénega",50,"Jocotepec",105]
[12,"Centro",51,"Juanacatlán",581.00000000000011]
[7,"Sierra de Amula",52,"Juchitlán",4]
[2,"Altos Norte",53,"Lagos de Moreno",47]
[7,"Sierra de Amula",54,"El Limón",58]
[11,"Valles",55,"Magdalena",1]
[5,"Sureste",56,"Santa María del Oro",68]
[5,"Sureste",57,"La Manzanilla de la Paz",36]
[10,"Sierra Occidental",58,"Mascota",13]
[5,"Sureste",59,"Mazamitla",36]
[3,"Altos Sur",60,"Mexticacán",5]
[1,"Norte",61,"Mezquitic",12115.000000000004]
[10,"Sierra Occidental",62,"Mixtlán",2]
[4,"Ciénega",63,"Ocotlán",213]
[2,"Altos Norte",64,"Ojuelos de Jalisco",48]
[5,"Sureste",65,"Pihuamo",7]
[4,"Ciénega",66,"Poncitlán",155]
[9,"Costa Norte",67,"Puerto Vallarta",2379.0000000000014]
[8,"Costa Sur",68,"Villa Purificación",5]
[5,"Sureste",69,"Quitupan",45]
[12,"Centro",70,"El Salto",6]
[12,"Centro",71,"San Cristóbal de la Barranca",184.00000000000003]
[2,"Altos Norte",72,"San Diego de Alejandría",73]
[2,"Altos Norte",73,"San Juan de los Lagos",65]
[3,"Altos Sur",74,"San Julián",14]
[11,"Valles",75,"San Marcos",64]
[1,"Norte",76,"San Martín de Bolaños",3]
[11,"Valles",77,"San Martín Hidalgo",90]
[3,"Altos Sur",78,"San Miguel el Alto",24]
[6,"Sur",79,"Gómez Farías",9]
[10,"Sierra Occidental",80,"San Sebastián del Oeste",2727]
[1,"Norte",81,"Santa María de los Ángeles",5]
[6,"Sur",82,"Sayula",3]
[11,"Valles",83,"Tala",1]
[10,"Sierra Occidental",84,"Talpa de Allende",148]
[5,"Sureste",85,"Tamazula de Gordiano",476.00000000000011]
[6,"Sur",86,"Tapalpa",32]
[5,"Sureste",87,"Tecalitlán",64]
[7,"Sierra de Amula",88,"Tecolotlán",15]
[6,"Sur",89,"Techaluta de Montenegro",16]
[7,"Sierra de Amula",90,"Tenamaxtlán",1]
[2,"Altos Norte",91,"Teocaltiche",12]
[6,"Sur",92,"Teocuitatlán de Corona",6]
[3,"Altos Sur",93,"Tepatitlán de Morelos",65]
[11,"Valles",94,"Tequila",8]
[11,"Valles",95,"Teuchitlán",191]
[4,"Ciénega",96,"Tizapán el Alto",60]
[12,"Centro",97,"Tlajomulco de Zúñiga",14]
[12,"Centro",98,"Tlaquepaque",41.000000000000007]
[6,"Sur",99,"Tolimán",4281.0000000000027]
[9,"Costa Norte",100,"Tomatlán",33]
[12,"Centro",101,"Tonalá",621]
[7,"Sierra de Amula",102,"Tonaya",2445.0000000000005]
[6,"Sur",103,"Tonila",4]
[1,"Norte",104,"Totatiche",11]
[4,"Ciénega",105,"Tototlán",47]
[7,"Sierra de Amula",106,"Tuxcacuesco",10]
[4,"Ciénega",107,"Tuxcueca",149]
[6,"Sur",108,"Tuxpan",15]
[2,"Altos Norte",109,"Unión de San Antonio",199.00000000000009]
[7,"Sierra de Amula",110,"Unión de Tula",28]
[3,"Altos Sur",111,"Valle de Guadalupe",20]
[5,"Sureste",112,"Valle de Juárez",2]
[6,"Sur",113,"San Gabriel",13]
[12,"Centro",114,"Villa Corona",27]
[1,"Norte",115,"Villa Guerrero",319]
[2,"Altos Norte",116,"Villa Hidalgo",19]
[3,"Altos Sur",117,"Cañadas de Obregón",25]
[3,"Altos Sur",118,"Yahualica de González Gallo",8]
[6,"Sur",119,"Zacoalco de Torres",42]
[12,"Centro",120,"Zapopan",12716.999999999985]
[6,"Sur",121,"Zapotiltic",325.00000000000006]
[6,"Sur",122,"Zapotitlán de Vadillo",15]
[4,"Ciénega",123,"Zapotlán del Rey",26]
[12,"Centro",124,"Zapotlanejo",151.00000000000003]
[3,"Altos Sur",125,"San Ignacio Cerro Gordo",131.00000000000003]

{"sheet":"Indig (2)","index":11,"n_rows":140,"n_cols":7,"rows_kept":140,"cut":false,"hidden":true,"merged":[]}
["Clave","Región","Clave","Municipio","Población de 5 años y más que habla alguna lengua indígena","% de la población estatal que habla alguna lengua indígena","Población en hogares censales indígenas"]
[null,null,14,"Jalisco",51702,0.70336330696934002,87638]
[2,"Altos Norte",35,"Encarnación de Díaz",84,0.1634368433341116,165]
[2,"Altos Norte",53,"Lagos de Moreno",210,0.13652587165267818,534]
[2,"Altos Norte",64,"Ojuelos de Jalisco",31,0.10300029903312623,87]
[2,"Altos Norte",72,"San Diego de Alejandría",7,0.10531066646607493,24]
[2,"Altos Norte",73,"San Juan de los Lagos",117,0.17939557490915223,215]
[2,"Altos Norte",91,"Teocaltiche",117,0.29173419773095621,237]
[2,"Altos Norte",109,"Unión de San Antonio",25,0.14430014430014429,56]
[2,"Altos Norte",116,"Villa Hidalgo",38,0.20308909197798086,67]
[null,"T.Altos Norte",null,null,{"$f":"SUBTOTAL(9,E3:E10)","v":629}]
[3,"Altos Sur",1,"Acatic",35,0.16504762802980288,59]
[3,"Altos Sur",8,"Arandas",240,0.32961599736307201,506]
[3,"Altos Sur",46,"Jalostotitlán",67,0.20971578815575309,198]
[3,"Altos Sur",48,"Jesús María",27,0.14489642588816143,62]
[3,"Altos Sur",60,"Mexticacán",9,0.14915478952601924,23]
[3,"Altos Sur",74,"San Julián",21,0.13588714895819853,37]
[3,"Altos Sur",78,"San Miguel el Alto",103,0.33048835269203619,195]
[3,"Altos Sur",93,"Tepatitlán de Morelos",243,0.17851501950441881,560]
[3,"Altos Sur",111,"Valle de Guadalupe",10,0.14914243102162567,21]
[3,"Altos Sur",117,"Cañadas de Obregón",3,7.2254335260115612E-2,10]
[3,"Altos Sur",118,"Yahualica de González Gallo",28,0.12565069107880095,86]
[3,"Altos Sur",125,"San Ignacio Cerro Gordo",54,0.30636559627822535,101]
[null,"T.Altos Sur",null,null,{"$f":"SUBTOTAL(9,E12:E23)","v":840}]
[12,"Centro",29,"Cuquío",23,0.12924978926664793,53]
[12,"Centro",39,"Guadalajara",5471,0.36590691879086856,9844]
[12,"Centro",44,"Ixtlahuacán de los Membrillos",150,0.36531904529956161,323]
[12,"Centro",45,"Ixtlahuacán del Río",16,8.4188371481189156E-2,36]
[12,"Centro",51,"Juanacatlán",24,0.18157058556513844,46]
[12,"Centro",70,"El Salto",476,0.34436357848740468,1252]
[12,"Centro",71,"San Cristóbal de la Barranca",37,1.1649874055415617,48]
[12,"Centro",97,"Tlajomulco de Zúñiga",2035,0.48844767249283533,4280]
[12,"Centro",98,"San Pedro Tlaquepaque",3175,0.52210605248358033,7339]
[12,"Centro",101,"Tonalá",1719,0.35910580773738271,3389]
[12,"Centro",120,"Zapopan",12339,0.99207561611763084,22155]
[12,"Centro",124,"Zapotlanejo",118,0.18542963102646301,250]
[null,"T.Centro",null,null,{"$f":"SUBTOTAL(9,E25:E36)","v":25583}]
[4,"Ciénega",13,"Atotonilco el Alto",122,0.21137619765407073,285]
[4,"Ciénega",16,"Ayotlán",59,0.15408320493066255,169]
[4,"Ciénega",18,"La Barca",107,0.16648773125457064,244]
[4,"Ciénega",33,"Degollado",70,0.33125118303993945,137]
[4,"Ciénega",47,"Jamay",64,0.27970805471788818,146]
[4,"Ciénega",63,"Ocotlán",195,0.20975184742973313,482]
[4,"Ciénega",66,"Poncitlán",61,0.12601222938357295,124]
[4,"Ciénega",105,"Tototlán",14,6.401170499748525E-2,40]
[4,"Ciénega",123,"Zapotlán del Rey",8,4.5493318168893945E-2,21]
[null,"T.Ciénega",null,null,{"$f":"SUBTOTAL(9,E38:E46)","v":700}]
[8,"Costa Sur",21,"Casimiro Castillo",34,0.15832363213038417,66]
[8,"Costa Sur",22,"Cihuatlán",398,1.0199897488467453,721]
[8,"Costa Sur",27,"Cuautitlán de García Barragán",150,0.86595081399376517,279]
[8,"Costa Sur",43,"La Huerta",67,0.28598258494109613,135]
[8,"Costa Sur",68,"Villa Purificación",14,0.12045083025036565,35]
[9,"Costa Sur",100,"Tomatlán",290,0.82738944365192579,482]
[null,"T.Costa Sur",null,null,{"$f":"SUBTOTAL(9,E48:E53)","v":953}]
[10,"Costa-Sierra Occidental",12,"Atenguillo",13,0.31591737545565007,41]
[9,"Costa-Sierra Occidental",20,"Cabo Corrientes",21,0.20939276099311996,50]
[10,"Costa-Sierra Occidental",38,"Guachinango",6,0.13879250520471895,18]
[10,"Costa-Sierra Occidental",58,"Mascota",15,0.10530010530010531,34]
[10,"Costa-Sierra Occidental",62,"Mixtlán",2,5.5959709009513151E-2,0]
[9,"Costa-Sierra Occidental",67,"Puerto Vallarta",2389,0.93436743442023462,5070]
[10,"Costa-Sierra Occidental",80,"San Sebastián del Oeste",2,3.4752389226759342E-2,1]
[10,"Costa-Sierra Occidental",84,"Talpa de Allende",23,0.15961138098542679,63]
[null,"T.Costa-Sierra Occidental",null,null,{"$f":"SUBTOTAL(9,E55:E62)","v":2471}]
[12,"Lagunas",2,"Acatlán de Juárez",503,2.1642786454971819,71]
[6,"Lagunas",4,"Amacueca",4,7.2137060414788096E-2,15]
[6,"Lagunas",10,"Atemajac de Brizuela",9,0.135236664162284,19]
[6,"Lagunas",14,"Atoyac",43,0.51957467375543742,23]
[11,"Lagunas",24,"Cocula",29,0.11079697409643158,59]
[11,"Lagunas",77,"San Martín Hidalgo",37,0.14065232266403102,64]
[6,"Lagunas",82,"Sayula",123,0.35315398087800398,314]
[6,"Lagunas",86,"Tapalpa",25,0.13815207780725022,55]
[6,"Lagunas",89,"Techaluta de Montenegro",3,8.5445741953859303E-2,1]
[6,"Lagunas",92,"Teocuitatlán de Corona",16,0.14764233643997415,41]
[12,"Lagunas",114,"Villa Corona",26,0.15322057870233957,69]
[6,"Lagunas",119,"Zacoalco de Torres",43,0.15411633991613205,87]
[null,"T.Lagunas",null,null,{"$f":"SUBTOTAL(9,E64:E75)","v":861}]
[1,"Norte",19,"Bolaños",3777,55.381231671554254,4485]
[1,"Norte",25,"Colotlán",271,1.4979824221988833,447]
[1,"Norte",31,"Chimaltitán",45,1.1933174224343674,87]
[1,"Norte",41,"Huejúcar",14,0.23011176857330704,31]
[1,"Norte",42,"Huejuquilla el Alto",494,5.6257829404395858,631]
[1,"Norte",61,"Mezquitic",11591,64.09533289095333,13930]
[1,"Norte",76,"San Martín de Bolaños",96,2.8193832599118944,179]
[1,"Norte",81,"Santa María de los Ángeles",2,5.3676865271068172E-2,0]
[1,"Norte",104,"Totatiche",36,0.81172491544532133,60]
[1,"Norte",115,"Villa Guerrero",260,4.6115643845335228,341]
[null,"T.Norte",null,null,{"$f":"SUBTOTAL(9,E77:E86)","v":16586}]
[7,"Sierra de Amula",11,"Atengo",4,7.407407407407407E-2,5]
[8,"Sierra de Amula",15,"Autlán de Navarro",575,0.99897496481870773,932]
[10,"Sierra de Amula",17,"Ayutla",14,0.11054958938723942,49]
[10,"Sierra de Amula",28,"Cuautla",0,0,0]
[7,"Sierra de Amula",32,"Chiquilistlán",7,0.12039903680770554,21]
[7,"Sierra de Amula",34,"Ejutla",0,0,0]
[7,"Sierra de Amula",37,"El Grullo",142,0.59551268609771446,181]
[7,"Sierra de Amula",52,"Juchitlán",9,0.16319129646418859,18]
[7,"Sierra de Amula",54,"El Limón",8,0.14548099654482632,27]
[7,"Sierra de Amula",88,"Tecolotlán",20,0.12067821154890485,51]
[7,"Sierra de Amula",90,"Tenamaxtlán",17,0.24110055311303361,41]
[7,"Sierra de Amula",102,"Tonaya",9,0.15177065767284992,28]
[7,"Sierra de Amula",106,"Tuxcacuesco",47,1.1100614076523383,72]
[7,"Sierra de Amula",110,"Unión de Tula",13,9.463492756788236E-2,41]
[null,"T.Sierra de Amula",null,null,{"$f":"SUBTOTAL(9,E88:E101)","v":865}]
[6,"Sur",23,"Zapotlán el Grande",214,0.21286330992500049,496]
[5,"Sur",49,"Jilotlán de los Dolores",10,0.10476689366160294,28]
[5,"Sur",65,"Pihuamo",14,0.11552108259757406,27]
[6,"Sur",79,"Gómez Farías",5,3.5686246520590964E-2,7]
[5,"Sur",85,"Tamazula de Gordiano",99,0.26062233454430578,197]
[5,"Sur",87,"Tecalitlán",24,0.14245859796996499,49]
[6,"Sur",99,"Tolimán",26,0.27108747784381193,36]
[6,"Sur",103,"Tonila",9,0.12403528114663727,21]
[6,"Sur",108,"Tuxpan",187,0.54707155813000996,302]
[6,"Sur",113,"San Gabriel",524,3.4225996080992815,694]
[6,"Sur",121,"Zapotiltic",36,0.12332145793368046,82]
[6,"Sur",122,"Zapotitlán de Vadillo",15,0.22438294689603591,25]
[null,"T.Sur",null,null,{"$f":"SUBTOTAL(9,E103:E114)","v":1163}]
[5,"Sureste",26,"Concepción de Buenos Aires",9,0.15169391538850496,11]
[4,"Sureste",30,"Chapala",135,0.27641843608591493,310]
[4,"Sureste",50,"Jocotepec",76,0.18024855326819086,119]
[5,"Sureste",56,"Santa María del Oro",2,7.9459674215335716E-2,2]
[5,"Sureste",57,"La Manzanilla de la Paz",3,7.9893475366178426E-2,7]
[5,"Sureste",59,"Mazamitla",23,0.17391304347826086,74]
[5,"Sureste",69,"Quitupan",7,8.0543090553446092E-2,16]
[4,"Sureste",96,"Tizapán el Alto",35,0.16780936855731887,86]
[4,"Sureste",107,"Tuxcueca",10,0.15832805573147563,22]
[5,"Sureste",112,"Valle de Juárez",14,0.24146257330113832,43]
[null,"T.Sureste",null,null,{"$f":"SUBTOTAL(9,E116:E125)","v":314}]
[11,"Valles",3,"Ahualulco de Mercado",17,7.8290503822418714E-2,65]
[11,"Valles",5,"Amatitán",20,0.13653741125068269,41]
[11,"Valles",6,"Ameca",152,0.26508545517963028,349]
[11,"Valles",7,"San Juanito de Escobedo",25,0.28102517985611508,39]
[11,"Valles",9,"El Arenal",25,0.14249073810202337,58]
[11,"Valles",36,"Etzatlán",21,0.11270931730356376,66]
[11,"Valles",40,"Hostotipaquillo",70,0.68066900038895373,79]
[11,"Valles",55,"Magdalena",60,0.28141269171239625,140]
[11,"Valles",75,"San Marcos",1,2.6581605528973949E-2,4]
[11,"Valles",83,"Tala",263,0.38098825165505351,552]
[11,"Valles",94,"Tequila",75,0.18428876821387327,190]
[11,"Valles",95,"Teuchitlán",8,8.8028169014084501E-2,25]
[null,"T.Valles",null,null,{"$f":"SUBTOTAL(9,E127:E138)","v":737}]
[null,"T.general",null,null,{"$f":"SUBTOTAL(9,E2:E138)","v":103404}]

{"sheet":"grapobZMG","index":12,"n_rows":64,"n_cols":55,"rows_kept":64,"cut":false,"hidden":true,"merged":[]}
[null,null,null,null,null,null,null,null,1,2,3,4,5,6,7,8,9,10,11,12,13,14,15,16,17,18,19,20,21,22,23,24,25,26,27,28,29,30,31,32,33,34,35,36,37,38,39,40,41,42,43,44]
[null,null,{"$f":"VLOOKUP(DatosAM!E$142,grapobZMG!G$3:BD$12,1,FALSE)","v":1},null,null,null,null,null,1,2,3,4,5,6,7,8,9,10,11,12,13,14,15,16,17,18,19,20,21,null,null,1,2,3,4,5,6,7,8,9,10,11,12,13,14,15,16,17,18,19,20,21]
[null,null,"hombres","mujeres",{"$f":"SUM(E4:E24)","v":4863036},null,1,null,{"$f":"SUM(I4:I12)","v":-215320},{"$f":"SUM(J4:J12)","v":-222255},-224912,-222478,-229894,-195967,-189175,-168097,-167946,-129517,-113538,-85609,-72042,-52338,-36849,-22974,-14302,-7095,-2829,-808,-142,null,null,{"$f":"SUM(AF4:AF12)","v":210213},{"$f":"SUM(AG4:AG12)","v":217166},225987,217671,225130,204071,198684,182706,175554,144423,129456,100724,85145,63352,43901,28573,18980,10800,4596,1680,137,null,null,"                           Miles de personas"]
[1,"0 - 4 años",{"$f":"VLOOKUP(DatosAM!E$142,grapobZMG!G$3:BB$12,3,FALSE)","v":-215320},{"$f":"VLOOKUP(DatosAM!E$142,grapobZMG!G$3:BB$12,26,FALSE)","v":210213},{"$f":"-C4+D4","v":425533},{"$f":"IFERROR(E4/$E$3,\"\")","v":8.7503567730117568E-2},2,39,-50167,-54549,-59773,-65260,-69919,-59944,-54412,-45350,-48872,-41293,-36608,-30485,-28207,-21006,-16156,-10095,-6549,-3386,-1466,-374,-78,{"$f":"SUM(I4:AC4)","v":-703949},{"$f":"SUM(I4:AC4)*-1/(SUM(I4:AC4)*-1+SUM(AF4:AZ4))","v":0.48232169762131027},49242,54417,58265,62084,66626,58732,56554,49758,52647,47783,46607,37361,35719,27679,20047,13663,9195,5613,2669,817,74,{"$f":"SUM(AF4:AZ4)","v":755552},{"$f":"BA4/(-AD4+BA4)","v":0.51767830237868973},"                           Miles de personas"]
[2,"5 - 9 años",{"$f":"VLOOKUP(DatosAM!E$142,grapobZMG!G$3:BB$12,4,FALSE)","v":-222255},{"$f":"VLOOKUP(DatosAM!E$142,grapobZMG!G$3:BB$12,27,FALSE)","v":217166},{"$f":"-C5+D5","v":439421},{"$f":"IFERROR(E5/$E$3,\"\")","v":9.0359396887047513E-2},3,44,-3100,-3230,-2693,-2181,-2012,-2087,-2189,-1981,-1721,-1308,-1169,-729,-620,-392,-317,-217,-124,-62,-25,-5,0,{"$f":"SUM(I5:AC5)","v":-26162},0.4937344304370801,2979,3093,2622,2286,2342,2342,2320,2158,1722,1450,1122,760,529,444,286,168,110,55,29,9,0,{"$f":"SUM(AF5:AZ5)","v":26826},{"$f":"BA5/(-AD5+BA5)","v":0.5062655695629199},"                           Miles de personas"]
[3,"10 - 14 años",{"$f":"VLOOKUP(DatosAM!E$142,grapobZMG!G$3:BB$12,5,FALSE)","v":-224912},{"$f":"VLOOKUP(DatosAM!E$142,grapobZMG!G$3:BB$12,28,FALSE)","v":225987},450899,9.2719650851854685E-2,4,51,-1058,-937,-860,-709,-877,-787,-782,-606,-535,-388,-354,-275,-229,-218,-138,-94,-42,-43,-19,-10,0,-8961,0.49941481357632506,1038,910,865,825,879,845,695,607,547,416,358,295,228,180,108,93,50,19,17,7,0,8982,0.500585186423675,"                       Cientos de personas"]
[4,"15 - 19 años",{"$f":"VLOOKUP(DatosAM!E$142,grapobZMG!G$3:BB$12,6,FALSE)","v":-222478},{"$f":"VLOOKUP(DatosAM!E$142,grapobZMG!G$3:BB$12,29,FALSE)","v":217671},440149,9.050909760898336E-2,5,70,-10001,-10018,-9926,-9584,-8415,-6889,-6843,-6582,-6257,-4327,-3955,-2807,-2032,-1336,-940,-764,-268,-128,-93,-10,0,-91175,0.4973299368894174,9929,10286,10197,8753,8668,6755,7630,7228,5976,4494,4195,2738,1972,1320,823,560,405,163,33,20,9,92154,0.5026700631105826,"                           Miles de personas"]
[5,"20 - 24 años",{"$f":"VLOOKUP(DatosAM!E$142,grapobZMG!G$3:BB$12,7,FALSE)","v":-229894},{"$f":"VLOOKUP(DatosAM!E$142,grapobZMG!G$3:BB$12,30,FALSE)","v":225130},455024,9.3567886398537872E-2,6,97,-30346,-32483,-30585,-24477,-20803,-19441,-23755,-24498,-21514,-12683,-10376,-5691,-4966,-3466,-2157,-1273,-603,-299,-118,-31,0,-269565,0.49081960765748872,31640,31536,29541,24141,22056,23309,27478,24948,21308,13226,9676,7360,5277,3313,2130,1281,869,364,139,37,20,279649,0.50918039234251133,"                           Miles de personas"]
[6,"25 - 29 años",{"$f":"VLOOKUP(DatosAM!E$142,grapobZMG!G$3:BB$12,8,FALSE)","v":-195967},{"$f":"VLOOKUP(DatosAM!E$142,grapobZMG!G$3:BB$12,31,FALSE)","v":204071},400038,8.2260957969465989E-2,7,98,-32110,-33201,-32403,-32740,-30755,-26982,-25512,-23781,-23872,-16793,-14278,-11179,-8622,-6421,-4257,-2604,-1785,-935,-370,-57,-16,-328673,0.49503791786846602,29503,31962,32680,30946,29662,26606,26556,25774,23616,18917,16609,12889,9393,7013,5471,3479,2196,1283,480,204,23,335262,0.50496208213153393,"                           Miles de personas"]
[7,"30 - 34 años",{"$f":"VLOOKUP(DatosAM!E$142,grapobZMG!G$3:BB$12,9,FALSE)","v":-189175},{"$f":"VLOOKUP(DatosAM!E$142,grapobZMG!G$3:BB$12,32,FALSE)","v":198684},387859,7.9756555369937629E-2,8,101,-28186,-27198,-27599,-25489,-25250,-20464,-20903,-17380,-18896,-15364,-11703,-8069,-6050,-4054,-2389,-1888,-973,-393,-154,-12,-27,-262441,0.48976396467681377,28198,26297,29110,26225,24905,23613,21458,19792,19136,15097,12008,9497,6868,4689,2852,1685,1291,525,141,18,6,273411,0.51023603532318629,"                           Miles de personas"]
[8,"35 - 39 años",{"$f":"VLOOKUP(DatosAM!E$142,grapobZMG!G$3:BB$12,10,FALSE)","v":-168097},{"$f":"VLOOKUP(DatosAM!E$142,grapobZMG!G$3:BB$12,33,FALSE)","v":182706},350803,7.2136624117115314E-2,9,120,-56977,-57026,-57640,-58698,-68695,-56812,-52521,-45757,-43994,-35597,-33642,-25328,-20332,-14740,-9877,-5665,-3636,-1676,-518,-293,-21,-649445,0.48766101873092271,54285,55473,59204,58972,66996,58995,53500,50030,48275,41252,37312,28560,24162,17774,11503,7228,4656,2618,980,535,0,682310,0.51233898126907729,"                           Miles de personas"]
[9,"40 - 44 años",{"$f":"VLOOKUP(DatosAM!E$142,grapobZMG!G$3:BB$12,11,FALSE)","v":-167946},{"$f":"VLOOKUP(DatosAM!E$142,grapobZMG!G$3:BB$12,34,FALSE)","v":175554},343500,7.0634887341981423E-2,10,124,-3375,-3613,-3433,-3340,-3168,-2561,-2258,-2162,-2285,-1764,-1453,-1046,-984,-705,-618,-374,-322,-173,-66,-16,0,-33716,0.49206789357696407,3399,3192,3503,3439,2996,2874,2493,2411,2327,1788,1569,1264,997,940,681,416,208,160,108,33,5,34803,0.50793210642303599,"                           Miles de personas"]
[10,"45 - 49 años",{"$f":"VLOOKUP(DatosAM!E$142,grapobZMG!G$3:BB$12,12,FALSE)","v":-129517},{"$f":"VLOOKUP(DatosAM!E$142,grapobZMG!G$3:BB$12,35,FALSE)","v":144423},273940,5.6331065614155434E-2]
[11,"50 - 54 años",{"$f":"VLOOKUP(DatosAM!E$142,grapobZMG!G$3:BB$12,13,FALSE)","v":-113538},{"$f":"VLOOKUP(DatosAM!E$142,grapobZMG!G$3:BB$12,36,FALSE)","v":129456},242994,4.9967551134723245E-2]
[12,"55 - 59 años",{"$f":"VLOOKUP(DatosAM!E$142,grapobZMG!G$3:BB$12,14,FALSE)","v":-85609},{"$f":"VLOOKUP(DatosAM!E$142,grapobZMG!G$3:BB$12,37,FALSE)","v":100724},186333,3.8316187665483045E-2]
[13,"60 - 64 años",{"$f":"VLOOKUP(DatosAM!E$142,grapobZMG!G$3:BB$12,15,FALSE)","v":-72042},{"$f":"VLOOKUP(DatosAM!E$142,grapobZMG!G$3:BB$12,38,FALSE)","v":85145},157187,3.2322812333694426E-2,null,null,null,1,2,3,4,5,6,7,8,9,10,11,12,13,14,15,16,17,18,19,20,21,null,null,1,2,3,4,5,6,7,8,9,10,11,12,13,14,15,16,17,18,19,20,21]
[14,"65 - 69 años",{"$f":"VLOOKUP(DatosAM!E$142,grapobZMG!G$3:BB$12,16,FALSE)","v":-52338},{"$f":"VLOOKUP(DatosAM!E$142,grapobZMG!G$3:BB$12,39,FALSE)","v":63352},115690,2.3789665550491505E-2,1]
[15,"70 - 74 años",{"$f":"VLOOKUP(DatosAM!E$142,grapobZMG!G$3:BB$12,17,FALSE)","v":-36849},{"$f":"VLOOKUP(DatosAM!E$142,grapobZMG!G$3:BB$12,40,FALSE)","v":43901},80750,1.6604853429010191E-2,2,39]
[16,"75 - 79 años",{"$f":"VLOOKUP(DatosAM!E$142,grapobZMG!G$3:BB$12,18,FALSE)","v":-22974},{"$f":"VLOOKUP(DatosAM!E$142,grapobZMG!G$3:BB$12,41,FALSE)","v":28573},51547,1.0599757024212859E-2,3,44]
[17,"80 - 84 años",{"$f":"VLOOKUP(DatosAM!E$142,grapobZMG!G$3:BB$12,19,FALSE)","v":-14302},{"$f":"VLOOKUP(DatosAM!E$142,grapobZMG!G$3:BB$12,42,FALSE)","v":18980},33282,6.8438728399296241E-3,4,51]
[18,"85 - 89 años",{"$f":"VLOOKUP(DatosAM!E$142,grapobZMG!G$3:BB$12,20,FALSE)","v":-7095},{"$f":"VLOOKUP(DatosAM!E$142,grapobZMG!G$3:BB$12,43,FALSE)","v":10800},17895,3.6798000261564997E-3,5,70]
[19,"90 - 94 años",{"$f":"VLOOKUP(DatosAM!E$142,grapobZMG!G$3:BB$12,21,FALSE)","v":-2829},{"$f":"VLOOKUP(DatosAM!E$142,grapobZMG!G$3:BB$12,44,FALSE)","v":4596},7425,1.5268239840297295E-3,6,97]
[20,"95 - 99 años",{"$f":"VLOOKUP(DatosAM!E$142,grapobZMG!G$3:BB$12,22,FALSE)","v":-808},{"$f":"VLOOKUP(DatosAM!E$142,grapobZMG!G$3:BB$12,45,FALSE)","v":1680},2488,5.1161455518733564E-4,7,98]
[21,"100 años y más",{"$f":"VLOOKUP(DatosAM!E$142,grapobZMG!G$3:BB$12,23,FALSE)","v":-142},{"$f":"VLOOKUP(DatosAM!E$142,grapobZMG!G$3:BB$12,46,FALSE)","v":137},279,5.7371567884753474E-5,8,101]
[null,null,null,null,null,null,9,120]
[null,null,null,null,null,null,10,124]
[]
[null,null,{"$f":"C4/(-C4+D4)","v":-0.50600070969819022}]
[null,"AMG",null,null,null,null,39,"Guadalajara                                       "]
[null,null,null,null,null,null,44,"Ixtlahuacán de los Membrillos                     "]
[null,null,null,null,null,null,51,"Juanacatlán                                       "]
[null,"GDL",null,null,null,null,70,"El Salto                                          "]
[null,null,null,null,null,null,97,"Tlajomulco de Zúñiga                              "]
[null,null,null,null,null,null,98,"Tlaquepaque                                       "]
[null,"IXTLA",null,null,null,null,101,"Tonalá                                            "]
[null,null,null,null,null,null,120,"Zapopan                                           "]
[null,null,null,null,null,null,124,"Zapotlanejo"]
[null,"JUANA"]
[]
[]
[null,"SALT"]
[]
[]
[null,"TLAJO"]
[]
[]
[null,"TLAQ"]
[]
[]
[null,"TON"]
[]
[]
[null,"ZAP"]
[]
[]
[]
[]
[null,"Ejemplo","ZMG","Zapopan"]
["MD",{"$f":"B60+(((B61/2)-B62)/B63)*B64","v":23.529886404450171},{"$f":"C60+(((C61/2)-C62)/C63)*C64","v":27.755888190621892},{"$f":"D60+(((D61/2)-D62)/D63)*D64","v":26.364955984266718}]
["Li",20,25,25]
["P",15445290,{"$f":"E3","v":4863036},124376]
["Eex",6570788,{"$f":"SUM(E4:E8)","v":2211026},59273]
["Emd",1631578,{"$f":"E9","v":400038},10678]
["i",5,5,5]

{"sheet":"LimitZMG","index":13,"n_rows":37,"n_cols":12,"rows_kept":37,"cut":false,"hidden":true,"merged":[]}
["Clave","Región","Clave","Municipio","% de población con algún tipo de limitación","Caminar o moverse","Ver1","Oír2","Hablar o comunicarse","Atender el cuidado personal","Poner atención o aprender","Mental"]
[null,null,14,"Jalisco",3.9541365005315202E-2,167663,68348,29960,24196,15654,15488,34955]
[1,"Norte",1,"Norte",7.50301262129765E-2,2466,1019,573,271,173,123,330]
[2,"Altos Norte",2,"Altos Norte",5.1229139328545302E-2,7144,2754,1184,1005,696,614,1384]
[3,"Altos Sur",3,"Altos Sur",4.7294764463326297E-2,8508,3335,1573,1275,721,782,2193]
[4,"Ciénega",4,"Ciénega",4.4126391445805303E-2,9283,3512,1696,1343,828,862,1853]
[5,"Sureste",5,"Sureste",5.1386824377747602E-2,3040,1304,557,422,271,238,543]
[6,"Sur",6,"Sur",5.3880883044963801E-2,8794,3944,1841,1181,799,755,1493]
[7,"Sierra de Amula",7,"Sierra de Amula",6.8315146899580001E-2,6400,2732,1183,813,554,487,1015]
[8,"Costa Sur",8,"Costa Sur",5.5726821617382599E-2,3924,1539,639,639,269,293,688]
[9,"Costa-Sierra Occidental",9,"Costa-Sierra Occidental",3.9573001166173301E-2,55580,20277,9490,7188,5308,4597,11903]
[10,"Valles",10,"Valles",5.4560722014759797E-2,8633,3684,1717,1244,753,798,1391]
[11,"Lagunas",11,"Lagunas",5.42766631467793E-2,6770,2501,1248,734,507,510,1197]
[12,"Centro",12,"Centro",3.2312068551434502E-2,47121,21747,8259,8081,4775,5429,10965]
[1,"ZMG",null,"ZMG",3.19488430061938E-2,81143,33090,13865,12285,8089,8174,19057]
[2,"Centro",39,"Guadalajara",3.7559800132291002E-2,33875,11204,5661,4172,3260,2682,7995]
[3,"Centro",44,"Ixtlahuacán de los Membrillos",3.5582075012177299E-2,779,397,132,133,88,90,147]
[4,"Centro",51,"Juanacatlán",3.8810712664548302E-2,282,138,59,39,38,25,78]
[5,"Centro",70,"El Salto",2.7780591205706601E-2,1908,1028,365,368,171,244,456]
[6,"Centro",97,"Tlajomulco de Zúñiga",2.4031145439794899E-2,5355,2325,892,1060,522,665,1113]
[7,"Centro",98,"Tlaquepaque",2.8629500389729601E-2,9259,4209,1488,1619,952,1004,2336]
[8,"Centro",101,"Tonalá",3.2409351374274302E-2,8135,4060,1405,1437,675,973,1876]
[9,"Centro",120,"Zapopan",2.85980529943172E-2,19695,9021,3577,3251,2267,2331,4719]
[10,"Centro",124,"Zapotlanejo",4.9625997862844898E-2,1855,708,286,206,116,160,337]
[null,null,null,null,null,{"$f":"SUM(F16:F24)","v":81143},33090,13865,12285,8089,8174,19057]
[]
[null,null,"pob total","pob c/limitac",{"$f":"D37/C37*100","v":3.1895033904405943}]
[null,"Guadalajara",1495189,56159]
[null,"Ixtlahuacán de los Membrillos",41060,1461]
[null,"Juanacatlán",13218,513]
[null,"El Salto",138226,3840]
[null,"Tlajomulco de Zúñiga",416626,10012]
[null,"Tlaquepaque",608114,17410]
[null,"Tonalá",478689,15514]
[null,"Zapopan",1243756,35569]
[null,"Zapotlanejo",68519,3158]
[null,null,{"$f":"SUM(C28:C36)","v":4503397},{"$f":"SUM(D28:D36)","v":143636}]

{"sheet":"DerechZMG","index":14,"n_rows":41,"n_cols":17,"rows_kept":41,"cut":false,"hidden":true,"merged":[]}
["Clave ","Region","Clave","Municipio","Población derechohabiente (%)","No derechohabiente ","IMSS ","ISSSTE ","Seguro Popular **","Otro ","No especificado "]
[null,null,14,"Jalisco",0.807694239390783,0.18832937999999999,0.52258221999999999,3.4358949999999999E-2,0.40778025000000001,1.5825990000000002E-2,3.9763799999999998E-3]
[1,"Norte",1,"Norte",0.89947096691949802,9.7227356746765206E-2,8.8677560623024704E-2,4.5607222324579401E-2,0.88361513059992303,1.03459516149605E-3,3.3016763337370102E-3,1,null,2]
[2,"Altos Norte",2,"Altos Norte",0.83523024321518202,0.16177282734888301,0.33709486404123601,3.1978888408901902E-2,0.62275079565190605,1.30066679009189E-2,2.9969294359341895E-3]
[3,"Altos Sur",3,"Altos Sur",0.78236483173389604,0.214222813741482,0.39777124036709,2.8807597608160401E-2,0.55877913855402395,7.1787164646819899E-3,3.4123545246219898E-3,0.61067622371027064,null,0.62819807104824466]
[4,"Ciénega",4,"Ciénega",0.82343814877709798,0.17264339294727199,0.377084176263489,3.4373433659635397E-2,0.58302585254207595,7.9683319947099207E-3,3.9184582756297296E-3,0.38828633405639912,null,0.36835569515570671]
[5,"Sureste",5,"Sureste",0.75987957031273901,0.237378394718682,0.243289291799273,3.6583405664319897E-2,0.71300671874497701,7.7715626707814999E-3,2.7420349685795798E-3,0.27827030085824767,null,0.26444952871904975]
[6,"Sur",6,"Sur",0.87961618102110195,0.11690059859541101,0.43845290590248998,4.7976391549625699E-2,0.52092756120324502,1.2310552387861801E-2,3.4832203834866101E-3,1.2072055078751299E-2,null,2.7428994800648029E-2]
[7,"Sierra de Amula",7,"Sierra de Amula",0.86929165939118802,0.12734997962865999,0.29945163471774899,5.0229992032299303E-2,0.65130261862835004,5.7246925070135899E-3,3.3583609801524899E-3,0.3111855135339055,null,0.327426125113157]
[8,"Costa Sur",8,"Costa Sur",0.88791227574237597,0.103988482246751,0.18949675336694699,3.9322390291937799E-2,0.76670886919437597,3.2651429332977901E-3,8.0992420108734996E-3,1.339243610298972E-2,null,1.488063404440711E-2]
[9,"Costa-Sierra Occidental",9,"Costa-Sierra Occidental",0.82500195313673796,0.17145836212957999,0.51786319151803395,4.1659534016368099E-2,0.36085504390677398,3.0190232336219199E-2,3.5396847336822902E-3]
[10,"Valles",10,"Valles",0.85929026823936205,0.13846993466732699,0.44090987521522501,4.3059741766370903E-2,0.53040321011494596,5.3049131939982902E-3,2.2397970933112099E-3]
[11,"Lagunas",11,"Lagunas",0.87570751180748196,0.120515968213509,0.279405233898885,3.8004890394174297E-2,0.67945445887306899,5.9444506867418999E-3,3.7765199790089211E-3]
[12,"Centro",12,"Centro",0.78978465896708605,0.20598032042556499,0.62203048845648101,3.1718412584838603E-2,0.295225343961806,1.9237391078546301E-2,4.2350206073485204E-3]
[1,"ZMG",null,"ZMG",{"$f":"E41/$M$41","v":0.78933642362925405},{"$f":"F41/$M$41","v":0.20640859571455691},0.48780626672877075,2.2186905076583895E-2,0.22892560556549255,5.0417646258408388E-2,4.254980656189092E-3]
[2,"Centro",39,"Guadalajara",0.77393387519621304,0.2230404,0.67825988000000004,3.7388350000000001E-2,0.24857928000000001,2.155907E-2,3.02572E-3,1459501]
[3,"Centro",44,"Ixtlahuacán de los Membrillos",0.78408898105382197,0.21108493,0.63293421999999999,5.0394309999999998E-2,0.28440565000000001,1.9042119999999999E-2,4.8260899999999999E-3,52988,null," "]
[4,"Centro",51,"Juanacatlán",0.84227234753550495,0.15377331999999999,0.67731269999999999,2.2283939999999999E-2,0.27679693,5.88508E-3,3.9543299999999998E-3,17943]
[5,"Centro",70,"El Salto",0.78787267563250596,0.20634876999999999,0.67595225999999997,1.329874E-2,0.27773049999999999,2.2466699999999999E-2,5.7785500000000004E-3,183329,{"$f":"VLOOKUP(DatosAM!E142,A15:K24,1,FALSE)","v":1}]
[6,"Centro",97,"Tlajomulco de Zúñiga",0.80803433301422101,0.18747384,0.67278271999999995,2.383505E-2,0.25365342000000002,1.489297E-2,4.4918299999999996E-3,549214]
[7,"Centro",98,"Tlaquepaque",0.77758272068510204,0.21918177,0.67123619000000001,2.3984200000000001E-2,0.29405864999999998,9.2029499999999997E-3,3.23551E-3,663935,{"$f":"VLOOKUP(M$19,A$15:K$24,6,FALSE)","v":0.20640859571455691},null,"max","min","val"]
[8,"Centro",101,"Tonalá",0.76278606482612699,0.23225040999999999,0.59360831999999997,2.7126359999999999E-2,0.35081602000000001,1.50145E-2,4.9635199999999999E-3,535852,{"$f":"VLOOKUP(M$19,A$15:K$24,7,FALSE)","v":0.48780626672877075},null,{"$f":"IF(M21=MAX($M$21:$M$26), M21, NA())","v":{"$error":"#N/A"}},{"$f":"IF(M21=MIN($M$21:$M$26), M21, NA())","v":{"$error":"#N/A"}},{"$f":"IF(AND(ISNA(O22), ISNA(P22)), M21, NA())","v":0.20640859571455691}]
[9,"Centro",120,"Zapopan",0.82041955396495603,0.17408831999999999,0.55266590999999998,3.6455809999999998E-2,0.31019687000000001,2.553654E-2,5.4921199999999996E-3,1331755,{"$f":"VLOOKUP(M$19,A$15:K$24,8,FALSE)","v":2.2186905076583895E-2}]
[10,"Centro",124,"Zapotlanejo",0.67903793108480803,0.31656912999999998,0.29501149999999998,2.819868E-2,0.63810261000000001,1.246588E-2,4.3929399999999997E-3,68519,{"$f":"VLOOKUP(M$19,A$15:K$24,9,FALSE)","v":0.22892560556549255}]
[null,null,null,null,null,null,null,null,null,null,null,null,{"$f":"VLOOKUP(M$19,A$15:K$24,10,FALSE)","v":5.0417646258408388E-2},null,{"$f":"IF(M23=MAX($M$21:$M$26), M23, NA())","v":{"$error":"#N/A"}},{"$f":"IF(M23=MIN($M$21:$M$26), M23, NA())","v":{"$error":"#N/A"}},{"$f":"IF(AND(ISNA(O25), ISNA(P25)), M23, NA())","v":2.2186905076583895E-2}]
[null,null,null,null,null,null,null,null,null,null,null,null,{"$f":"VLOOKUP(M$19,A$15:K$24,11,FALSE)","v":4.254980656189092E-3},null,{"$f":"IF(M24=MAX($M$21:$M$26), M24, NA())","v":{"$error":"#N/A"}},{"$f":"IF(M24=MIN($M$21:$M$26), M24, NA())","v":{"$error":"#N/A"}},{"$f":"IF(AND(ISNA(O26), ISNA(P26)), M24, NA())","v":0.22892560556549255}]
[null,null,null,null,null,null,null,null,null,null,null,null,null,null,{"$f":"IF(M25=MAX($M$21:$M$26), M25, NA())","v":{"$error":"#N/A"}},{"$f":"IF(M25=MIN($M$21:$M$26), M25, NA())","v":{"$error":"#N/A"}},{"$f":"IF(AND(ISNA(O27), ISNA(P27)), M25, NA())","v":5.0417646258408388E-2}]
[null,null,null,null,null,null,null,null,null,null,null,null,null,null,{"$f":"IF(M26=MAX($M$21:$M$26), M26, NA())","v":{"$error":"#N/A"}},{"$f":"IF(M26=MIN($M$21:$M$26), M26, NA())","v":4.254980656189092E-3},{"$f":"IF(AND(ISNA(O28), ISNA(P28)), M26, NA())","v":{"$error":"#N/A"}}]
[]
[]
[null,null,null,null,"Población derechohabiente","No derechohabiente ","IMSS ","ISSSTE ","Seguro Popular **","Otro ","No especificado ",null,"Pob Total"]
[null,null,null,"Guadalajara",1130058.0000000037,325671.99999999657,754915.0000000078,36746.000000000044,280909.00000000076,57487.999999999913,4417.9999999999991,null,1460148.0000000002]
[null,null,null,"Ixtlahuacán de los Membrillos",41592.000000000015,11196.999999999995,26037.999999999964,1989.0000000000002,11829.000000000004,1735.9999999999991,256,null,53045.000000000007]
[null,null,null,"Juanacatlán",15122.999999999998,2761.0000000000014,10098.000000000004,269.00000000000006,4185.9999999999991,569.99999999999989,71.000000000000014,null,17955]
[null,null,null,"El Salto",144524.99999999994,37852.000000000044,97015.99999999952,1849.0000000000009,40139.000000000073,5521,1060.0000000000002,null,183437]
[null,null,null,"Tlajomulco de Zúñiga",443968.00000000012,103005.99999999991,294729.00000000151,9394.0000000000036,112613.9999999998,27230.999999999996,2468,null,549442]
[null,null,null,"San Pedro Tlaquepaque",516464.99999999994,145579.00000000006,342938.99999999988,10766,151870.99999999968,10888.999999999998,2148.9999999999986,null,664193]
[null,null,null,"Tonalá",408938.00000000017,124511.99999999984,240030.9999999986,9824.0000000000091,143461.99999999959,15620.999999999996,2661.0000000000005,null,536111]
[null,null,null,"Zapopan",1093021.9999999998,231933.00000000015,594239.00000000338,35848.999999999942,339052.00000000052,123882.00000000042,7316.9999999999918,null,1332272]
[null,null,null,"Zapotlanejo",46527.000000000058,21690.999999999945,13231.999999999989,1255.9999999999991,29689.000000000029,2350,301,null,68519]
[null,null,null,null,{"$f":"SUM(E32:E40)","v":3840218.0000000037},{"$f":"SUM(F32:F40)","v":1004202.9999999965},2373237.0000000107,107942,1113751.0000000002,245288.00000000035,20700.999999999989,null,{"$f":"SUM(M32:M40)","v":4865122}]

{"sheet":"NivescZMG","index":15,"n_rows":24,"n_cols":13,"rows_kept":24,"cut":false,"hidden":true,"merged":[]}
["Clave","Región","Clave","Nombre del Municipio","Sin escolaridad","Básica","Técnica o comercial con primaria terminada","Media superior","Superior","No especificado"]
[null,null,14,"Jalisco",6.2518361214117801E-2,0.62731650729502897,0.38429524899589501,0.15850496820978199,0.144358338228536,0.34588725625761602]
[1,"Norte",1,"Norte",0.12563648021725199,0.62607022969863801,0.177271527175348,0.145607815034134,9.8951457775430907E-2,0.19613020027910802]
[2,"Altos Norte",2,"Altos Norte",7.6110131580347698E-2,0.68175932397004402,0.159996594307527,0.151432696776299,8.7508558576136694E-2,0.15893231540969399]
[3,"Altos Sur",3,"Altos Sur",7.9960404751429806E-2,0.67690135248286298,0.27212863488639399,0.15049032825738301,8.8950938790570894E-2,9.75689368888637E-2]
[4,"Ciénega",4,"Ciénega",6.8063236611268299E-2,0.66753863432803995,0.26585535762521501,0.15611182985257099,0.104131420691224,0.149632494064459]
[5,"Sureste",5,"Sureste",6.5740589794850202E-2,0.65726003655114995,0.37752361667624801,0.16564706689890099,0.10561223176518,0.19648388231559302]
[6,"Sur",6,"Sur",6.5943646413883394E-2,0.59378494712001495,0.58106362486934005,0.18819523372633901,0.143572468630324,0.26930678607455699]
[7,"Sierra de Amula",7,"Sierra de Amula",5.2093981664077499E-2,0.62866939800542498,0.31874562328452899,0.17704065616523301,0.13691573363812701,0.20927742942923599]
[8,"Costa Sur",8,"Costa Sur",9.1494893569264102E-2,0.65635404586435198,0.52560697317720995,0.166753956080955,7.8139613183195497E-2,0.20014215704612601]
[9,"Costa-Sierra Occ",9,"Costa-Sierra Occ",3.9387614226546602E-2,0.52464499375452001,0.24694300177503098,0.23594766944973999,0.19632174084544099,0.122855170600224]
[10,"Valles",10,"Valles",4.80076336908625E-2,0.63541474436587697,0.32632228038510502,0.19495618279448901,0.116742358432393,0.16158579125276198]
[11,"Lagunas",11,"Lagunas",0.52192313758477504,0.67066663161768603,0.33778455391409501,0.17133037169444301,9.9495294674307302E-2,0.29375427159455297]
[12,"Centro",12,"Centro",3.0714226221852801E-2,0.50174041319371299,0.61181379171946793,0.227479019733999,0.23209850733086501,0.184969560237526]
[1,"ZMG",null,"ZMG",3.0174945883222778E-2,0.50002296247480882,0.61640861822533177,0.22823234868926534,0.23355400788162356,0.18516488888275337]
[2,"Centro",39,"Guadalajara",2.5000551275209799E-2,0.45736525731321698,0.82514873405160805,0.241493823512549,0.26649261070708802,0.13962698514203101,null,{"$f":"VLOOKUP(DatosAM!E$142,NivescZMG!A$15:J$24,1,FALSE)","v":1}]
[3,"Centro",44,"Ixtlahuacán de los Membrillos",2.9268568840579701E-2,0.68566009963768104,0.25758605072463803,0.189821105072464,8.8909646739130405E-2,0.37647192028985499,null,{"$f":"VLOOKUP(L$16,A$15:J$24,5,FALSE)","v":3.0174945883222778E-2},3.5000000000000003E-2]
[4,"Centro",51,"Juanacatlán",3.3694148286807203E-2,0.62488809310653504,0.42321152437535597,0.225441523561488,0.109546675347929,0.21974444534874302,null,{"$f":"VLOOKUP(L$16,A$15:J$24,6,FALSE)","v":0.50002296247480882},0.52600000000000002]
[5,"Centro",70,"El Salto",4.4588885277868098E-2,0.65342866428339297,0.247806304842379,0.21472213194670101,8.3141046473838201E-2,0.16412089697757601,null,{"$f":"VLOOKUP(L$16,A$15:J$24,7,FALSE)","v":0.61640861822533177},8.0000000000000002E-3]
[6,"Centro",97,"Tlajomulco de Zúñiga",2.6341068671193599E-2,0.560205994313412,0.39002397395069199,0.23218124416822,0.174891484155448,0.24799689522199997,null,{"$f":"VLOOKUP(L$16,A$15:J$24,8,FALSE)","v":0.22823234868926534},0.20699999999999999]
[7,"Centro",98,"Tlaquepaque",4.3424779922681803E-2,0.56309094835434303,0.44777636164239698,0.21647393581660401,0.17107174160657501,0.146083068337236,null,{"$f":"VLOOKUP(L$16,A$15:J$24,9,FALSE)","v":0.23355400788162356},0.221]
[8,"Centro",101,"Tonalá",3.6522760423573102E-2,0.58197189349512701,0.63974366954154394,0.23165269820823101,0.14179631579089799,0.16588953867553599,null,{"$f":"VLOOKUP(L$16,A$15:J$24,10,FALSE)","v":0.18516488888275337},4.0000000000000001E-3]
[9,"Centro",120,"Zapopan",2.5002344537026999E-2,0.42897262891676302,0.61563004516637099,0.22299824437033799,0.314531995115296,0.23384866089120598]
[10,"Centro",124,"Zapotlanejo",7.1827347721023296E-2,0.70648279310057505,0.15415382051495699,0.14625864511290701,7.17231897341888E-2,0.21664861261561502]

{"sheet":"grapob","index":16,"n_rows":155,"n_cols":55,"rows_kept":155,"cut":false,"hidden":true,"merged":[]}
[null,null,null,null,null,null,"0 - 4 años","5 - 9 años","10 - 14 años","15 - 19 años","20 - 24 años","25 - 29 años","30 - 34 años","35 - 39 años","40 - 44 años","45 - 49 años","50 - 54 años","55 - 59 años","60 - 64 años","65 - 69 años","70 - 74 años","75 - 79 años","80 - 84 años","85 - 89 años","90 - 94 años","95 - 99 años","100 años y más",null,null,"0 - 4 años","5 - 9 años","10 - 14 años","15 - 19 años","20 - 24 años","25 - 29 años","30 - 34 años","35 - 39 años","40 - 44 años","45 - 49 años","50 - 54 años","55 - 59 años","60 - 64 años","65 - 69 años","70 - 74 años","75 - 79 años","80 - 84 años","85 - 89 años","90 - 94 años","95 - 99 años","100 años y más"]
[null,null,null,null,14,-3833620,-358751,-370068,-373802,-361560,-355017,-304138,-288191,-263316,-260581,-204174,-180377,-139813,-117962,-92301,-67537,-44495,-27959,-14803,-6409,-1973,-393,{"$f":"(F2/(-F2+AC2)*-1)","v":0.48886566313026436},4008248,350595,360013,371092,353805,354508,323194,308886,288251,272229,225300,203403,161401,135755,106350,76065,50714,34162,19763,9065,3244,453,{"$f":"(AC2/(-F2+AC2))","v":0.51113433686973564},"                           Miles de personas"]
[null,{"$f":"VLOOKUP(Datos!E141,grapob!E3:AW150,1,FALSE)","v":1},null,null,1,-10466,-1077,-1014,-1166,-966,-870,-755,-766,-778,-714,-474,-374,-314,-316,-332,-211,-161,-77,-64,-25,-10,-2,{"$f":"(F3/(-F3+AC3)*-1)","v":0.48611240130051092},11064,1088,1095,1052,991,964,958,894,734,652,551,434,356,377,327,234,158,99,68,28,4,0,{"$f":"(AC3/(-F3+AC3))","v":0.51388759869948908},"                           Miles de personas"]
[null,null,null,null,2,-10914,-973,-1003,-1151,-1003,-1047,-838,-674,-657,-782,-645,-579,-368,-362,-309,-186,-167,-89,-64,-17,0,0,0.49027447104802119,11347,980,1066,1032,1034,1016,791,749,766,832,727,593,399,398,332,266,172,89,66,26,10,3,0.50972552895197876,"                           Miles de personas"]
["0 - 4 años",{"$f":"VLOOKUP(Datos!E$141,E$3:AY$127,3,FALSE)","v":-1077},{"$f":"VLOOKUP(Datos!E$141,E$3:AY$127,26,FALSE)","v":1088},null,3,-11368,-1113,-1165,-1096,-1020,-910,-775,-883,-716,-740,-557,-583,-488,-393,-361,-209,-158,-90,-58,-45,-8,0,0.48683139908355105,11983,1124,1106,1154,1085,949,984,894,835,677,710,585,505,367,334,219,172,135,100,40,5,3,0.513168600916449,"                           Miles de personas"]
["5 - 9 años",{"$f":"VLOOKUP(Datos!E$141,E$3:AY$127,4,FALSE)","v":-1014},{"$f":"VLOOKUP(Datos!E$141,E$3:AY$127,27,FALSE)","v":1095},null,4,-2654,-250,-265,-274,-258,-218,-171,-160,-177,-165,-128,-123,-124,-87,-73,-61,-33,-44,-21,-13,-9,0,0.49285051067780872,2731,245,254,258,207,213,189,186,211,166,135,129,124,132,78,57,61,47,21,11,4,3,0.50714948932219128,"                       Cientos de personas"]
["10 - 14 años",{"$f":"VLOOKUP(Datos!E$141,E$3:AY$127,5,FALSE)","v":-1166},{"$f":"VLOOKUP(Datos!E$141,E$3:AY$127,28,FALSE)","v":1052},null,5,-7520,-758,-774,-822,-701,-737,-513,-507,-468,-523,-401,-352,-280,-210,-134,-137,-84,-44,-47,-22,-4,-2,0.49034950443401149,7816,785,770,856,790,672,580,505,550,530,439,363,314,194,162,118,94,58,22,10,4,0,0.50965049556598851,"                       Cientos de personas"]
["15 - 19 años",{"$f":"VLOOKUP(Datos!E$141,E$3:AY$127,6,FALSE)","v":-966},{"$f":"VLOOKUP(Datos!E$141,E$3:AY$127,29,FALSE)","v":991},null,6,-29706,-2738,-2655,-2741,-2746,-2477,-2166,-1745,-2017,-1881,-1496,-1457,-1448,-1148,-991,-824,-554,-360,-187,-56,-19,0,0.48767914895014203,31207,2753,2768,2747,2546,2415,2299,2035,2271,1888,1534,1821,1575,1331,1115,831,527,394,188,130,39,0,0.51232085104985803,"                           Miles de personas"]
["20 - 24 años",{"$f":"VLOOKUP(Datos!E$141,E$3:AY$127,7,FALSE)","v":-870},{"$f":"VLOOKUP(Datos!E$141,E$3:AY$127,30,FALSE)","v":964},null,7,-4729,-416,-489,-474,-504,-342,-288,-278,-315,-310,-251,-192,-171,-169,-159,-128,-105,-75,-35,-24,-4,0,0.5020169851380043,4691,422,492,470,429,347,295,309,319,289,257,215,195,191,139,105,96,66,34,13,4,4,0.49798301486199575,"                       Cientos de personas"]
["25 - 29 años",{"$f":"VLOOKUP(Datos!E$141,E$3:AY$127,8,FALSE)","v":-755},{"$f":"VLOOKUP(Datos!E$141,E$3:AY$127,31,FALSE)","v":958},null,8,-36623,-3567,-3548,-4496,-3615,-3071,-2761,-2414,-2602,-2357,-2046,-1767,-1200,-885,-815,-492,-400,-356,-153,-59,-19,0,0.4750064850843061,40477,3447,3507,4131,4245,3488,3108,3110,2858,2839,2251,2301,1302,1212,1031,701,473,310,96,55,3,9,0.5249935149156939,"                           Miles de personas"]
["30 - 34 años",{"$f":"VLOOKUP(Datos!E$141,E$3:AY$127,9,FALSE)","v":-766},{"$f":"VLOOKUP(Datos!E$141,E$3:AY$127,32,FALSE)","v":894},null,9,-9851,-969,-1127,-1114,-954,-892,-758,-693,-616,-683,-478,-409,-383,-253,-170,-157,-70,-66,-35,-22,-2,0,0.49522421073798512,10041,1092,1034,995,1002,869,766,748,714,709,472,495,322,245,204,127,107,78,36,18,6,2,0.50477578926201483,"                       Cientos de personas"]
["35 - 39 años",{"$f":"VLOOKUP(Datos!E$141,E$3:AY$127,10,FALSE)","v":-778},{"$f":"VLOOKUP(Datos!E$141,E$3:AY$127,33,FALSE)","v":734},null,10,-3310,-378,-398,-392,-335,-311,-238,-221,-189,-173,-154,-118,-69,-82,-83,-69,-37,-33,-15,-11,-4,0,0.49285288862418108,3406,403,378,395,327,282,247,241,202,199,156,138,87,93,87,58,42,21,26,20,4,0,0.50714711137581892,"                       Cientos de personas"]
["40 - 44 años",{"$f":"VLOOKUP(Datos!E$141,E$3:AY$127,11,FALSE)","v":-714},{"$f":"VLOOKUP(Datos!E$141,E$3:AY$127,34,FALSE)","v":652},null,11,-2815,-236,-297,-277,-224,-205,-159,-198,-167,-177,-138,-120,-108,-92,-108,-120,-85,-54,-30,-15,-1,-4,0.51481346013167517,2653,271,215,227,208,189,210,172,164,151,135,140,108,99,91,85,65,63,38,20,2,0,0.48518653986832477,"                       Cientos de personas"]
["45 - 49 años",{"$f":"VLOOKUP(Datos!E$141,E$3:AY$127,12,FALSE)","v":-474},{"$f":"VLOOKUP(Datos!E$141,E$3:AY$127,35,FALSE)","v":551},null,12,-1909,-144,-152,-170,-158,-172,-135,-112,-114,-112,-99,-105,-82,-59,-77,-68,-64,-50,-24,-9,-3,0,0.48973832734735762,1989,161,150,156,171,133,152,112,132,111,119,118,94,78,83,79,52,50,22,10,3,3,0.51026167265264233,"                       Cientos de personas"]
["50 - 54 años",{"$f":"VLOOKUP(Datos!E$141,E$3:AY$127,13,FALSE)","v":-374},{"$f":"VLOOKUP(Datos!E$141,E$3:AY$127,36,FALSE)","v":434},null,13,-29612,-2987,-2970,-3032,-3033,-2422,-2173,-2146,-1794,-1999,-1719,-1399,-1034,-835,-661,-564,-377,-248,-101,-83,-29,-6,0.48994854315921837,30827,2622,2730,3136,2885,2623,2464,2364,2268,2061,1720,1489,1197,896,758,598,455,270,172,81,33,5,0.51005145684078157,"                           Miles de personas"]
["55 - 59 años",{"$f":"VLOOKUP(Datos!E$141,E$3:AY$127,14,FALSE)","v":-314},{"$f":"VLOOKUP(Datos!E$141,E$3:AY$127,37,FALSE)","v":356},null,14,-3973,-368,-337,-330,-347,-335,-287,-226,-214,-254,-232,-219,-182,-157,-149,-101,-99,-78,-39,-12,-7,0,0.48075992255566313,4291,371,380,354,341,373,275,252,276,277,266,209,193,177,141,137,108,78,47,24,12,0,0.51924007744433687,"                       Cientos de personas"]
["60 - 64 años",{"$f":"VLOOKUP(Datos!E$141,E$3:AY$127,15,FALSE)","v":-316},{"$f":"VLOOKUP(Datos!E$141,E$3:AY$127,38,FALSE)","v":377},null,15,-29573,-2902,-2976,-2730,-2691,-2656,-2301,-2037,-2136,-1870,-1475,-1500,-1174,-918,-713,-596,-380,-289,-135,-74,-20,0,0.48826112798837668,30995,2827,3016,2625,2621,2662,2737,2347,2178,1788,1681,1740,1279,910,817,651,453,315,176,112,55,5,0.51173887201162327,"                           Miles de personas"]
["65 - 69 años",{"$f":"VLOOKUP(Datos!E$141,E$3:AY$127,16,FALSE)","v":-332},{"$f":"VLOOKUP(Datos!E$141,E$3:AY$127,39,FALSE)","v":327},null,16,-18511,-2016,-2116,-1920,-1738,-1377,-1327,-1262,-1297,-1161,-818,-791,-706,-535,-530,-389,-265,-151,-50,-52,-10,0,0.48787623214379844,19431,1904,2041,1884,1688,1569,1569,1385,1341,1195,974,929,688,647,537,458,246,182,93,81,20,0,0.51212376785620162,"                           Miles de personas"]
["70 - 74 años",{"$f":"VLOOKUP(Datos!E$141,E$3:AY$127,17,FALSE)","v":-211},{"$f":"VLOOKUP(Datos!E$141,E$3:AY$127,40,FALSE)","v":234},null,17,-6200,-676,-573,-557,-501,-473,-433,-408,-357,-367,-332,-289,-256,-199,-234,-164,-148,-108,-65,-40,-19,-1,0.49827212087117256,6243,646,538,577,565,467,475,394,367,342,321,288,268,261,229,200,97,91,55,43,17,2,0.50172787912882744,"                       Cientos de personas"]
["75 - 79 años",{"$f":"VLOOKUP(Datos!E$141,E$3:AY$127,18,FALSE)","v":-161},{"$f":"VLOOKUP(Datos!E$141,E$3:AY$127,41,FALSE)","v":158},null,18,-31472,-3232,-3316,-3193,-2834,-2507,-2267,-2195,-2207,-1975,-1563,-1456,-1210,-1094,-878,-613,-427,-296,-120,-50,-28,-11,0.48398357605302411,33555,3068,3121,3541,2660,2706,2602,2438,2476,2260,1799,1640,1295,1137,1012,727,441,300,166,119,34,13,0.51601642394697589,"                           Miles de personas"]
["80 - 84 años",{"$f":"VLOOKUP(Datos!E$141,E$3:AY$127,19,FALSE)","v":-77},{"$f":"VLOOKUP(Datos!E$141,E$3:AY$127,42,FALSE)","v":99},null,19,-3647,-512,-442,-478,-397,-313,-268,-226,-233,-167,-146,-125,-119,-52,-47,-58,-26,-19,-9,-3,-6,-1,0.49700190787680565,3691,518,499,482,359,308,277,240,246,164,140,123,84,77,42,48,30,32,14,7,1,0,0.50299809212319435,"                       Cientos de personas"]
["85 - 89 años",{"$f":"VLOOKUP(Datos!E$141,E$3:AY$127,20,FALSE)","v":-64},{"$f":"VLOOKUP(Datos!E$141,E$3:AY$127,43,FALSE)","v":68},null,20,-5302,-488,-567,-543,-473,-373,-339,-325,-305,-297,-266,-268,-237,-216,-180,-146,-149,-78,-23,-18,-7,-4,0.51465734808774999,5000,477,569,533,417,327,405,341,318,268,228,267,205,142,173,126,98,52,32,17,5,0,0.48534265191225007,"                       Cientos de personas"]
["90 - 94 años",{"$f":"VLOOKUP(Datos!E$141,E$3:AY$127,21,FALSE)","v":-25},{"$f":"VLOOKUP(Datos!E$141,E$3:AY$127,44,FALSE)","v":28},null,21,-10746,-976,-1049,-1063,-971,-815,-779,-659,-674,-668,-611,-519,-467,-427,-363,-268,-189,-128,-67,-34,-5,-14,0.49805339265850945,10830,1016,988,971,996,750,834,737,725,668,621,589,474,418,321,242,222,118,101,33,6,0,0.50194660734149055,"                           Miles de personas"]
["95 - 99 años",{"$f":"VLOOKUP(Datos!E$141,E$3:AY$127,22,FALSE)","v":-10},{"$f":"VLOOKUP(Datos!E$141,E$3:AY$127,45,FALSE)","v":4},null,22,-20690,-2194,-2248,-2000,-2063,-1521,-1551,-1373,-1272,-1342,-1011,-1112,-767,-641,-537,-456,-226,-218,-65,-71,-10,-12,0.50125981199728653,20586,1868,2158,1926,1703,1758,1688,1534,1397,1290,1122,1010,877,650,595,407,273,164,133,33,0,0,0.49874018800271341,"                           Miles de personas"]
["100 años y más",{"$f":"VLOOKUP(Datos!E$141,E$3:AY$127,23,FALSE)","v":-2},{"$f":"VLOOKUP(Datos!E$141,E$3:AY$127,46,FALSE)","v":0},null,23,-51205,-4620,-4816,-4907,-4609,-5328,-4445,-3782,-3189,-2990,-2710,-2620,-2056,-1590,-1417,-829,-597,-321,-187,-142,-50,0,0.4857882852968522,54201,4566,4295,4552,4570,5221,4685,4053,3952,3440,3055,3011,2570,1957,1558,1042,618,533,296,166,53,8,0.51421171470314786,"                           Miles de personas"]
[null,null,null,null,24,-12994,-1175,-1223,-1224,-1142,-1055,-916,-906,-833,-874,-616,-566,-575,-504,-482,-371,-207,-154,-85,-69,-11,-6,0.48712277413308341,13681,1202,1225,1222,992,1192,916,952,894,918,767,680,628,555,484,361,238,210,133,75,30,7,0.51287722586691664,"                           Miles de personas"]
[null,null,null,null,25,-8618,-759,-787,-876,-913,-776,-599,-530,-538,-589,-487,-408,-309,-278,-252,-199,-139,-79,-76,-18,-6,0,0.4825037791836963,9243,807,807,767,885,796,709,641,591,641,512,524,379,290,274,197,166,133,67,46,6,5,0.51749622081630364,"                       Cientos de personas"]
[null,null,null,null,26,-3103,-263,-316,-293,-292,-250,-210,-202,-219,-183,-155,-166,-131,-117,-105,-79,-53,-38,-22,-7,-2,0,0.50969119579500655,2985,283,263,244,268,205,180,218,195,198,167,159,156,119,99,75,63,41,28,12,6,6,0.49030880420499345,"                       Cientos de personas"]
[null,null,null,null,27,-9110,-1015,-953,-1027,-923,-787,-558,-530,-588,-545,-447,-409,-261,-211,-239,-281,-174,-90,-37,-24,-9,-2,0.50237123635160474,9024,900,926,1062,969,690,566,596,591,511,421,359,265,253,332,237,120,89,83,33,21,0,0.49762876364839526,"                           Miles de personas"]
[null,null,null,null,28,-1020,-84,-77,-94,-102,-87,-65,-63,-53,-61,-45,-43,-45,-43,-48,-34,-30,-23,-14,-5,-4,0,0.48135913166588012,1099,100,89,80,78,91,107,59,57,52,69,56,58,55,45,41,18,23,13,5,3,0,0.51864086833411982,"                       Cientos de personas"]
[null,null,null,null,29,-8566,-758,-786,-891,-781,-737,-488,-520,-536,-540,-432,-383,-344,-381,-308,-219,-187,-149,-78,-34,-14,0,0.47641824249165737,9414,865,824,938,790,689,727,604,624,579,543,468,438,339,319,245,172,123,85,25,12,5,0.52358175750834257,"                       Cientos de personas"]
[null,null,null,null,30,-24588,-2230,-2382,-2134,-2210,-2174,-1856,-1668,-1573,-1629,-1122,-1062,-938,-940,-929,-685,-549,-290,-138,-45,-27,-7,0.48482697426796806,26127,2101,2226,2218,2018,2149,2030,1830,1690,1798,1329,1348,1174,1181,997,825,537,351,176,96,49,4,0.51517302573203194,"                           Miles de personas"]
[null,null,null,null,31,-1659,-192,-234,-166,-170,-126,-110,-80,-88,-92,-80,-64,-46,-40,-47,-42,-27,-24,-14,-11,-5,-1,0.49039314218149571,1724,185,221,191,155,144,109,96,102,93,56,65,62,47,46,58,46,19,18,6,3,2,0.50960685781850423,"                       Cientos de personas"]
[null,null,null,null,32,-3103,-365,-352,-352,-319,-298,-228,-174,-140,-155,-133,-149,-82,-78,-89,-62,-53,-34,-24,-15,-1,0,0.50868852459016389,2997,317,307,284,269,295,219,180,154,185,154,145,114,77,69,92,40,41,33,13,7,2,0.49131147540983605,"                       Cientos de personas"]
[null,null,null,null,33,-10453,-1014,-1148,-1059,-963,-849,-600,-640,-726,-694,-589,-467,-380,-304,-332,-252,-218,-120,-66,-22,-8,-2,0.48695611664958538,11013,905,1006,1047,1010,959,820,704,772,750,676,535,421,375,327,250,212,145,52,30,13,4,0.51304388335041462,"                           Miles de personas"]
[null,null,null,null,34,-960,-77,-78,-59,-78,-70,-60,-61,-55,-53,-58,-50,-49,-39,-44,-41,-26,-33,-21,-4,-4,0,0.51557465091299681,902,80,76,69,53,48,71,70,43,60,44,58,46,40,43,30,33,17,14,1,5,1,0.48442534908700324,"                       Cientos de personas"]
[null,null,null,null,35,-25762,-2580,-2636,-2823,-2573,-2057,-1877,-1779,-1723,-1710,-1335,-1096,-813,-831,-705,-469,-337,-222,-124,-68,-4,0,0.48114599480791143,27781,2681,2739,2644,2591,2225,2112,2149,1892,1711,1368,1254,1072,988,816,516,429,326,196,63,9,0,0.51885400519208857,"                           Miles de personas"]
[null,null,null,null,36,-9543,-931,-999,-967,-891,-797,-548,-604,-628,-664,-464,-447,-356,-286,-316,-209,-183,-135,-74,-34,-10,0,0.48092526331703878,10300,875,998,1039,1000,788,719,713,662,680,525,511,417,354,332,239,176,157,55,43,15,2,0.51907473668296122,"                           Miles de personas"]
[null,null,null,null,37,-11660,-1096,-1066,-1002,-1057,-988,-943,-742,-794,-771,-678,-557,-499,-400,-329,-236,-204,-148,-97,-39,-11,-3,0.47987488682196067,12638,1088,1138,1129,1069,976,968,974,819,850,709,669,500,481,416,314,198,140,128,63,9,0,0.52012511317803933,"                           Miles de personas"]
[null,null,null,null,38,-2140,-204,-154,-179,-180,-152,-152,-112,-139,-137,-126,-119,-87,-81,-89,-77,-57,-48,-29,-13,-4,-1,0.5117168818747011,2042,188,164,177,165,156,153,127,121,103,115,94,72,78,90,78,70,44,25,16,5,1,0.4882831181252989,"                       Cientos de personas"]
[null,null,null,null,39,-703949,-50167,-54549,-59773,-65260,-69919,-59944,-54412,-45350,-48872,-41293,-36608,-30485,-28207,-21006,-16156,-10095,-6549,-3386,-1466,-374,-78,0.48232169762131027,755552,49242,54417,58265,62084,66626,58732,56554,49758,52647,47783,46607,37361,35719,27679,20047,13663,9195,5613,2669,817,74,0.51767830237868973,"                           Miles de personas"]
[null,null,null,null,40,-4996,-503,-534,-544,-476,-402,-306,-294,-322,-311,-258,-204,-176,-131,-151,-148,-105,-69,-37,-19,-4,-2,0.51183280401598197,4765,469,469,480,458,346,325,253,310,268,308,192,192,177,174,115,126,51,26,20,6,0,0.48816719598401803,"                       Cientos de personas"]
[null,null,null,null,41,-2700,-216,-263,-253,-240,-197,-160,-146,-145,-189,-155,-117,-121,-104,-100,-109,-71,-68,-26,-16,-2,-2,0.48008534850640111,2924,211,203,272,253,196,153,177,190,170,181,163,130,141,137,109,102,68,36,25,4,3,0.51991465149359883,"                       Cientos de personas"]
[null,null,null,null,42,-4194,-435,-461,-467,-429,-342,-256,-248,-232,-212,-177,-173,-145,-151,-124,-117,-91,-61,-52,-18,-2,-1,0.47778537252221465,4584,484,450,427,457,355,304,317,242,265,194,184,194,147,162,118,111,85,47,28,11,2,0.52221462747778535,"                       Cientos de personas"]
[null,null,null,null,43,-12443,-1025,-1244,-1240,-1179,-948,-817,-755,-811,-753,-727,-616,-635,-416,-395,-317,-267,-136,-86,-47,-20,-9,0.50680188986640595,12109,1110,1107,1094,1075,931,955,774,811,730,693,596,520,518,365,320,242,119,76,47,26,0,0.49319811013359399,"                           Miles de personas"]
[null,null,null,null,44,-26162,-3100,-3230,-2693,-2181,-2012,-2087,-2189,-1981,-1721,-1308,-1169,-729,-620,-392,-317,-217,-124,-62,-25,-5,0,0.4937344304370801,26826,2979,3093,2622,2286,2342,2342,2320,2158,1722,1450,1122,760,529,444,286,168,110,55,29,9,0,0.5062655695629199,"                           Miles de personas"]
[null,null,null,null,45,-9220,-926,-970,-937,-885,-699,-594,-574,-585,-650,-455,-408,-378,-315,-302,-219,-145,-108,-44,-18,-4,-4,0.48358334207489773,9846,943,947,891,826,712,739,719,727,588,550,549,393,333,318,239,171,127,50,16,8,0,0.51641665792510227,"                       Cientos de personas"]
[null,null,null,null,46,-16684,-1698,-1864,-1921,-1633,-1468,-1167,-1150,-1061,-1040,-730,-666,-578,-456,-352,-338,-238,-132,-127,-48,-14,-3,0.49394558427332208,17093,1684,1852,1697,1628,1423,1314,1232,1120,1010,894,739,584,510,465,343,279,180,84,29,26,0,0.50605441572667786,"                           Miles de personas"]
[null,null,null,null,47,-12334,-1193,-1339,-1235,-1191,-1166,-906,-861,-863,-687,-617,-554,-449,-359,-287,-241,-163,-133,-54,-21,-12,-3,0.49828303639962834,12419,1250,1169,1214,1154,1085,957,902,885,773,712,515,480,371,335,279,118,113,76,22,9,0,0.50171696360037166,"                           Miles de personas"]
[null,null,null,null,48,-8816,-818,-887,-997,-893,-577,-512,-548,-544,-529,-513,-411,-305,-313,-251,-265,-221,-109,-75,-32,-16,0,0.45314829092778208,10639,931,943,1115,1058,832,755,593,669,682,581,581,414,327,395,313,195,131,84,37,3,0,0.54685170907221792,"                           Miles de personas"]
[null,null,null,null,49,-4979,-458,-501,-497,-440,-362,-405,-329,-348,-299,-266,-252,-201,-205,-125,-93,-70,-71,-34,-20,-3,0,0.50216843166918812,4936,491,466,480,434,449,330,381,312,293,245,270,182,176,151,98,84,41,39,10,2,2,0.49783156833081188,"                       Cientos de personas"]
[null,null,null,null,50,-22911,-2574,-2444,-2387,-2179,-2214,-1686,-1579,-1426,-1270,-1065,-823,-686,-646,-672,-486,-371,-184,-133,-67,-19,0,0.49278385993590434,23582,2650,2408,2454,2160,2209,1754,1593,1563,1456,1049,968,897,651,619,424,259,222,156,54,23,13,0.50721614006409566,"                           Miles de personas"]
[null,null,null,null,51,-8961,-1058,-937,-860,-709,-877,-787,-782,-606,-535,-388,-354,-275,-229,-218,-138,-94,-42,-43,-19,-10,0,0.49941481357632506,8982,1038,910,865,825,879,845,695,607,547,416,358,295,228,180,108,93,50,19,17,7,0,0.500585186423675,"                       Cientos de personas"]
[null,null,null,null,52,-2770,-309,-267,-285,-232,-196,-180,-182,-137,-164,-133,-148,-100,-99,-85,-79,-67,-54,-32,-14,-7,0,0.49139613269469579,2867,256,283,245,244,208,227,206,150,177,153,120,140,110,98,91,51,52,36,13,7,0,0.50860386730530427,"                       Cientos de personas"]
[null,null,null,null,53,-80539,-8911,-8522,-8187,-7888,-7819,-6283,-5870,-5182,-4406,-3651,-3674,-2853,-2475,-1897,-1288,-777,-417,-277,-99,-50,-13,0.48836081180230057,84378,8456,8304,8335,8068,7957,6749,6343,5858,5201,3868,4253,3150,2300,2082,1280,858,595,452,164,92,13,0.51163918819769949,"                           Miles de personas"]
[null,null,null,null,54,-2673,-199,-178,-228,-226,-186,-192,-151,-150,-144,-146,-174,-114,-115,-124,-127,-106,-55,-40,-15,-3,0,0.49758004467609829,2699,175,196,221,193,172,171,175,164,161,155,180,148,128,142,107,81,56,37,29,8,0,0.50241995532390171,"                       Cientos de personas"]
[null,null,null,null,55,-11283,-1172,-1231,-1217,-1154,-1044,-756,-733,-605,-727,-535,-444,-380,-355,-314,-249,-177,-87,-66,-23,-11,-3,0.49847581179589134,11352,1239,1126,1115,1064,918,828,712,704,739,609,525,482,340,286,236,201,115,82,21,10,0,0.50152418820410871,"                           Miles de personas"]
[null,null,null,null,56,-1007,-71,-82,-116,-96,-71,-60,-43,-61,-64,-68,-56,-39,-37,-32,-28,-32,-27,-19,-3,-2,0,0.49654832347140038,1021,83,80,104,93,77,46,77,62,63,59,56,49,34,29,40,32,19,13,3,0,2,0.50345167652859957,"                       Cientos de personas"]
[null,null,null,null,57,-1778,-157,-142,-141,-169,-139,-132,-106,-112,-103,-96,-102,-73,-79,-63,-70,-51,-17,-17,-6,-3,0,0.48210412147505421,1910,159,138,174,161,154,171,129,108,108,99,107,94,79,64,59,47,26,23,5,4,1,0.51789587852494579,"                       Cientos de personas"]
[null,null,null,null,58,-7060,-568,-619,-611,-646,-588,-524,-406,-430,-449,-370,-371,-313,-259,-242,-206,-206,-118,-87,-38,-6,-3,0.48780487804878048,7413,648,656,654,662,546,470,472,528,439,421,403,335,285,285,189,163,123,67,49,13,5,0.51219512195121952,"                       Cientos de personas"]
[null,null,null,null,59,-6604,-682,-668,-735,-613,-537,-491,-425,-436,-406,-333,-296,-274,-222,-184,-107,-82,-53,-36,-16,-6,-2,0.47858540473947386,7195,699,714,700,640,576,586,546,497,401,393,395,259,227,172,147,89,80,45,12,17,0,0.52141459526052614,"                       Cientos de personas"]
[null,null,null,null,60,-2357,-221,-209,-223,-193,-142,-163,-137,-153,-143,-128,-133,-102,-90,-89,-75,-66,-38,-30,-16,-6,0,0.46333792018871633,2730,231,200,195,210,173,190,158,162,196,160,197,116,123,119,111,71,60,38,13,5,2,0.53666207981128367,"                       Cientos de personas"]
[null,null,null,null,61,-9320,-1570,-1251,-1145,-899,-729,-602,-521,-503,-414,-343,-303,-244,-189,-174,-148,-108,-84,-45,-26,-17,-5,0.48021434460016488,10088,1492,1298,1186,1065,867,685,608,529,465,403,332,276,245,189,147,122,88,50,29,3,9,0.51978565539983512,"                           Miles de personas"]
[null,null,null,null,62,-1768,-154,-146,-169,-187,-121,-120,-94,-108,-105,-116,-91,-75,-59,-50,-62,-45,-35,-25,-5,-1,0,0.50141803743618829,1758,148,163,141,130,137,128,107,122,112,97,94,69,56,67,67,49,33,21,13,3,1,0.49858196256381171,"                       Cientos de personas"]
[null,null,null,null,63,-48524,-4376,-4666,-5094,-4907,-4772,-3360,-2956,-3380,-3506,-2624,-2285,-1803,-1567,-1200,-823,-606,-331,-208,-47,-7,-6,0.48799718409010912,50911,4321,4514,4902,4612,5164,3737,3572,3716,3617,2963,2304,2076,1614,1458,1028,579,362,216,124,16,16,0.51200281590989083,"                           Miles de personas"]
[null,null,null,null,64,-15620,-1696,-1830,-1927,-1756,-1423,-1097,-933,-954,-825,-673,-519,-477,-393,-400,-271,-205,-119,-80,-30,-12,0,0.48287374799060218,16728,1793,1819,1825,1704,1578,1376,1076,1249,932,755,586,530,383,391,306,188,125,61,39,9,3,0.51712625200939777,"                           Miles de personas"]
[null,null,null,null,65,-5646,-524,-511,-513,-423,-417,-404,-342,-330,-352,-319,-299,-236,-250,-201,-191,-139,-75,-77,-24,-13,-6,{"$f":"(F67/(-F67+AC67)*-1)","v":0.5049186192094437},5536,483,418,478,453,455,386,375,280,344,326,299,278,207,238,186,128,88,77,27,5,5,{"$f":"(AC67/(-F67+AC67))","v":0.49508138079055625},"                       Cientos de personas"]
[null,null,null,null,66,-25469,-3127,-3040,-2819,-2850,-2335,-1768,-1633,-1397,-1450,-1047,-982,-858,-608,-547,-403,-270,-161,-114,-39,-13,-8,0.49044868091661853,26461,3202,2968,3081,2603,2315,1918,1726,1590,1490,1291,1089,882,675,569,360,286,205,145,39,20,7,0.50955131908338147,"                           Miles de personas"]
[null,null,null,null,67,-137779,-11543,-13468,-13373,-13596,-12158,-11976,-10721,-10507,-9922,-7966,-6675,-5116,-3836,-2985,-2022,-1165,-454,-131,-103,-55,-7,0.49986394952708857,137854,11357,12134,12140,12641,12331,12283,12154,11589,9574,7947,6614,5634,4264,3066,1888,1192,460,359,148,79,0,0.50013605047291143,"                           Miles de personas"]
[null,null,null,null,68,-5557,-549,-498,-592,-474,-405,-337,-330,-285,-307,-259,-269,-270,-187,-249,-187,-160,-105,-65,-17,-4,-8,0.5192002242361955,5146,446,516,453,485,426,352,251,332,269,247,292,210,200,201,169,126,79,50,29,11,2,0.48079977576380456,"                       Cientos de personas"]
[null,null,null,null,69,-4017,-368,-306,-389,-348,-286,-243,-210,-264,-256,-196,-188,-183,-167,-170,-164,-114,-96,-43,-12,-10,-4,0.47952727706816284,4360,317,315,322,437,310,287,296,296,237,210,237,235,203,208,172,112,86,50,22,8,0,0.52047272293183722,"                       Cientos de personas"]
[null,null,null,null,70,-91175,-10001,-10018,-9926,-9584,-8415,-6889,-6843,-6582,-6257,-4327,-3955,-2807,-2032,-1336,-940,-764,-268,-128,-93,-10,0,0.4973299368894174,92154,9929,10286,10197,8753,8668,6755,7630,7228,5976,4494,4195,2738,1972,1320,823,560,405,163,33,20,9,0.5026700631105826,"                           Miles de personas"]
[null,null,null,null,71,-1558,-164,-143,-153,-139,-117,-115,-81,-83,-104,-74,-76,-74,-54,-58,-42,-29,-31,-15,-5,-1,0,0.50016051364365977,1557,156,124,134,141,129,119,92,99,83,92,87,70,52,66,43,31,24,7,7,1,0,0.49983948635634029,"                       Cientos de personas"]
[null,null,null,null,72,-3539,-377,-358,-401,-348,-310,-241,-266,-220,-240,-152,-126,-94,-119,-94,-67,-47,-34,-25,-15,-2,-3,0.48156211729487003,3810,373,424,411,336,336,250,312,271,225,153,149,140,117,115,72,54,37,19,13,3,0,0.51843788270512992,"                       Cientos de personas"]
[null,null,null,null,73,-34523,-3595,-3625,-3617,-3435,-3260,-2631,-2584,-2369,-2159,-1743,-1420,-1119,-986,-745,-551,-325,-191,-87,-39,-32,-10,0.49520189342322313,35192,3461,3509,3519,3242,3177,2917,2750,2435,2410,1742,1508,1349,1052,796,558,312,251,75,105,19,5,0.50479810657677693,"                           Miles de personas"]
[null,null,null,null,74,-7518,-753,-740,-708,-647,-582,-616,-558,-499,-483,-387,-336,-317,-253,-238,-171,-90,-70,-39,-10,-18,-3,0.47324688404884802,8368,848,706,714,689,739,701,679,529,561,461,445,306,311,228,179,123,78,49,12,6,4,0.52675311595115193,"                       Cientos de personas"]
[null,null,null,null,75,-1882,-182,-180,-206,-187,-130,-122,-101,-124,-112,-87,-91,-72,-69,-56,-58,-41,-36,-19,-5,-4,0,0.49762030671602325,1900,172,162,205,182,141,122,110,143,124,102,107,81,63,56,54,23,27,18,5,3,0,0.50237969328397669,"                       Cientos de personas"]
[null,null,null,null,76,-1547,-162,-138,-143,-153,-151,-110,-85,-85,-90,-99,-66,-49,-51,-42,-52,-30,-24,-9,-5,-1,-2,0.49567446331304071,1574,174,137,146,138,150,123,98,82,83,81,50,60,65,47,44,36,29,16,14,1,0,0.50432553668695934,"                       Cientos de personas"]
[null,null,null,null,77,-13546,-1268,-1215,-1275,-1170,-1005,-878,-842,-860,-926,-641,-629,-616,-513,-514,-453,-343,-189,-136,-57,-16,0,0.48791557108381661,14217,1256,1224,1305,1121,1089,948,937,1019,841,730,724,671,616,462,449,316,238,138,99,34,0,0.51208442891618344,"                           Miles de personas"]
[null,null,null,null,78,-16090,-1654,-1542,-1688,-1641,-1364,-1202,-1094,-921,-916,-810,-776,-659,-477,-465,-390,-232,-143,-85,-22,-9,0,0.48853802945195079,16845,1386,1557,1582,1559,1517,1407,1238,1061,958,939,911,725,594,478,385,241,200,80,24,3,0,0.51146197054804921,"                           Miles de personas"]
[null,null,null,null,79,-6810,-683,-695,-645,-602,-641,-552,-506,-491,-420,-308,-297,-247,-210,-167,-139,-90,-42,-50,-18,-7,0,0.47695755708082366,7468,695,659,721,616,730,675,548,529,478,363,329,279,239,199,151,98,67,58,26,6,2,0.52304244291917634,"                       Cientos de personas"]
[null,null,null,null,80,-2952,-198,-218,-270,-255,-228,-188,-161,-161,-181,-187,-174,-152,-108,-137,-109,-107,-45,-39,-28,-6,0,0.52312599681020733,2691,237,239,223,199,183,188,151,144,170,172,160,136,110,98,108,82,50,20,13,7,1,0.47687400318979267,"                       Cientos de personas"]
[null,null,null,null,81,-1451,-122,-129,-124,-139,-119,-65,-69,-69,-103,-68,-84,-49,-56,-53,-67,-53,-39,-29,-9,-4,-1,0.47840422024398288,1582,126,119,140,139,108,83,95,107,90,82,80,76,56,67,77,51,41,24,14,7,0,0.52159577975601712,"                       Cientos de personas"]
[null,null,null,null,82,-17606,-1780,-1819,-1798,-1666,-1349,-1301,-1342,-1110,-1206,-931,-800,-616,-548,-448,-375,-208,-160,-111,-26,-9,-3,0.47871009842840828,19172,1911,1905,1666,1658,1522,1464,1442,1448,1344,982,864,852,623,412,411,271,185,126,65,18,3,0.52128990157159172,"                           Miles de personas"]
[null,null,null,null,83,-39521,-3925,-4295,-4309,-3815,-3310,-2747,-3012,-2691,-2891,-2048,-1553,-1412,-1125,-815,-643,-472,-243,-128,-58,-23,-6,0.491878974946171,40826,3486,4399,4366,3698,3178,3360,3463,3025,2959,2157,1759,1450,1043,935,682,339,318,158,40,11,0,0.50812102505382906,"                           Miles de personas"]
[null,null,null,null,84,-7612,-648,-773,-733,-781,-675,-538,-423,-469,-382,-383,-403,-292,-268,-248,-219,-167,-102,-71,-31,-6,0,0.50340585940083327,7509,630,711,674,716,511,573,512,445,466,422,381,342,252,246,230,177,125,38,44,14,0,0.49659414059916673,"                       Cientos de personas"]
[null,null,null,null,85,-18692,-1717,-1557,-1699,-1774,-1481,-1324,-1242,-1109,-1247,-938,-1038,-759,-760,-650,-642,-350,-192,-121,-65,-19,-8,0.48682154391082405,19704,1587,1554,1818,1499,1477,1454,1354,1314,1272,1143,1063,956,865,730,533,494,313,159,91,25,3,0.513178456089176,"                           Miles de personas"]
[null,null,null,null,86,-9463,-1227,-1120,-1031,-883,-837,-693,-666,-622,-525,-371,-387,-291,-231,-228,-142,-87,-63,-41,-18,0,0,0.48600482769246572,10008,1090,1028,995,997,880,863,759,690,597,460,425,332,260,201,167,105,80,62,13,4,0,0.51399517230753433,"                           Miles de personas"]
[null,null,null,null,87,-8096,-805,-772,-821,-787,-636,-595,-490,-466,-435,-425,-397,-290,-277,-293,-244,-151,-117,-63,-25,-7,0,0.488328608480608,8483,738,760,729,790,714,702,517,565,427,451,411,392,288,346,247,169,111,63,43,20,0,0.511671391519392,"                       Cientos de personas"]
[null,null,null,null,88,-8539,-783,-883,-866,-736,-628,-540,-535,-569,-576,-421,-420,-351,-284,-279,-241,-187,-110,-81,-39,-4,-6,0.49481369878889725,8718,869,757,768,763,633,708,550,643,529,488,427,341,288,299,250,156,101,70,53,15,10,0.50518630121110275,"                       Cientos de personas"]
[null,null,null,null,89,-1827,-194,-180,-153,-146,-163,-143,-130,-111,-112,-82,-76,-68,-51,-59,-53,-41,-33,-19,-9,-4,0,0.49338374291115311,1876,158,175,164,156,172,135,133,121,119,78,85,89,79,55,63,40,30,12,11,0,1,0.50661625708884683,"                       Cientos de personas"]
[null,null,null,null,90,-3501,-300,-335,-347,-309,-223,-246,-186,-206,-226,-226,-169,-132,-119,-137,-121,-79,-76,-34,-25,-5,0,0.4999286020277024,3502,288,309,296,289,276,231,220,192,223,231,181,140,160,118,112,98,54,58,17,7,2,0.5000713979722976,"                       Cientos de personas"]
[null,null,null,null,91,-19823,-1998,-2180,-2134,-1854,-1553,-1344,-1250,-1320,-1301,-1008,-772,-667,-631,-569,-512,-345,-221,-88,-54,-22,0,0.48035960937310684,21444,1911,2025,2188,1880,1698,1623,1397,1542,1319,1070,1059,843,787,728,558,385,224,132,40,27,8,0.51964039062689316,"                           Miles de personas"]
[null,null,null,null,92,-5054,-414,-438,-466,-442,-362,-333,-289,-312,-346,-283,-254,-250,-177,-211,-158,-118,-89,-69,-34,-7,-2,0.48987108655616945,5263,457,442,464,377,341,367,347,366,321,294,279,252,239,191,156,151,113,48,41,15,2,0.5101289134438306,"                       Cientos de personas"]
[null,null,null,null,93,-69100,-6681,-7010,-7311,-6463,-6209,-6006,-4774,-4377,-4436,-3684,-3131,-2177,-2238,-1622,-1154,-768,-616,-269,-164,-10,0,0.48895430293938663,72222,6752,6712,7275,6486,6819,6027,5278,4748,4546,3970,3325,2517,2641,1717,1215,962,641,314,166,95,16,0.51104569706061331,"                           Miles de personas"]
[null,null,null,null,94,-20648,-2121,-2175,-2463,-2146,-1831,-1571,-1320,-1253,-1291,-902,-924,-713,-575,-467,-346,-253,-141,-101,-38,-12,-5,0.49178297527747344,21338,2182,2217,2242,2137,1870,1558,1515,1427,1211,1181,997,761,601,498,339,301,153,92,31,21,4,0.50821702472252661,"                           Miles de personas"]
[null,null,null,null,95,-4705,-435,-416,-449,-368,-441,-254,-328,-344,-310,-230,-215,-189,-167,-197,-141,-86,-75,-33,-22,-5,0,0.48969608659450459,4903,404,438,464,472,381,312,346,310,349,287,218,210,184,195,103,117,64,33,9,7,0,0.51030391340549541,"                       Cientos de personas"]
[null,null,null,null,96,-10165,-1095,-1037,-1054,-923,-829,-641,-620,-641,-644,-510,-476,-382,-299,-312,-247,-198,-130,-85,-26,-16,0,0.48494823720242353,10796,1062,1114,984,977,838,785,724,744,686,562,488,449,320,306,275,190,117,90,59,23,3,0.51505176279757647,"                           Miles de personas"]
[null,null,null,null,97,-269565,-30346,-32483,-30585,-24477,-20803,-19441,-23755,-24498,-21514,-12683,-10376,-5691,-4966,-3466,-2157,-1273,-603,-299,-118,-31,0,0.49081960765748872,279649,31640,31536,29541,24141,22056,23309,27478,24948,21308,13226,9676,7360,5277,3313,2130,1281,869,364,139,37,20,0.50918039234251133,"                           Miles de personas",null,null,{"$f":"+AY99*100","v":50.918039234251133}]
[null,null,null,null,98,-328673,-32110,-33201,-32403,-32740,-30755,-26982,-25512,-23781,-23872,-16793,-14278,-11179,-8622,-6421,-4257,-2604,-1785,-935,-370,-57,-16,0.49503791786846602,335262,29503,31962,32680,30946,29662,26606,26556,25774,23616,18917,16609,12889,9393,7013,5471,3479,2196,1283,480,204,23,0.50496208213153393,"                           Miles de personas"]
[null,null,null,null,99,-5120,-585,-491,-489,-496,-437,-352,-315,-277,-245,-246,-236,-227,-174,-167,-141,-107,-74,-37,-13,-11,0,0.49703912241529946,5181,520,425,487,509,467,353,355,299,296,271,242,214,183,163,130,109,89,32,33,0,4,0.50296087758470054,"                       Cientos de personas"]
[null,null,null,null,100,-18215,-1787,-1851,-1785,-1764,-1381,-1344,-1200,-1173,-1079,-957,-853,-790,-675,-546,-418,-306,-160,-96,-35,-11,-4,0.50850060020658272,17606,1838,1851,1863,1649,1320,1281,1168,1061,1093,918,882,629,635,542,326,243,143,111,31,18,4,0.49149939979341728,"                           Miles de personas"]
[null,null,null,null,101,-262441,-28186,-27198,-27599,-25489,-25250,-20464,-20903,-17380,-18896,-15364,-11703,-8069,-6050,-4054,-2389,-1888,-973,-393,-154,-12,-27,0.48976396467681377,273411,28198,26297,29110,26225,24905,23613,21458,19792,19136,15097,12008,9497,6868,4689,2852,1685,1291,525,141,18,6,0.51023603532318629,"                           Miles de personas"]
[null,null,null,null,102,-2932,-298,-234,-236,-207,-224,-231,-256,-208,-163,-138,-116,-122,-123,-84,-107,-78,-51,-35,-13,-4,-4,0.49194630872483219,3028,241,281,238,197,223,263,235,204,149,150,162,140,136,116,108,72,46,39,13,5,10,0.50805369127516775,"                       Cientos de personas"]
[null,null,null,null,103,-3951,-342,-330,-378,-396,-340,-242,-216,-298,-242,-232,-219,-192,-128,-129,-100,-83,-36,-36,-8,-3,-1,0.49917877447883763,3964,316,330,360,367,302,267,267,266,261,259,228,164,169,143,97,79,36,24,16,13,0,0.50082122552116237,"                       Cientos de personas"]
[null,null,null,null,104,-2219,-209,-194,-189,-205,-176,-131,-114,-138,-140,-105,-102,-96,-64,-97,-84,-64,-64,-33,-11,-3,0,0.50294650951949227,2193,182,153,163,146,171,144,153,116,135,119,125,95,90,88,98,82,82,34,12,5,0,0.49705349048050773,"                       Cientos de personas"]
[null,null,null,null,105,-11495,-1119,-1215,-1267,-1168,-866,-788,-733,-793,-791,-597,-409,-391,-341,-341,-234,-190,-127,-76,-34,-15,0,0.49609425575072291,11676,1087,1141,1158,1011,920,843,813,922,787,598,523,424,374,349,295,191,115,72,42,8,3,0.50390574424927714,"                           Miles de personas"]
[null,null,null,null,106,-2146,-220,-211,-178,-169,-198,-170,-146,-139,-123,-80,-82,-92,-67,-82,-74,-52,-29,-27,-5,-2,0,0.5079289940828402,2079,216,184,170,159,183,200,155,107,106,98,80,91,76,75,62,44,31,21,14,7,0,0.49207100591715974,"                       Cientos de personas"]
[null,null,null,null,107,-2946,-273,-356,-282,-261,-206,-223,-179,-194,-194,-115,-122,-108,-107,-109,-78,-45,-47,-31,-8,-6,-2,0.47855750487329435,3210,348,361,304,257,241,227,217,210,177,139,130,165,105,92,83,57,44,36,8,5,4,0.52144249512670571,"                       Cientos de personas"]
[null,null,null,null,108,-16758,-1689,-1892,-1640,-1528,-1388,-1275,-1135,-1091,-893,-918,-757,-612,-606,-519,-318,-200,-145,-99,-38,-12,-3,0.48538740043446776,17767,1574,1657,1644,1454,1550,1448,1293,1229,1049,911,914,789,724,513,369,269,205,100,57,15,3,0.51461259956553218,"                           Miles de personas"]
[null,null,null,null,109,-8661,-756,-953,-1042,-880,-730,-598,-648,-531,-531,-417,-345,-282,-240,-220,-196,-96,-101,-48,-33,-12,-2,0.48390881662755614,9237,886,853,881,857,846,762,662,619,581,439,385,358,301,275,185,136,108,59,31,11,2,0.51609118337244386,"                           Miles de personas"]
[null,null,null,null,110,-6490,-622,-634,-574,-562,-506,-408,-394,-346,-384,-370,-312,-260,-242,-234,-214,-170,-120,-80,-44,-12,-2,0.48295877362702783,6948,580,636,552,532,576,498,478,406,466,370,384,366,246,222,220,156,124,72,46,12,6,0.51704122637297212,"                       Cientos de personas"]
[null,null,null,null,111,-3421,-325,-363,-294,-345,-280,-290,-242,-204,-228,-168,-163,-102,-93,-103,-76,-60,-55,-16,-12,-2,0,0.49407856730213751,3503,368,322,324,295,278,282,222,230,237,196,165,140,128,93,89,53,46,23,12,0,0,0.50592143269786249,"                       Cientos de personas"]
[null,null,null,null,112,-2628,-257,-237,-246,-250,-189,-152,-160,-134,-170,-137,-137,-112,-125,-100,-83,-66,-33,-23,-17,0,0,0.48784109894189714,2759,191,236,229,207,205,210,159,204,183,158,158,137,131,120,77,70,41,27,10,5,1,0.5121589010581028,"                       Cientos de personas"]
[null,null,null,null,113,-7833,-822,-784,-723,-635,-572,-654,-541,-488,-461,-418,-365,-318,-251,-242,-186,-208,-83,-51,-20,-9,-2,0.48733901574068311,8240,798,776,714,605,671,731,582,612,470,398,351,350,271,270,252,153,109,75,41,8,3,0.51266098425931683,"                       Cientos de personas"]
[null,null,null,null,114,-8731,-907,-903,-782,-733,-723,-606,-636,-484,-498,-469,-402,-346,-282,-287,-258,-212,-111,-51,-39,0,-2,0.48984515260323158,9093,826,895,800,768,708,698,699,530,580,494,465,392,315,284,306,133,105,50,29,14,2,0.51015484739676842,"                       Cientos de personas"]
[null,null,null,null,115,-2659,-333,-266,-268,-265,-185,-178,-152,-137,-143,-104,-112,-86,-93,-85,-87,-61,-55,-23,-22,-2,-2,0.49113409678611009,2755,272,244,279,228,218,196,184,153,124,117,127,104,106,106,89,74,71,27,28,8,0,0.50886590321388991,"                       Cientos de personas"]
[null,null,null,null,116,-9707,-991,-1119,-1060,-971,-792,-602,-701,-625,-596,-518,-459,-292,-254,-221,-189,-107,-113,-56,-36,-5,0,0.47945273140373407,10539,1034,1045,1102,892,907,851,763,701,677,622,458,390,320,260,188,97,105,72,43,12,0,0.52054726859626588,"                           Miles de personas"]
[null,null,null,null,117,-2020,-193,-181,-176,-161,-142,-134,-134,-122,-123,-97,-106,-84,-78,-82,-77,-63,-31,-24,-6,-5,-1,0.49148418491484186,2090,168,179,161,148,167,156,139,108,124,118,118,101,102,84,77,68,39,15,14,4,0,0.5085158150851582,"                       Cientos de personas"]
[null,null,null,null,118,-10812,-963,-1046,-1109,-914,-769,-682,-675,-722,-724,-566,-551,-427,-373,-399,-326,-193,-166,-134,-46,-25,-2,0.47880961870599176,11769,909,1117,982,880,909,874,756,738,774,715,596,557,509,457,377,270,161,124,37,21,6,0.52119038129400819,"                           Miles de personas"]
[null,null,null,null,119,-14038,-1347,-1380,-1398,-1268,-1212,-1015,-944,-823,-939,-755,-643,-506,-409,-387,-313,-291,-180,-123,-69,-32,-4,0.49771317142350646,14167,1302,1258,1334,1247,1074,997,1005,1006,917,765,652,598,489,437,381,256,195,143,69,28,14,0.50228682857649354,"                           Miles de personas"]
[null,null,null,null,120,-649445,-56977,-57026,-57640,-58698,-68695,-56812,-52521,-45757,-43994,-35597,-33642,-25328,-20332,-14740,-9877,-5665,-3636,-1676,-518,-293,-21,0.48766101873092271,682310,54285,55473,59204,58972,66996,58995,53500,50030,48275,41252,37312,28560,24162,17774,11503,7228,4656,2618,980,535,0,0.51233898126907729,"                           Miles de personas"]
[null,null,null,null,121,-14282,-1409,-1289,-1190,-1269,-1394,-1149,-913,-922,-851,-733,-643,-589,-523,-446,-409,-231,-182,-85,-39,-13,-3,0.48927714970880437,14908,1202,1264,1344,1288,1367,1227,968,978,1029,773,861,634,551,446,339,246,203,112,65,8,3,0.51072285029119557,"                           Miles de personas"]
[null,null,null,null,122,-3559,-342,-354,-390,-363,-338,-236,-215,-177,-203,-159,-138,-144,-113,-111,-95,-80,-55,-36,-9,-1,0,0.50647502490394192,3468,312,350,347,320,244,265,203,216,212,150,135,146,116,131,116,67,66,42,22,6,2,0.49352497509605808,"                       Cientos de personas"]
[null,null,null,null,123,-8927,-919,-892,-900,-827,-779,-674,-579,-604,-540,-447,-409,-293,-282,-260,-181,-158,-103,-53,-17,-10,0,0.49891018834180967,8966,895,841,891,775,768,709,628,615,573,457,427,327,298,255,202,119,96,55,21,14,0,0.50108981165819033,"                       Cientos de personas"]
[null,null,null,null,124,-33716,-3375,-3613,-3433,-3340,-3168,-2561,-2258,-2162,-2285,-1764,-1453,-1046,-984,-705,-618,-374,-322,-173,-66,-16,0,0.49206789357696407,34803,3399,3192,3503,3439,2996,2874,2493,2411,2327,1788,1569,1264,997,940,681,416,208,160,108,33,5,0.50793210642303599,"                           Miles de personas"]
[null,null,null,null,125,-9092,-1066,-1036,-1116,-699,-544,-607,-656,-649,-625,-430,-372,-354,-295,-208,-172,-140,-68,-35,-15,-5,0,0.47983956090352542,9856,949,1007,1025,966,848,774,654,744,599,518,475,285,285,248,222,135,58,35,29,0,0,0.52016043909647458,"                           Miles de personas"]
[null,null,null,null,1,2,3,4,5,6,7,8,9,10,11,12,13,14,15,16,17,18,19,20,21,22,23,24,25,26,27,28,29,30,31,32,33,34,35,36,37,38,39,40,41,42,43,44,45,46,47,48,49]
[]
[null,null,null,"Norte",1,-38014,-4510,-4165,-4109,-3810,-3114,-2479,-2171,-2168,-2139,-1764,-1554,-1264,-1078,-1021,-963,-670,-517,-316,-139,-48,-15,-0.48504567957944161,40358,4451,4131,4053,3825,3313,2783,2609,2358,2230,1885,1773,1460,1264,1158,985,820,648,333,209,49,21,0.51495432042055833,"                           Miles de personas"]
[null,null,null,"Altos Norte",2,-198174,-20904,-21223,-21191,-19705,-17944,-14673,-14031,-12924,-11768,-9497,-8411,-6597,-5929,-4851,-3543,-2239,-1418,-785,-374,-139,-28,-0.48657567342609437,209109,20595,20718,20905,19570,18724,16640,15452,14567,13056,10017,9652,7832,6248,5463,3663,2459,1771,1066,498,182,31,0.51342432657390558,"                           Miles de personas"]
[null,null,null,"Altos Sur",3,-192999,-19016,-19440,-21205,-18170,-16018,-14895,-13148,-12632,-12318,-10033,-8786,-6619,-5867,-4956,-3747,-2632,-1861,-1051,-455,-139,-11,-0.48291401333650275,206656,18761,19197,20253,19155,18157,16546,14953,13701,13178,11354,10287,7403,7119,5642,4246,3028,2003,1010,456,170,37,0.51708598666349725,"                           Miles de personas"]
[null,{"$f":"VLOOKUP(DatosR!F142,grapob!E130:AY142,1,FALSE)","v":14},null,"Ciénega",4,-196797,-19983,-20702,-20519,-19511,-17073,-13863,-13005,-13061,-12803,-10021,-8752,-7124,-5925,-5036,-3700,-2674,-1670,-842,-365,-132,-36,-0.48947659032572577,205259,19254,19531,20854,18398,18109,15619,14532,14585,13506,11190,9451,7790,6387,5600,4197,2647,1788,1047,559,167,48,0.51052340967427423,"                           Miles de personas"]
[null,"Hombres","Mujeres","Sureste",5,-79747,-7970,-7970,-7777,-7341,-6895,-5694,-5192,-5060,-4919,-3797,-3428,-2926,-2739,-2676,-2027,-1561,-915,-547,-207,-91,-15,-0.48717713755101044,83945,7893,7855,7733,7218,6964,6276,5789,5569,5307,4165,4046,3615,3050,2706,2177,1456,1027,644,281,140,34,0.51282286244898956,"                           Miles de personas"]
["0 - 4 años",{"$f":"VLOOKUP(DatosR!F$142,E$130:AY$142,3,FALSE)","v":-358751},{"$f":"VLOOKUP(DatosR!F$142,E$130:AY$142,26,FALSE)","v":350595},"Sur",6,-146931,-13996,-13992,-13892,-13322,-13334,-11633,-10026,-9186,-8638,-7672,-7261,-5871,-5087,-4467,-3387,-2306,-1393,-876,-421,-148,-23,-0.4884885317517047,153856,13282,12954,13674,12905,13647,12523,10896,10552,9571,8345,8114,6954,5746,4888,3560,2514,1861,1077,597,161,35,0.5115114682482953,"                           Miles de personas"]
["5 - 9 años",{"$f":"VLOOKUP(DatosR!F$142,E$130:AY$142,4,FALSE)","v":-370068},{"$f":"VLOOKUP(DatosR!F$142,E$130:AY$142,27,FALSE)","v":360013},"Sierra de Amula",7,-84382,-8167,-8161,-7785,-7413,-6938,-6156,-5533,-5457,-5234,-4373,-4129,-3384,-2818,-2590,-2216,-1665,-1184,-715,-347,-97,-20,-0.49130713245997087,87368,7954,8025,7481,7240,6999,7085,6215,5648,5239,4758,4630,3739,3067,2780,2363,1562,1154,790,442,159,38,0.50869286754002907,"                           Miles de personas"]
["10 - 14 años",{"$f":"VLOOKUP(DatosR!F$142,E$130:AY$142,5,FALSE)","v":-373802},{"$f":"VLOOKUP(DatosR!F$142,E$130:AY$142,28,FALSE)","v":371092},"Costa Sur",8,-76761,-7546,-7843,-7707,-7374,-5857,-5386,-4847,-4803,-4694,-4012,-3778,-3190,-2557,-2329,-1927,-1322,-837,-416,-228,-59,-49,-0.50480067340953028,75301,7178,7546,7369,6877,5875,5676,5060,4917,4561,4022,3728,2975,2674,2356,1701,1226,712,554,206,82,6,0.49519932659046967,"                           Miles de personas"]
["15 - 19 años",{"$f":"VLOOKUP(DatosR!F$142,E$130:AY$142,6,FALSE)","v":-361560},{"$f":"VLOOKUP(DatosR!F$142,E$130:AY$142,29,FALSE)","v":353805},"Costa-Sierra Occidental",9,-166522,-13947,-16097,-16048,-16276,-14467,-13972,-12354,-12233,-11585,-9513,-8206,-6354,-4886,-4008,-2909,-1960,-930,-429,-245,-88,-15,-0.50039966584329498,166256,13846,14786,14698,15101,14324,14352,13976,13399,11243,9521,8131,6887,5265,4108,2765,1883,937,584,310,129,11,0.49960033415670507,"                           Miles de personas"]
["20 - 24 años",{"$f":"VLOOKUP(DatosR!F$142,E$130:AY$142,7,FALSE)","v":-355017},{"$f":"VLOOKUP(DatosR!F$142,E$130:AY$142,30,FALSE)","v":354508},"Valles",10,-155752,-15263,-16040,-16402,-14962,-13313,-10804,-10498,-10099,-10443,-7707,-6871,-6068,-4881,-4131,-3249,-2288,-1421,-820,-368,-106,-18,-0.49152660047842361,161122,15003,15979,16133,14863,12874,12148,11603,11270,10423,8581,7788,6504,5090,4430,3168,2279,1616,844,380,131,15,0.50847339952157644,"                           Miles de personas"]
["25 - 29 años",{"$f":"VLOOKUP(DatosR!F$142,E$130:AY$142,8,FALSE)","v":-304138},{"$f":"VLOOKUP(DatosR!F$142,E$130:AY$142,31,FALSE)","v":323194},"Lagunas",11,-104110,-10281,-10281,-10274,-9393,-8617,-7419,-7036,-6392,-6800,-5307,-4796,-4011,-3403,-3230,-2540,-1843,-1223,-774,-374,-99,-17,-0.48795005671112945,109252,10201,10230,9989,9225,8862,7890,7702,7529,7111,5854,5243,4617,3976,3164,2812,1893,1391,872,483,173,35,0.51204994328887055,"                           Miles de personas"]
["30 - 34 años",{"$f":"VLOOKUP(DatosR!F$142,E$130:AY$142,9,FALSE)","v":-288191},{"$f":"VLOOKUP(DatosR!F$142,E$130:AY$142,32,FALSE)","v":308886},"Centro",12,-2393431,-217168,-224154,-226893,-224283,-231447,-197164,-190350,-169301,-169240,-130478,-114405,-86405,-72792,-53006,-37329,-23335,-14590,-7232,-2886,-827,-146,-0.48813682175119621,2509766,212177,219061,227950,219428,226660,205656,200099,184156,176804,145608,130560,101625,85869,64055,44428,28947,19254,10942,4644,1701,142,0.51186317824880379,"                           Millones de personas"]
["35 - 39 años",{"$f":"VLOOKUP(DatosR!F$142,E$130:AY$142,10,FALSE)","v":-263316},{"$f":"VLOOKUP(DatosR!F$142,E$130:AY$142,33,FALSE)","v":288251},"Jalisco",14,-3833620,-358751,-370068,-373802,-361560,-355017,-304138,-288191,-263316,-260581,-204174,-180377,-139813,-117962,-92301,-67537,-44495,-27959,-14803,-6409,-1973,-393,-0.48886566313026436,4008248,350595,360013,371092,353805,354508,323194,308886,288251,272229,225300,203403,161401,135755,106350,76065,50714,34162,19763,9065,3244,453,0.51113433686973564,"                           Millones de personas"]
["40 - 44 años",{"$f":"VLOOKUP(DatosR!F$142,E$130:AY$142,11,FALSE)","v":-260581},{"$f":"VLOOKUP(DatosR!F$142,E$130:AY$142,34,FALSE)","v":272229}]
["45 - 49 años",{"$f":"VLOOKUP(DatosR!F$142,E$130:AY$142,12,FALSE)","v":-204174},{"$f":"VLOOKUP(DatosR!F$142,E$130:AY$142,35,FALSE)","v":225300}]
["50 - 54 años",{"$f":"VLOOKUP(DatosR!F$142,E$130:AY$142,13,FALSE)","v":-180377},{"$f":"VLOOKUP(DatosR!F$142,E$130:AY$142,36,FALSE)","v":203403}]
["55 - 59 años",{"$f":"VLOOKUP(DatosR!F$142,E$130:AY$142,14,FALSE)","v":-139813},{"$f":"VLOOKUP(DatosR!F$142,E$130:AY$142,37,FALSE)","v":161401}]
["60 - 64 años",{"$f":"VLOOKUP(DatosR!F$142,E$130:AY$142,15,FALSE)","v":-117962},{"$f":"VLOOKUP(DatosR!F$142,E$130:AY$142,38,FALSE)","v":135755}]
["65 - 69 años",{"$f":"VLOOKUP(DatosR!F$142,E$130:AY$142,16,FALSE)","v":-92301},{"$f":"VLOOKUP(DatosR!F$142,E$130:AY$142,39,FALSE)","v":106350}]
["70 - 74 años",{"$f":"VLOOKUP(DatosR!F$142,E$130:AY$142,17,FALSE)","v":-67537},{"$f":"VLOOKUP(DatosR!F$142,E$130:AY$142,40,FALSE)","v":76065}]
["75 - 79 años",{"$f":"VLOOKUP(DatosR!F$142,E$130:AY$142,18,FALSE)","v":-44495},{"$f":"VLOOKUP(DatosR!F$142,E$130:AY$142,41,FALSE)","v":50714}]
["80 - 84 años",{"$f":"VLOOKUP(DatosR!F$142,E$130:AY$142,19,FALSE)","v":-27959},{"$f":"VLOOKUP(DatosR!F$142,E$130:AY$142,42,FALSE)","v":34162}]
["85 - 89 años",{"$f":"VLOOKUP(DatosR!F$142,E$130:AY$142,20,FALSE)","v":-14803},{"$f":"VLOOKUP(DatosR!F$142,E$130:AY$142,43,FALSE)","v":19763}]
["90 - 94 años",{"$f":"VLOOKUP(DatosR!F$142,E$130:AY$142,21,FALSE)","v":-6409},{"$f":"VLOOKUP(DatosR!F$142,E$130:AY$142,44,FALSE)","v":9065}]
["95 - 99 años",{"$f":"VLOOKUP(DatosR!F$142,E$130:AY$142,22,FALSE)","v":-1973},{"$f":"VLOOKUP(DatosR!F$142,E$130:AY$142,45,FALSE)","v":3244}]
["100 años y más",{"$f":"VLOOKUP(DatosR!F$142,E$130:AY$142,23,FALSE)","v":-393},{"$f":"VLOOKUP(DatosR!F$142,E$130:AY$142,46,FALSE)","v":453}]

{"sheet":"AsisEscZMG","index":17,"n_rows":35,"n_cols":23,"rows_kept":35,"cut":false,"hidden":true,"merged":[]}
["Clave","Región","Clave","Municipio","Tasa de asistencia 3 a 5 años","Tasa de asistencia 6 a 11 años","Tasa de asistencia 12 a 14 años","Tasa de asistencia 15 a 24 años"]
[null,null,14,"Jalisco",0.61474816891219497,0.97501068771910204,0.92086327742782603,0.42814743594242399]
[1,"Norte",1,"Norte",0.61849261849261805,0.95724811514736097,0.89850898000677704,0.391454492244659]
[2,"Altos Norte",2,"Altos Norte",0.56365235749472198,0.97184398799907701,0.90656574672426704,0.34051431463809101]
[3,"Altos Sur",3,"Altos Sur",0.58759360811368599,0.972418412079883,0.87760069545059405,0.32442599025673702]
[4,"Ciénega",4,"Ciénega",0.59956865564342199,0.97410798863277503,0.91001564945226898,0.40331895606404]
[5,"Sureste",5,"Sureste",0.58655031774637201,0.97797124720877104,0.90547406768286798,0.340867106806098]
[6,"Sur",6,"Sur",0.60081693278871195,0.97004758794438795,0.91986605404563504,0.38410244477086602]
[7,"Sierra de Amula",7,"Sierra de Amula",0.58782528850769,0.97685245474671201,0.90620829891338905,0.38012188475449599]
[8,"Costa Sur",8,"Costa Sur",0.65996602491506196,0.98010102556252898,0.92685714285714305,0.36085046915551999]
[9,"Costa-Sierra Occidental",9,"Costa-Sierra Occidental",0.617207086052033,0.96985900613546805,0.92347004787165199,0.418034663261724]
[10,"Valles",10,"Valles",0.65122768495328298,0.98335308485364403,0.93599206673754798,0.48610517188131003]
[11,"Lagunas",11,"Lagunas",0.60281385281385302,0.97967725433660402,0.91500564121850303,0.35830200501253101]
[12,"Centro",12,"Centro",0.63115937049000104,0.973537815616071,0.93146502001764298,0.48603839441535801,null,null,null,null,null,null,null,null,null,null,"Relación hombre-mujer:","Edad mediana","Razón de dependencia","Porcentaje hombres","Porcentaje de mujeres"]
[1,"ZMG",null,"ZMG",{"$f":"E35/J25","v":0.51579180802390368},{"$f":"F35/K25","v":0.97383638581793874},{"$f":"G35/L25","v":0.92747038839408691},{"$f":"H35/M25","v":0.4575741225439105},null,"Tasa de asistencia 3 a 5 años","Tasa de asistencia 6 a 11 años","Tasa de asistencia 12 a 14 años","Tasa de asistencia 15 a 24",null,null,null,null,null,95.386033361378793,27.755888190621892,50.194435959672958,0.48819269074855676,0.51180730925144324]
[2,"Centro",39,"Guadalajara",0.50862068965517204,0.98044009779951102,0.91346153846153799,0.361408882082695,"Guadalajara",121203.99999999999,132933.00000000006,72276.000000000044,263889.00000000006,null,null,null,null,null,93.175509944884411,30.950561433231801,46.798448232334664,0.48233603716883494,0.51766396283116511]
[3,"Centro",44,"Ixtlahuacán de los Membrillos",0.58111138798903506,0.96005064003376017,0.90738978750396404,0.33148169141820599,"Ixtlahuacán de los Membrillos",7455.0000000000055,7108.9999999999991,3153,8820.9999999999982,null,null,null,null,null,97.509029303347361,24.982200275608637,60.433571515078114,0.49369403336789519,0.50630596663210481]
[4,"Centro",51,"Juanacatlán",0.524031007751938,0.94269870609981521,0.91585127201565497,0.32522796352583599,"Juanacatlán",2482,2164,1022.0000000000002,3289.9999999999991,null,null,null,null,null,99.721913236929922,25.059742647058822,59.677849959953718,0.49930381509328875,0.50069618490671131]
[5,"Centro",70,"El Salto",0.59009009009008995,0.98625792811839308,0.85831622176591404,0.25338345864661699,"El Salto",24311,24353.000000000011,11693,35420.000000000007,null,null,null,null,null,98.946900351394731,23.812123163378796,57.906115417743322,0.49735331476201639,0.50264668523798361]
[6,"Centro",97,"Tlajomulco de Zúñiga",0.69216417910447703,0.98362235067437354,0.91949910554561698,0.41756919374247903,"Tlajomulco de Zúñiga",74260.000000000058,77855.000000000015,39743.999999999971,124103.00000000003,null,null,null,null,null,96.410965857704085,24.663197928089783,58.282682436891719,0.49086345783540397,0.50913654216459603]
[7,"Centro",98,"Tlaquepaque",0.61309977151561301,0.98979992153785779,0.86115702479338796,0.29156153630501802,"San Pedro Tlaquepaque",74638,75888,35604.999999999993,91476.999999999985,null,null,null,null,null,98.035427307232453,26.505420989773832,52.459803160635801,0.49503984534615691,0.50496015465384314]
[8,"Centro",101,"Tonalá",0.63600867678958795,0.94973111994388604,0.89641608391608396,0.34821720641151399,"Tonalá",67523,65446.999999999985,33618,101869,null,null,null,null,null,95.981385623208752,24.959974080350911,53.906602291429117,0.48974745901501743,0.51025254098498263]
[9,"Centro",120,"Zapopan",0.63822535582113105,0.97394943124889455,0.93547203882399499,0.50294244181227599,"Zapopan",133984.99999999997,135736.00000000006,70884,253360.99999999994,null,null,null,null,null,95.175805485195596,28.11596017511895,46.438428466182117,0.48764141256440124,0.5123585874355987]
[10,"Centro",124,"Zapotlanejo",0.63023296549308105,0.9823433538572981,0.95379713223579399,0.53132603406325996,"Zapotlanejo",8206,8029,4279.9999999999991,12943,null,null,null,null,null,96.87670603108927,25.737350505979762,58.685935292619092,0.49206789357696407,0.50793210642303588]
[null,null,null,null,null,null,null,null,null,{"$f":"SUM(J16:J24)","v":514064},{"$f":"SUM(K16:K24)","v":529514.00000000012},272275,895173]
[null,null,null,"Guadalajara",63399.000000000015,130849.00000000003,68520.000000000015,136988]
[null,null,null,"Ixtlahuacán de los Membrillos",4013.0000000000036,6825,2860.9999999999995,2924]
[null,null,null,"Juanacatlán",1289.9999999999998,2040,935.99999999999989,1070]
[null,null,null,"El Salto",12666.999999999998,23394.999999999996,10577.999999999998,12286.999999999998]
[null,null,null,"Tlajomulco de Zúñiga",38849.000000000022,73472.000000000029,32794.999999999985,36628]
[null,null,null,"Tlaquepaque",38085,75408.999999999985,36295.999999999978,49452.000000000007]
[null,null,null,"Tonalá",34302.000000000007,63734.999999999993,30580.000000000011,39414]
[null,null,null,"Zapopan",68362.999999999971,132200.00000000003,66310.000000000029,127426.00000000003]
[null,null,null,"Zapotlanejo",4181.9999999999991,7734.9999999999982,3650.9999999999991,3418.9999999999991]
[null,null,null,null,{"$f":"SUM(E26:E34)","v":265150},{"$f":"SUM(F26:F34)","v":515660.00000000012},252527,409608]

{"sheet":"dist.terrZMG","index":18,"n_rows":25,"n_cols":8,"rows_kept":25,"cut":false,"hidden":true,"merged":[]}
["Clave","Región",null,"Clave","Municipio","Superficie en Km²","Densidad ","Municipios / localidades"]
[]
[null,null,null,14,"Jalisco",78583.573519409489,99.827860310557043,125]
[1,"Norte",null,1,"Región Norte",8816.142045304754,8.8978829511688442,10]
[2,"Altos Norte",null,2,"Región Altos Norte",8250.1200558145811,49.383160153270452,8]
[3,"Altos Sur",null,3,"Región Altos Sur",6603.5215560473116,60.531944449237763,12]
[4,"Ciénega",null,4,"Región Ciénega",3763.2590022338163,106.87518445083383,9]
[5,"Sureste",null,5,"Región Sureste",3615.3134642989526,45.29261476687811,10]
[6,"Sur",null,6,"Región Sur",8331.7525460457055,36.11137012738034,12]
[7,"Sierra de Amula",null,7,"Región Sierra de Amula",5794.8124060715909,29.648932175955139,14]
[8,"Costa Sur",null,8,"Región Costa Sur",9288.1694392476948,16.377069883893135,6]
[9,"Costa-Sierra Occ",null,9,"Región Costa-Sierra Occidental",9258.3650717818618,35.945655352727393,8]
[10,"Valles",null,10,"Región Valles",5604.8515836223396,56.556894552974356,12]
[null,"Lagunas",null,11,"Región Lagunas",3808.5158022318924,56.038627928214929,12]
[11,"Centro",null,12,"Región Centro",5448.7505467090123,900.25941873274837,12]
[1,"ZMG",1,null,"ZMG",3453.568765330288,1408.7230718669982,9]
[2,"Centro",2,39,"Guadalajara                                       ",151.42102253733972,9642.9675056509022,2]
[3,"Centro",3,44,"Ixtlahuacán de los Membrillos                     ",202.38769838967161,262.0959693798614,105]
[4,"Centro",4,51,"Juanacatlán                                       ",138.3125325018872,129.81470062920735,24]
[5,"Centro",5,70,"El Salto                                          ",87.859429390294636,2087.8464755914215,28]
[6,"Centro",6,97,"Tlajomulco de Zúñiga                              ",713.95317439399525,769.57708111091085,272]
[7,"Centro",7,98,"Tlaquepaque                                       ",110.44196169179529,6013.9551111336586,31]
[8,"Centro",8,101,"Tonalá                                            ",166.10442274092836,3227.5540359100955,59]
[9,"Centro",9,120,"Zapopan                                           ",1163.6299062348489,1144.9276035804419,234]
[10,"Centro",10,124,"Zapotlanejo",719.4586174495272,95.236888318745969,200]

{"sheet":"PEAZMG","index":19,"n_rows":24,"n_cols":19,"rows_kept":24,"cut":false,"hidden":true,"merged":[]}
["Clave","Region","Clave","Municipio","% PEA Total"," % PEA Hombres","% PEA  Mujeres","% Ocupada total","% Ocupada hombres","% Ocupada mujeres","% Desocupada total","% Desocupada hombres","% Desocupada mujeres","% PNEA Total","% PNEA Hombres","% PNEA Mujeres","% No especificado Total","% No especificado Hombres","% No especificado mujeres"]
[null,null,14,"Jalisco",0.53319526835493403,0.70416627074689997,0.372736343481056,0.96299558903269999,0.95541527904168011,0.976435669360325,3.7004410967299402E-2,4.4584720958319599E-2,2.3564330639675002E-2,0.464120486523521,0.29348560097577098,0.62426396055076094,2.6842451215448996E-3,2.3481282773280001E-3,2.9996959681826002E-3]
[1,"Norte",1,"Norte",0.35639779273123567,0.52560344515615387,0.2014514846235419,0.32705980037710392,0.47088625918286103,0.19535392364793214,2.9337992354131707E-2,5.4717185973292802E-2,6.0975609756097563E-3,0.63868947741701121,0.47019867549668876,0.79298117709437965,4.9127298517531873E-3,4.1978793471573843E-3,5.5673382820784732E-3]
[2,"Altos Norte",2,"Altos Norte",0.50252500633688846,0.7049598144452236,0.3141835518474374,0.48574362574011609,0.67660742219105674,0.30816761809171317,1.6781380596772411E-2,2.8352392254166889E-2,6.0159337557242334E-3,0.49497923450387032,0.2930511354441987,0.68284925663383733,2.495759159241133E-3,1.9890501105777011E-3,2.9671915187252994E-3]
[3,"Altos Sur",3,"Altos Sur",0.52653034665625564,0.72439556233039171,0.34682005562729712,0.50997348429391764,0.69626708044814178,0.34077307042813154,1.6556862362337936E-2,2.8128481882250006E-2,6.0469851991655907E-3,0.47140045223106081,0.27361527892653781,0.65103804509784435,2.0692011126836173E-3,1.9891587430704138E-3,2.1418992748584486E-3]
[4,"Ciénega",4,"Ciénega",0.46976510603328236,0.67573966891973936,0.27700796050679577,0.45012375712948682,0.64164676677324917,0.27089080659314296,1.9641348903795545E-2,3.4092902146490196E-2,6.1171539136528055E-3,0.527573871103444,0.32212868148028223,0.71983561332516866,2.6610228632736447E-3,2.131649599978414E-3,3.1564261680355034E-3]
[5,"Sureste",5,"Sureste",0.49767711962833916,0.67957723255507185,0.32810722739709186,0.47803605237617935,0.64587455480807276,0.32157459497678992,1.9641067252159802E-2,3.3702677746999074E-2,6.5326324203018845E-3,0.4986237729304886,0.3166798575385833,0.66823449844753913,3.699107441172259E-3,3.7429099063448095E-3,3.6582741553690553E-3]
[6,"Sur",6,"Sur",0.48839352449548146,0.67007345614236202,0.31961727191552458,0.47526245158660052,0.64790433946790582,0.31488232258275922,1.3131072908880886E-2,2.2169116674456136E-2,4.7349493327653583E-3,0.50976761568254392,0.32866553204998189,0.67800706146422984,1.8388598219745871E-3,1.2610118076560172E-3,2.3756666202455947E-3]
[7,"Sierra de amula",7,"Sierra de amula",0.47149633915122263,0.65023145656152437,0.30162535079513564,0.4532033363559379,0.61828891315380707,0.29630495790458372,1.8293002795284737E-2,3.1942543407717267E-2,5.320392890551918E-3,0.52497395813817549,0.34675422542792556,0.69435512160898039,3.5297027106018482E-3,3.0143180105501131E-3,4.0195275958840038E-3]
[8,"Costa Sur",8,"Costa Sur",0.4651827614414259,0.66454817987152037,0.26369459833795011,0.44332888448788049,0.62615845824411132,0.25855263157894737,2.1853876953545442E-2,3.8389721627408994E-2,5.1419667590027699E-3,0.53067550695311494,0.33286509635974304,0.73059210526315799,4.1417316054591638E-3,2.5867237687366169E-3,5.7132963988919669E-3]
[9,"Costa-Sierra Occidental",9,"Costa-Sierra Occidental",0.56176139077275766,0.70301543588438131,0.42313690458165526,0.54550004776005356,0.67627070267601608,0.4171637949308058,1.6261343012704176E-2,2.6744733208365155E-2,5.9731096508494072E-3,0.43632438628331266,0.29552660202263309,0.57450110529025222,1.9142229439296974E-3,1.4579620929855825E-3,2.3619901280925414E-3]
[10,"Valles",10,"Valles",0.47508183289123573,0.65950553411644974,0.29936321174017744,0.45631509904780032,0.62618209575505701,0.29446608375220207,1.8766733843435367E-2,3.3323438361392649E-2,4.8971279879753684E-3,0.52331668397813369,0.33906958992409142,0.6988670340859503,1.6014831306305375E-3,1.4248759594588864E-3,1.7697541738722869E-3]
[11,"Lagunas",11,"Lagunas",0.45405863144556002,0.65730917521356758,0.26378305692514564,0.43797519251389028,0.62947609807726235,0.25869919082780912,1.6083438931669754E-2,2.7833077136305218E-2,5.0838660973365731E-3,0.54263938980407445,0.33993145679510123,0.73240699238009865,3.3019787503655328E-3,2.7593679913313009E-3,3.8099506947557151E-3]
[12,"Centro",12,"Centro",0.55705250702650988,0.7183317601097069,0.40596126760563378,0.53612594788409984,0.68639693130113644,0.39534758551307847,2.0926559142409994E-2,3.1934828808570369E-2,1.0613682092555332E-2,0.44019142856697635,0.27918061358943053,0.59103118712273639,2.7560644065137861E-3,2.4876263008626418E-3,3.0075452716297785E-3]
[1,"ZMG",null,"ZMG",0.55844679532670571,0.71933172675121482,0.40769446383215802,0.53778782225121968,0.68741213158827108,0.39701829642571707,2.0963969233331013E-2,3.1919595162943695E-2,1.0676167406440982E-2,0.43867975875719339,0.27805987628776774,0.58918373419014336,2.8734459161009283E-3,2.6083969610173948E-3,3.1218019776988091E-3]
[2,"Centro",39,"Guadalajara",0.55267205591008195,0.69580239282880496,0.42169042235931997,0.96192268951965798,0.95445176937933196,0.97320362158027807,3.8077310480342103E-2,4.5548230620667596E-2,2.6796378419721999E-2,0.44577073813387402,0.30261766651445898,0.57677317669564099,1.5572059560431E-3,1.5799406567343999E-3,1.5364009450374999E-3]
[3,"Centro",44,"Ixtlahuacán de los Membrillos",0.51171143035602695,0.72086677367576202,0.313621161447248,0.94395280235988199,0.93653974615898405,0.96009048311520406,5.6047197640117903E-2,6.3460253841015307E-2,3.9909516884795597E-2,0.46379866749947901,0.26249331193151398,0.65445424141076303,2.4489902144492998E-2,1.6639914392723301E-2,3.1924597141988399E-2]
[4,"Centro",51,"Juanacatlán",0.52666014890576796,0.73467534433176895,0.32122571001494699,0.97229758674853595,0.97074577667902706,0.97580269892973504,2.7702413251463599E-2,2.92542233209723E-2,2.4197301070265201E-2,0.47093329322403499,0.26335704555774098,0.67593423019431897,2.4065578701962E-3,1.9676101104887998E-3,2.8400597907323999E-3]
[5,"Centro",70,"El Salto",0.53249173875914302,0.732276063734558,0.33450626136582001,0.9593629720533271,0.95273312552207401,0.97374585635359101,4.0637027946672601E-2,4.7266874477925096E-2,2.6254143646408799E-2,0.46572606096610103,0.26597839708778404,0.66367520735691998,1.7822002747558E-3,1.7455391776570002E-3,1.8185312772594001E-3]
[6,"Centro",97,"Tlajomulco de Zúñiga",0.555795509270406,0.74623055035759089,0.37338250676462004,0.96616258027248603,0.96090851630987406,0.97622085147238702,3.3837419727513501E-2,3.9091483690126098E-2,2.3779148527612998E-2,0.43939872782727302,0.249878239470918,0.62093570295580702,4.8057629023196E-3,3.8912101714900001E-3,5.6817902795715004E-3]
[7,"Centro",98,"Tlaquepaque",0.56045289359540396,0.73113606952854093,0.39700055077873897,0.95528340497331299,0.94677585001311004,0.97028758610722998,4.4716595026686304E-2,5.3224149986889201E-2,2.97124138927694E-2,0.43706576530811603,0.26667518732126599,0.600237905816835,2.4813410964791998E-3,2.1887431501924999E-3,2.7615434044245004E-3]
[8,"Centro",101,"Tonalá",0.57624813220744497,0.74850238292053206,0.41309012875536405,0.96667815299793203,0.96071306837548609,0.976915876915877,3.3321847002067501E-2,3.9286931624514201E-2,2.3084123084122998E-2,0.42041590341588803,0.248823847574727,0.58294668058616506,3.3359643766661001E-3,2.6737695047402998E-3,3.9631906584696001E-3]
[9,"Centro",120,"Zapopan",0.56467966185640006,0.71651262996846399,0.423115272506286,0.96471121827419593,0.95867241886459398,0.97424584489023602,3.5288781725803603E-2,4.1327581135405397E-2,2.5754155109763702E-2,0.432760156454501,0.28083726230992601,0.57440839007136002,2.5601816890984002E-3,2.6501077216098002E-3,2.4763374223528999E-3]
[10,"Centro",124,"Zapotlanejo",0.54251778746844104,0.73212463699866503,0.36224908588911198,0.95794112462541803,0.94698756432247,0.978988567308682,4.2058875374581299E-2,5.3012435677529994E-2,2.1011432691317302E-2,0.45321704536760699,0.2650890824896,0.63207969554510801,4.2651671639506996E-3,2.7862805117336996E-3,5.6712185657785998E-3]

{"sheet":"TasaalfZMG","index":20,"n_rows":37,"n_cols":9,"rows_kept":37,"cut":false,"hidden":true,"merged":[]}
["Clave","Región","Clave","Nombre del Municipio","Tasa de alfabetización 15 a 24 años","Tasa de alfabetización 25 años y más"]
[null,null,14,"Jalisco",0.98722918962165496,0.94843506800949895]
[1,"Norte",1,"Norte",0.95896742995306505,0.84150574683088597]
[2,"Altos Norte",2,"Altos Norte",0.98567346562553504,0.90747993236282998]
[3,"Altos Sur",3,"Altos Sur",0.98560839160839198,0.909740682794139]
[4,"Ciénega",4,"Ciénega",0.98422514399857697,0.91829792141148003]
[5,"Sureste",5,"Sureste",0.98303891899500295,0.91519823788546195]
[6,"Sur",6,"Sur",0.98738911441888499,0.91532007551767602]
[7,"Sierra de Amula",7,"Sierra de Amula",0.98583420776495301,0.92999068774653904]
[8,"Costa Sur",8,"Costa Sur",0.97294384790055,0.89038200024724901]
[9,"Sierra Occidental",9,"Costa-Sierra Occidental",0.99183951602180498,0.95698954079961596]
[10,"Valles",10,"Valles",0.98919874312647305,0.94191830982522495]
[11,"Lagunas",11,"Lagunas",0.98609302712136704,0.92509266442547999]
[12,"Centro",12,"Centro",0.98836683233202205,0.96492563882398297]
[1,"ZMG",null,"ZMG",{"$f":"E37/H25","v":0.98836649452117076},{"$f":"F37/I25","v":0.9649021738475172},"Total","15 a 24","24 o más"]
[2,"Centro",39,"Guadalajara",0.99242863476689003,0.97406692828684804,null,263889.00000000006,869846.00000000023]
[3,"Centro",44,"Ixtlahuacán de los Membrillos",0.98231493028001304,0.95924385633270304,null,8820.9999999999982,26506.999999999996]
[4,"Centro",51,"Juanacatlán",0.98966565349544,0.95592654424040002,null,3289.9999999999991,8997]
[5,"Centro",70,"El Salto",0.98130999435347299,0.95853892543859598,null,35420.000000000007,87660]
[6,"Centro",97,"Tlajomulco de Zúñiga",0.98878406594007195,0.968119260988343,null,91476.999999999985,271834]
[7,"Centro",98,"Tlaquepaque",0.98495604457587704,0.95246470272118799,null,124103.00000000003,348231]
[8,"Centro",101,"Tonalá",0.98560896838095902,0.96206361375493199,null,101869,267654]
[9,"Centro",120,"Zapopan",0.98819471031453099,0.96596316833132501,null,253360.99999999994,738306]
[10,"Centro",124,"Zapotlanejo",0.98346596615931303,0.91540458058811802,null,12943,35061]
[null,null,null,null,null,null,null,{"$f":"SUM(H16:H24)","v":895173},{"$f":"SUM(I16:I24)","v":2654096}]
[]
[]
[null,null,null,"Guadalajara",261891,846658]
[null,null,null,"Ixtlahuacán de los Membrillos",8665,25372]
[null,null,null,"Juanacatlán",3256,8589]
[null,null,null,"El Salto",34758,83922]
[null,null,null,"Tlajomulco de Zúñiga",90451,262947]
[null,null,null,"Tlaquepaque",122236,331432]
[null,null,null,"Tonalá",100403,257251]
[null,null,null,"Zapopan",250370,712677]
[null,null,null,"Zapotlanejo",12729,32095]
[null,null,null,null,{"$f":"SUM(E28:E36)","v":884759},{"$f":"SUM(F28:F36)","v":2560943}]

{"sheet":"PneaZMG","index":21,"n_rows":24,"n_cols":20,"rows_kept":24,"cut":false,"hidden":true,"merged":[]}
["Clave","Región","Clave","Municipio","Estudiantes","Personas dedicadas a los quehaceres del hogar","Pensionados o jubilados","Personas con alguna limitación física o mental permanente que les impide trabajar","Personas en otras actividades no económicas",null,null,null,null,"Municipio","Población no económicamente activa de 12 años y más","Estudiantes","Personas dedicadas a los quehaceres del hogar","Pensionados o jubilados","Personas con alguna limitación física o mental que les impide trabajar","Personas en otras actividades no económicas"]
[null,null,14,"Jalisco",0.317879600995712,6.6341041504333204E-2,0.45704749666397099,3.8206223233720998E-2,0.12052563760226299,null,1,null,2,"Guadalajara",537316,184446.99999999994,223912,65206,19824,43927]
[1,"Norte",1,"Norte",0.24120112836466201,0.47660225145659202,1.36827397115816E-2,5.31491392264902E-2,0.21536474124067401,null,null,null,null,"Ixtlahuacán de los Membrillos",17821,5125,9406,910,357,2023]
[2,"Altos Norte",2,"Altos Norte",0.27802932534214098,0.50934371605019302,2.6554673316271801E-2,4.3331802174245898E-2,0.14274048311714799,null,0.22703207723450639,null,0.30081288608336021,"Juanacatlán",6261.9999999999991,1695.9999999999995,3075.9999999999995,404,154,932]
[3,"Altos Sur",3,"Altos Sur",0.24017059580782399,0.51494187360580201,2.2857479781055599E-2,5.7900374406697999E-2,0.16412967639862,null,0.64761756462161335,null,0.5901793153142334,"El Salto",62717,20292.000000000004,30526,3500,1159,7240]
[4,"Ciénega",4,"Ciénega",0.27699962912597398,0.50065521078007202,4.3497342069477099E-2,4.3330448757571999E-2,0.135517369266906,null,2.1644347555278731E-2,null,2.6105427497016415E-2,"Tlajomulco de Zúñiga",175183,61221.999999999993,87302,6363,3810,16486]
[5,"Sureste",5,"Sureste",0.23898359601157901,0.47392121345499499,7.8414111831524802E-2,5.2851653095427498E-2,0.155829425606474,null,5.0295857988165688E-2,null,3.5082452018704635E-2,"San Pedro Tlaquepaque",223698.99999999997,75002.999999999971,103937,14546,7169,23044]
[6,"Sur",6,"Sur",0.29375786192186398,0.45414106794523501,4.8019251453885803E-2,4.48289063496983E-2,0.15925291232931699,null,5.3410152600436002E-2,null,4.7819919086685328E-2,"Tonalá",169378.00000000003,59120.000000000022,77743,7744,5845,18926]
[7,"Sierra de Amula",7,"Sierra de Amula",0.248425380533038,0.46441068408468,4.1960692832565497E-2,5.4411850469469898E-2,0.19079139208024701,null,null,null,null,"Zapopan",459606,170042.00000000003,190930,38251,13775,46608.000000000007]
[9,"Costa Sur",8,"Costa Sur",0.25941911406782397,0.484406944669804,3.11536589323381E-2,5.3561577153983402E-2,0.171458705176051,null,null,null,null,"Zapotlanejo",23696,6227.0000000000009,11811,608,1690,3360]
[10,"Costa-Sierra Occidental",9,"Costa-Sierra Occidental",0.338307472642698,0.446562628978103,6.4868316842727605E-2,3.0765112050598498E-2,0.119496469485872,null,null,null,null,"ZMG",{"$f":"SUM(O2:O10)","v":1675678},{"$f":"SUM(P2:P10)","v":583173.99999999988},738643,137532,53783,162546]
[11,"Valles",10,"Valles",0.29170074916578997,0.48559446370376103,4.8598397797946002E-2,5.1195159635933997E-2,0.12291122969656799,null,null,null,null,null,null,{"$f":"P11/$O$11","v":0.34802271080720754},{"$f":"Q11/$O$11","v":0.44080246920947819},8.2075434540526279E-2,3.2096261930991514E-2,9.7003123511796421E-2]
[12,"Lagunas",11,"Lagunas",0.23815228966986199,0.485252167959836,5.55016735128556E-2,5.1631675034230898E-2,0.16946219382321601]
[13,"Centro",12,"Centro",0.34738923114876502,0.43857334518382302,8.3314802861690601E-2,3.2463358667698498E-2,9.8259262138022205E-2]
[1,"ZMG",null,"ZMG",0.34802271080720754,0.44080246920947819,8.2075434540526279E-2,3.2096261930991514E-2,9.7003123511796421E-2,null,{"$f":"VLOOKUP(DatosAM!E142,A15:I24,1,FALSE)","v":1}]
[2,"Centro",39,"Guadalajara",0.343274721020777,0.41672312010064799,0.12135503130373899,3.6894490392990302E-2,8.1752637181844598E-2]
[3,"Centro",44,"Ixtlahuacán de los Membrillos",0.28758206610178999,0.52780427585432899,5.10633522249032E-2,2.0032545872846599E-2,0.113517759946131,null,{"$f":"VLOOKUP(K$15,A$15:I$24,5,FALSE)","v":0.34802271080720754},0.376]
[4,"Centro",51,"Juanacatlán",0.27083998722452901,0.49121686362184602,6.4516129032258104E-2,2.4592781858831E-2,0.148834238262536,null,{"$f":"VLOOKUP(K$15,A$15:I$24,6,FALSE)","v":0.44080246920947819},0.49]
[5,"Centro",70,"El Salto",0.32354863912495802,0.48672608702584602,5.5806240732177902E-2,1.84798380024555E-2,0.11543919511456199,null,{"$f":"VLOOKUP(K$15,A$15:I$24,7,FALSE)","v":8.2075434540526279E-2},7.3999999999999996E-2]
[6,"Centro",97,"Tlajomulco de Zúñiga",0.22804277303856799,0.50366454403460303,1.38171332452241E-2,4.7819295926949397E-2,0.20665625375465599,null,{"$f":"VLOOKUP(K$15,A$15:I$24,8,FALSE)","v":3.2096261930991514E-2},1.9E-2]
[7,"Centro",98,"Tlaquepaque",0.349474549471124,0.49834744238881601,3.6322017547364797E-2,2.1748685660138298E-2,9.4107304932556202E-2,null,{"$f":"VLOOKUP(K$15,A$15:I$24,9,FALSE)","v":9.7003123511796421E-2},4.2000000000000003E-2]
[8,"Centro",101,"Tonalá",0.34904178818972997,0.45899113226038801,4.5720223405637098E-2,3.4508613869569799E-2,0.11173824227467601]
[9,"Centro",120,"Zapopan",0.36997341200941702,0.415421034538278,8.3225632389481399E-2,2.9971323263839E-2,0.10140859779898399]
[10,"Centro",124,"Zapotlanejo",0.26278696826468601,0.49843855503038498,2.5658338960162098E-2,7.1320054017555701E-2,0.141796083727211]

{"sheet":"VivZMG","index":22,"n_rows":35,"n_cols":24,"rows_kept":35,"cut":false,"hidden":true,"merged":[[27,5,30,5],[31,5,34,5]]}
[null,"Municipio","Total de viviendas particulares habitadas","Promedio de ocupantes por vivienda","Porcentaje de viviendas con piso de tierra","Agua  entubada dentro de la vivienda","Drenaje","Servicio de sanitario","Electricidad","Teléfono","Teléfono Celular","Computadora","Internet","Población"]
[1,"Jalisco",2059987,3.80819393520445,1.42958798314531E-2,0.98124855800172395,0.98089999999999999,0.98665857123775003,0.99547206469866789,0.455632597054073,0.85492343748102595,0.388842394142147,0.39159160180204206,7844830,{"$f":"N2/C2","v":3.8081939352044456}]
[2,"Norte",20396,3.8460972739752899,1.1869479882237501E-2,0.87374877330716383,0.8015000000000001,0.81079999999999997,0.93408506757316934,0.28786231027471715,0.63445080145633337,0.27352624160517314,0.21258602105961352]
[3,"Altos Norte",101185,4.2645650000000002,7.1180006327111233E-3,0.97522540335336916,0.95930000000000004,0.96420000000000006,0.99405027517477262,0.32230912557413943,0.79050394314931927,0.24144313881038498,0.20863701720462061]
[4,"Altos Sur",105131,3.8021516000000002,5.0377593874693753E-3,0.97725865894654618,0.97829999999999995,0.9849,0.99468446683084977,0.32251247758205948,0.80693461607974504,0.30924813622028763,0.30302996534316901]
[5,"Ciénega",101349,3.9684555000000001,1.2136114073547383E-2,0.98018130110202606,0.98230000000000006,0.98510000000000009,0.99537718007984854,0.35388487431288951,0.77686677783954028,0.26320655599915915,0.24394830846816504]
[6,"Sureste",42290,3.8720028000000002,2.3436390322427867E-2,0.98219781260356986,0.97360000000000002,0.97860000000000003,0.99469346279778681,0.30722798328432083,0.67934530258473869,0.29814459373000574,0.31225772458695561]
[7,"Sur",80299,3.7468835,3.148134300456136E-2,0.98541838031855233,0.97709999999999997,0.98290000000000011,0.99132522655100275,0.40350537129798686,0.75185929545709573,0.30955515968295721,0.30155164846513255]
[8,"Sierra de Amula",47395,3.6250659000000001,2.4171416508338567E-2,0.97971289845893994,0.97019999999999995,0.97620000000000007,0.9910197972651198,0.40204285385147032,0.73028185239228893,0.30090482345737762,0.26806812254801893]
[9,"Costa Sur",42269,3.5986893000000002,4.7926878359498881E-2,0.95792190570907598,0.93730000000000002,0.94310000000000005,0.97831770389315109,0.35347012180168358,0.71570751246627917,0.18877522023302012,0.18471156578573411]
[10,"Costa-Sierra Occ",95609,3.4808229000000002,1.0615666753995268E-2,0.97926119989520577,0.97930000000000006,0.98439999999999994,0.99517638217374027,0.40217781500538424,0.8927627356489386,0.43774291455535902,0.45157513458071125]
[11,"Valles",82493,3.8426654,1.2416184690747218E-2,0.98578928861566784,0.98309999999999997,0.98580000000000001,0.99561444810654465,0.42861314162588843,0.87511830685273495,0.29746418241743411,0.28477836819802205]
[12,"Lagunas",55606,3.8381469625579969,3.1467021697671863E-2,0.98333993019322774,0.97049999999999992,0.97819999999999996,0.99440466338023081,0.39582492601560348,0.80581618240516517,0.24196682379187454,0.22012522039509144]
[13,"Centro",1285965,3.8144809999999998,1.0941281632976892E-2,0.98413420807572971,0.98829999999999996,0.99439999999999995,0.99809902358938851,0.51846261286768647,0.89650914874448573,0.42745470779688333,0.43458279328321625,null,"Ocupantes","Suelo tierra","Agua","Drenaje","Servicio de sanitario","Electricidad","Teléfono","Teléfono Celular","Computadora","Internet"]
[1,"ZMG",1275327,3.81,{"$f":"P15/C15","v":1.0742342944201762E-2},{"$f":"Q15/C15","v":0.98425501851681962},{"$f":"R15/$C$15","v":0.98876288199026607},{"$f":"S15/$C$15","v":0.99417874788191563},0.99802403618836544,0.51346674225512323,0.89766624559818742,0.4505056350253695,0.46107390496711798,4865122,4863579,13700,{"$f":"SUM(Q16:Q24)","v":1255247},{"$f":"SUM(R16:R24)","v":1260996},{"$f":"SUM(S16:S24)","v":1267902.9999999998},{"$f":"SUM(T16:T24)","v":1272806.9999999995},{"$f":"SUM(U16:U24)","v":654837.99999999953},{"$f":"SUM(V16:V24)","v":1144817.9999999995},{"$f":"SUM(W16:W24)","v":574541.99999999942},{"$f":"SUM(X16:X24)","v":588019.99999999965}]
[2,"Guadalajara",393530,3.7103855000000001,3.6251503064599002E-3,0.9945826119894341,0.99110105963967177,0.99712225094886908,0.99943055142451098,0.62710015900000005,0.88394180438933001,0.50931836497077698,0.52870758052994293,1460148,1459795,1426,391232,390028,392231,393138.99999999994,246677.99999999983,347710.00000000006,200346.99999999974,207973.99999999997]
[3,"Ixtlahuacán de los Membrillos",14363,3.6931699999999998,4.3190525949146005E-3,0.99219784047370196,0.98711968251757976,0.99073493556252201,0.99164054336468099,0.16029258099999999,0.88631138975966495,0.186973180076628,0.159386973180076,53045,53033,62,14243,14178,14222.000000000005,14234.999999999995,2300.9999999999982,12722.999999999991,2683.9999999999955,2287.9999999999909]
[4,"Juanacatlán",4719,3.8048315000000001,8.2679669281321994E-3,0.98622005511977906,0.98898071625344353,0.98749205003179996,0.99554801780792801,0.26372694499999999,0.86050455798176795,0.27496290014839903,0.20457918168327299,17955,17949,39,4652,4667,4658.0000000000009,4695.9999999999964,1243.999999999997,4058.9999999999995,1296.9999999999982,964.99999999999864]
[5,"El Salto",44921,4.08354667082211,2.9114742403638202E-2,0.94977372539403004,0.97508960174528614,0.98802862429498206,0.99685667788750909,0.30271752500000004,0.85255367055309095,0.23398800633122999,0.20904206701295203,183437,183042,1306,42604,43802,44320.000000000007,44715.999999999993,13578.999999999967,38243,10495.999999999984,9376.9999999999891]
[6,"Tlajomulco de Zúñiga",145220,3.7835147,6.1795159723609001E-3,0.98908078838774505,0.98783225451039802,0.99280778743016196,0.99704457931756596,0.33046976700000003,0.92874611627410308,0.37232789324662202,0.35988619219190199,549442,549202,897,143572,143453,144113.00000000003,144727.99999999991,47969.999999999935,134813.99999999997,54045.999999999905,52239.999999999913]
[7,"Tlaquepaque",166239,3.9954101999999998,1.8533455324681501E-2,0.97745166494113112,0.99034522584953,0.994371945200202,0.998838273180362,0.44439963400000004,0.89179688440517102,0.38666241302097099,0.39873714877326399,664193,663874,3079,162386,164634,165196.99999999997,165938.99999999988,73828.999999999956,148155.99999999988,64236.999999999956,66242.999999999898]
[8,"Tonalá",129922,4.1264066000000001,1.6049782049504798E-2,0.97710364585739995,0.98590692877264818,0.99360781233153106,0.99824407374890201,0.38924572200000002,0.89161006114936103,0.33607504274294103,0.37557568196170799,536111,535989,2084,126873,128091,129015.99999999999,129617.99999999993,50541.999999999905,115771.99999999993,43637.999999999913,48766.999999999935]
[9,"Zapopan",358742,3.713733,1.3084195529682601E-2,0.98306275562692902,0.98948826733418438,0.99499828536538404,0.99852513542825405,0.59656738500000006,0.91423760096131002,0.53997050270856495,0.54695729026394202,1332272,1332201,4693,352602,354971,356882.99999999983,358147.99999999983,213975,327915.99999999983,193674.99999999997,196180.99999999991]
[10,"Zapotlanejo",17671,3.8774829,6.4530737008942993E-3,0.96699875466998708,0.97176164337049398,0.97718781840824209,0.99558473904675593,0.26717989400000003,0.87314615645873406,0.23332955960602197,0.22557454998301801,68519,68494,114,17083,17172,17263.000000000004,17587.999999999989,4719.9999999999845,15424.999999999995,4121.9999999999845,3984.9999999999959]
[null,null,{"$f":"SUM(C16:C24)","v":1275327},null,null,null,null,null,null,null,null,null,null,{"$f":"SUM(N16:N24)","v":4865122},{"$f":"SUM(O16:O24)","v":4863579},13700,1255247,1260996,1267902.9999999998,1272806.9999999995,654837.99999999953,1144817.9999999995,574541.99999999942,588019.99999999965]
[]
[null,null,null,null,null,null,null,{"$f":"VLOOKUP(DatosAM!E$142,VivZMG!A15:N24,1,FALSE)","v":1},null,"max","min","val"]
[null,null,null,null,null,1,"Agua  entubada",{"$f":"VLOOKUP(H$27,A$15:N$24,6,FALSE)","v":0.98425501851681962},null,{"$f":"IF(H28=MAX($H$28:$H$31), H28, NA())","v":{"$error":"#N/A"}},{"$f":"IF(H28=MIN($H$28:$H$31), H28, NA())","v":0.98425501851681962},{"$f":"IF(AND(ISNA(J28), ISNA(K28)), H28, NA())","v":{"$error":"#N/A"}}]
[null,null,null,null,null,null,"Drenaje",{"$f":"VLOOKUP(H$27,A$15:N$24,7,FALSE)","v":0.98876288199026607},null,{"$f":"IF(H29=MAX($H$28:$H$31), H29, NA())","v":{"$error":"#N/A"}},{"$f":"IF(H29=MIN($H$28:$H$31), H29, NA())","v":{"$error":"#N/A"}},0.98876288199026607]
[null,null,null,null,null,null,"Servicio de sanitario",{"$f":"VLOOKUP(H$27,A$15:N$24,8,FALSE)","v":0.99417874788191563},null,{"$error":"#N/A"},{"$error":"#N/A"},0.99417874788191563]
[null,null,null,null,null,null,"Electricidad",{"$f":"VLOOKUP(H$27,A$15:N$24,9,FALSE)","v":0.99802403618836544},null,0.99802403618836544,{"$error":"#N/A"},{"$error":"#N/A"}]
[null,null,null,null,null,2,"Teléfono",{"$f":"VLOOKUP(H$27,A$15:N$24,10,FALSE)","v":0.51346674225512323},null,{"$f":"IF(H32=MAX(H32:H35), H32, NA())","v":{"$error":"#N/A"}},{"$f":"IF(H32=MIN(H32:H35), H32, NA())","v":{"$error":"#N/A"}},0.51346674225512323]
[null,null,null,null,null,null,"Teléfono Celular",{"$f":"VLOOKUP(H$27,A$15:N$24,11,FALSE)","v":0.89766624559818742},null,{"$f":"IF(H33=MAX(H32:H35), H33, NA())","v":0.89766624559818742},{"$f":"IF(H33=MIN(H32:H35), H33, NA())","v":{"$error":"#N/A"}},{"$error":"#N/A"}]
[null,null,null,null,null,null,"Computadora",{"$f":"VLOOKUP(H$27,A$15:N$24,12,FALSE)","v":0.4505056350253695},null,{"$f":"IF(H34=MAX(H32:H35), H34, NA())","v":{"$error":"#N/A"}},{"$f":"IF(H34=MIN(H32:H35), H34, NA())","v":0.4505056350253695},{"$error":"#N/A"}]
[null,null,null,null,null,null,"Internet",{"$f":"VLOOKUP(H$27,A$15:N$24,13,FALSE)","v":0.46107390496711798},null,{"$f":"IF(H35=MAX(H32:H35), H35, NA())","v":{"$error":"#N/A"}},{"$f":"IF(H35=MIN(H32:H35), H35, NA())","v":{"$error":"#N/A"}},0.46107390496711798]

{"sheet":"Distr terr","index":23,"n_rows":139,"n_cols":7,"rows_kept":139,"cut":false,"hidden":true,"merged":[]}
["Clave","Región","Clave","Municipio","Superficie en Km²","Densidad ","Municipios / localidades"]
[null,null,14,"Jalisco",78583.573519409489,99.827860310557043,125]
[1,"Norte",1,"Norte",8816.142045304754,8.8978829511688442,10]
[2,"Altos Norte",2,"Altos Norte",8250.1200558145811,49.383160153270452,8]
[3,"Altos Sur",3,"Altos Sur",6603.5215560473116,60.531944449237763,12]
[4,"Ciénega",4,"Ciénega",3763.2590022338163,106.87518445083383,9]
[5,"Sureste",5,"Sureste",3615.3134642989526,45.29261476687811,10]
[6,"Sur",6,"Sur",8331.7525460457055,36.11137012738034,12]
[7,"Sierra de Amula",7,"Sierra de Amula",5794.8124060715909,29.648932175955139,14]
[8,"Costa Sur",8,"Costa Sur",9288.1694392476948,16.377069883893135,6]
[9,"Costa Sierra-Occ",9,"Costa-Sierra Occ",9258.3650717818618,35.945655352727393,8]
[10,"Valles",10,"Valles",5604.8515836223396,56.556894552974356,12]
[11,"Lagunas",11,"Lagunas",3808.5158022318924,56.038627928214929,12]
[12,"Centro",12,"Centro",5448.7505467090123,900.25941873274837,12]
[3,"Altos Sur",1,"Acatic",339.20540246108226,63.471866437829455,100]
[11,"Lagunas",2,"Acatlán de Juárez",153.26962278222078,145.24078284990904,28]
[10,"Valles",3,"Ahualulco de Mercado",274.09225947081814,85.234074267928349,28]
[11,"Lagunas",4,"Amacueca",125.19734529212089,43.012094125760164,27]
[10,"Valles",5,"Amatitán",173.63992346839564,88.366774722708143,32]
[10,"Valles",6,"Ameca",837.81272443533771,72.750148359323703,92]
[10,"Valles",7,"San Juanito de Escobedo",194.48219275902713,48.43631114171896,10]
[3,"Altos Sur",8,"Arandas",942,81.86411889596603,300]
[10,"Valles",9,"El Arenal",103.99460631263779,191.35607802749749,36]
[11,"Lagunas",10,"Atemajac de Brizuela",355.49603888368955,18.894725300153496,18]
[7,"Sierra de Amula",11,"Atengo",441.070511380759,12.412981277892881,21]
[9,"Costa Sierra-Occ",12,"Atenguillo",610.80258057696255,6.3834045958303163,52]
[4,"Ciénega",13,"Atotonilco el Alto",510.96952880967513,118.36322244281511,131]
[11,"Lagunas",14,"Atoyac",451.17053117551757,18.316799145698369,30]
[7,"Sierra de Amula",15,"Autlán de Navarro",705.94435250471167,85.802797040713955,124]
[4,"Ciénega",16,"Ayotlán",431.09458129733599,88.061881654262862,83]
[7,"Sierra de Amula",17,"Ayutla",883.80533904152128,14.090206802218646,79]
[4,"Ciénega",18,"La Barca",418.20813341125,155.55651553057527,87]
[1,"Norte",19,"Bolaños",866.75500246595277,8.46952135160981,165]
[9,"Costa Sierra-Occ",20,"Cabo Corrientes",1540.621742860169,6.6875597775690538,120]
[8,"Costa Sur",21,"Casimiro Castillo",522.50214159297843,41.308921594456585,46]
[8,"Costa Sur",22,"Cihuatlán",494.85017187750179,83.459605244360006,73]
[6,"Sur",23,"Zapotlán el Grande",274.15125349598509,384.54319889346743,52]
[11,"Lagunas",24,"Cocula",330.95400991634318,80.636581520029921,40]
[1,"Norte",25,"Colotlán",642.58187882538948,27.801904455594684,54]
[5,"Sureste",26,"Concepción de Buenos Aires",265.44416544317448,22.93514340326799,21]
[8,"Costa Sur",27,"Cuautitlán de García Barragán",1394.2977088591319,13.008699565920688,132]
[7,"Sierra de Amula",28,"Cuautla",417.20767404750814,5.0814022173489359,28]
[12,"Centro",29,"Cuquío",642.52945775089938,27.983152808179295,143]
[5,"Sureste",30,"Chapala",613.42691832633363,82.712379395467238,45]
[1,"Norte",31,"Chimaltitán",656.26854767458792,5.1549019254195123,71]
[7,"Sierra de Amula",32,"Chiquilistlán",297.81730138486154,20.4890715604012,23]
[4,"Ciénega",33,"Degollado",425.01041492445182,50.53758507028121,95]
[7,"Sierra de Amula",34,"Ejutla",297.37139783996895,6.2615302397106776,17]
[2,"Altos Norte",35,"Encarnación de Díaz",1253.2087099613923,42.734302414519505,354]
[10,"Valles",36,"Etzatlán",337.99033596268117,58.72061384083888,34]
[7,"Sierra de Amula",37,"El Grullo",177.20015919700481,137.20077967295043,40]
[9,"Costa Sierra-Occ",38,"Guachinango",838.96393288306297,4.987103540460752,67]
[12,"Centro",39,"Guadalajara",151.42102253733972,9642.9675056509022,2]
[10,"Valles",40,"Hostotipaquillo",755.87796448943618,12.913460186120316,52]
[1,"Norte",41,"Huejúcar",308.90867981170823,18.235162584079966,32]
[1,"Norte",42,"Huejuquilla el Alto",770.3957734849364,11.405825813726135,62]
[8,"Costa Sur",43,"La Huerta",2013.6768830589033,12.198084115008184,139]
[12,"Centro",44,"Ixtlahuacán de los Membrillos",202.38769838967161,262.0959693798614,105]
[12,"Centro",45,"Ixtlahuacán del Río",831.16639509614413,22.943660995574902,178]
[3,"Altos Sur",46,"Jalostotitlán",519.96874184695753,64.959674075834329,177]
[4,"Ciénega",47,"Jamay",162.77685918432749,152.06706975449046,15]
[3,"Altos Sur",48,"Jesús María",665.21872158088422,29.267065655837463,167]
[6,"Sur",49,"Jilotlán de los Dolores",1475.0558152157,6.7231354215228931,157]
[5,"Sureste",50,"Jocotepec",334.43487814319502,139.10331439797108,59]
[12,"Centro",51,"Juanacatlán",138.3125325018872,129.81470062920735,24]
[7,"Sierra de Amula",52,"Juchitlán",246.41319099908952,22.88026861362642,28]
[2,"Altos Norte",53,"Lagos de Moreno",2516.6792895137296,65.555035433965628,445]
[7,"Sierra de Amula",54,"El Limón",114.28617675495174,47.066059542209167,11]
[10,"Valles",55,"Magdalena",293.23801645530432,77.217136692272206,24]
[5,"Sureste",56,"Santa María del Oro",775.00559912566825,2.616755288333287,89]
[5,"Sureste",57,"La Manzanilla de la Paz",134.68713037365424,27.381977697264823,9]
[9,"Costa Sierra-Occ",58,"Mascota",1844.26764949068,7.8497283211566522,157]
[5,"Sureste",59,"Mazamitla",288.84894891961585,47.772373940125163,54]
[3,"Altos Sur",60,"Mexticacán",287.53850867384745,17.695021176350597,62]
[1,"Norte",61,"Mezquitic",3360.7156966686102,5.7880528303189287,530]
[9,"Costa Sierra-Occ",62,"Mixtlán",630.18645236906184,5.5951694720581466,32]
[4,"Ciénega",63,"Ocotlán",242.46330342895564,410.21052915392266,52]
[2,"Altos Norte",64,"Ojuelos de Jalisco",1165.7710346409167,27.75587918940418,62]
[6,"Sur",65,"Pihuamo",875.39877487129399,12.785030458427944,122]
[4,"Ciénega",66,"Poncitlán",835.8600100800054,62.14437749573414,71]
[9,"Costa Sierra-Occ",67,"Puerto Vallarta",680.33567177877717,405.15294351584299,104]
[8,"Costa Sur",68,"Villa Purificación",1848.6978954616502,5.7900211961495396,142]
[5,"Sureste",69,"Quitupan",676.5026757503374,12.385760323425922,122]
[12,"Centro",70,"El Salto",87.859429390294636,2087.8464755914215,28]
[12,"Centro",71,"San Cristóbal de la Barranca",521.48592853168066,5.9771507330530778,74]
[2,"Altos Norte",72,"San Diego de Alejandría",352.48198157990976,20.849292684579222,74]
[2,"Altos Norte",73,"San Juan de los Lagos",847.68406671817729,82.253521963603106,260]
[3,"Altos Sur",74,"San Julián",262.09104522374543,60.627786754159459,51]
[10,"Valles",75,"San Marcos",305.94515162242311,12.364961431612173,36]
[1,"Norte",76,"San Martín de Bolaños",690.73440581178647,4.5198269750742552,62]
[11,"Lagunas",77,"San Martín Hidalgo",344.16215281337708,80.7090488391446,38]
[3,"Altos Sur",78,"San Miguel el Alto",787.08748862333209,41.875903856189119,184]
[6,"Sur",79,"Gómez Farías",353.67784672474767,40.370071612407088,19]
[9,"Costa Sierra-Occ",80,"San Sebastián del Oeste",1117.1427098214513,5.0512794385078159,75]
[1,"Norte",81,"Santa María de los Ángeles",258.98455133147024,11.71112324811263,22]
[11,"Lagunas",82,"Sayula",215.94187702911864,170.31434803653519,42]
[10,"Valles",83,"Tala",412.31846674705776,194.91001854472111,85]
[9,"Costa Sierra-Occ",84,"Talpa de Allende",1996.0443320016964,7.577988002316145,159]
[6,"Sur",85,"Tamazula de Gordiano",1363.6847199317692,28.156068216355106,185]
[11,"Lagunas",86,"Tapalpa",619.48440922350596,31.487475244856988,86]
[6,"Sur",87,"Tecalitlán",1300.7122657639304,12.746093380047332,180]
[7,"Sierra de Amula",88,"Tecolotlán",765.77341555960743,22.535386642260271,43]
[11,"Lagunas",89,"Techaluta de Montenegro",79.441460730062644,46.612939464728292,14]
[7,"Sierra de Amula",90,"Tenamaxtlán",281.60517870156099,24.875252764523005,26]
[2,"Altos Norte",91,"Teocaltiche",933.85045814341152,44.201937944180919,177]
[11,"Lagunas",92,"Teocuitatlán de Corona",335.56913356516066,30.744782424980247,32]
[3,"Altos Sur",93,"Tepatitlán de Morelos",1388,101.81700288184437,330]
[10,"Valles",94,"Tequila",1696.227837017602,24.766130518092698,157]
[10,"Valles",95,"Teuchitlán",219.23210488161851,43.825697906737481,18]
[5,"Sureste",96,"Tizapán el Alto",193.55614155339691,108.29416122772537,29]
[12,"Centro",97,"Tlajomulco de Zúñiga",713.95317439399525,769.57708111091085,272]
[12,"Centro",98,"Tlaquepaque",110.44196169179529,6013.9551111336586,31]
[6,"Sur",99,"Tolimán",512.18282077042375,20.129531061763711,43]
[8,"Costa Sur",100,"Tomatlán",3014.1446383975294,11.885295597176729,186]
[12,"Centro",101,"Tonalá",166.10442274092836,3227.5540359100955,59]
[7,"Sierra de Amula",102,"Tonaya",293.88854873620306,20.279796629128779,25]
[6,"Sur",103,"Tonila",144.41808634430069,54.833852188850273,16]
[1,"Norte",104,"Totatiche",587.44171285665038,7.5105323701734337,54]
[4,"Ciénega",105,"Tototlán",337.06855406940002,68.7426926073598,99]
[7,"Sierra de Amula",106,"Tuxcacuesco",428.81576879324257,9.8620440472632218,20]
[5,"Sureste",107,"Tuxcueca",137.77294163051332,44.682213554744898,22]
[6,"Sur",108,"Tuxpan",726.3609332968955,47.545233253732874,77]
[2,"Altos Norte",109,"Unión de San Antonio",728.48210950653242,24.592230565738216,144]
[7,"Sierra de Amula",110,"Unión de Tula",443.61339113060029,30.310176087631859,48]
[3,"Altos Sur",111,"Valle de Guadalupe",351.70839458461086,19.686763542217033,86]
[5,"Sureste",112,"Valle de Juárez",195.63406503306283,27.546327369363002,39]
[6,"Sur",113,"San Gabriel",747.44756008297588,21.546662080497189,63]
[11,"Lagunas",114,"Villa Corona",318.01986565476574,56.046813186661993,25]
[1,"Norte",115,"Villa Guerrero",673.35579637366038,8.044781123401787,61]
[2,"Altos Norte",116,"Villa Hidalgo",451.96240575051019,44.820099508856401,41]
[3,"Altos Sur",117,"Cañadas de Obregón",272.27621312017277,15.094965340163579,45]
[3,"Altos Sur",118,"Yahualica de González Gallo",563.42703993267969,40.086822958831824,154]
[11,"Lagunas",119,"Zacoalco de Torres",479.80935516600965,58.783764210352523,34]
[12,"Centro",120,"Zapopan",1163.6299062348489,1144.9276035804419,234]
[6,"Sur",121,"Zapotiltic",252.82876863169383,115.45363353219619,30]
[6,"Sur",122,"Zapotitlán de Vadillo",305.83370091599107,22.976539141872511,37]
[4,"Ciénega",123,"Zapotlán del Rey",399.80761702841488,44.754024780694259,58]
[12,"Centro",124,"Zapotlanejo",719.4586174495272,95.236888318745969,200]
[3,"Altos Sur",125,"San Ignacio Cerro Gordo",225,84.231111111111105,74]

{"sheet":"Viv","index":24,"n_rows":140,"n_cols":23,"rows_kept":140,"cut":false,"hidden":true,"merged":[]}
["Clave","Región","Clave","Municipio","Total de viviendas particulares habitadas","Promedio de ocupantes por vivienda","Porcentaje de viviendas con piso de tierra","Agua  entubada dentro de la vivienda","Drenaje","Servicio de sanitario","Electricidad","Teléfono","Teléfono Celular","Computadora","Internet"]
[null,null,14,"Jalisco",1830334,4.0132099999999997E-2,3.0242499999999999E-2,0.90449707045887817,0.97400497194813096,0.97687955294658435,0.98954480804482969,0.55279669306603096,0.75422665554880741,0.36208728555836717,0.27036772208608645,null,{"$f":"VLOOKUP(Datos!E141,C15:O139,1,FALSE)","v":1},null,{"$f":"VLOOKUP(DatosR!F142,C2:O14,1,FALSE)","v":14}]
[1,"Norte",1,"Norte",19431,0.04,0.12183609958506224,0.73382891951886853,0.74188219503381347,0.75814361674668318,0.84316762170254511,0.34081874967735276,0.45041556966599555,0.16307882917763666,7.9603531051571932E-2,null,null,null,null,null,"max","min","val"]
[2,"Altos Norte",2,"Altos Norte",90685,4.2000000000000003E-2,2.3585010317055309E-2,0.87090249994474034,0.92083508322097207,0.93084812448884857,0.98584248800866481,0.38646360602108709,0.63409296876726862,0.21502619305497228,0.13838111447580734,"Agua  entubada",{"$f":"VLOOKUP(Q$2,C$15:O$139,6,FALSE)","v":0.80487340567294874},null,{"$f":"VLOOKUP(S$2,C$2:O$14,6,FALSE)","v":0.90449707045887817},null,{"$f":"IF(S4=MAX($S$4:$S$7), S4, NA())","v":{"$error":"#N/A"}},{"$f":"IF(S4=MIN($S$4:$S$7), S4, NA())","v":0.90449707045887817},{"$f":"IF(AND(ISNA(U4), ISNA(V4)), S4, NA())","v":{"$error":"#N/A"}}]
[3,"Altos Sur",3,"Altos Sur",95115,3.9E-2,1.4170896785109983E-2,0.89304271756658482,0.96252068423992665,0.96639930859305012,0.98908082926675023,0.4250993370503483,0.7231631867958136,0.23908346420177279,0.15838067433257097,"Drenaje",{"$f":"VLOOKUP(Q$2,C$15:O$139,7,FALSE)","v":0.96230725299828668},null,{"$f":"VLOOKUP(S$2,C$2:O$14,7,FALSE)","v":0.97400497194813096},null,{"$f":"IF(S5=MAX($S$4:$S$7), S5, NA())","v":{"$error":"#N/A"}},{"$f":"IF(S5=MIN($S$4:$S$7), S5, NA())","v":{"$error":"#N/A"}},{"$f":"IF(AND(ISNA(U5), ISNA(V5)), S5, NA())","v":0.97400497194813096}]
[4,"Ciénega",4,"Ciénega",122334,4.0999999999999995E-2,2.9479616385986885E-2,0.86144583261460606,0.97091413880058808,0.97399439803520527,0.99093171681328696,0.43347872156920725,0.61664325669648357,0.22560640036798829,0.15023451040306218,"Servicio de sanitario",{"$f":"VLOOKUP(Q$2,C$15:O$139,8,FALSE)","v":0.96078431372549022},null,{"$f":"VLOOKUP(S$2,C$2:O$14,8,FALSE)","v":0.97687955294658435},null,{"$f":"IF(S6=MAX($S$4:$S$7), S6, NA())","v":{"$error":"#N/A"}},{"$f":"IF(S6=MIN($S$4:$S$7), S6, NA())","v":{"$error":"#N/A"}},{"$f":"IF(AND(ISNA(U6), ISNA(V6)), S6, NA())","v":0.97687955294658435}]
[5,"Sureste",5,"Sureste",31553,3.7000000000000005E-2,5.5216090637133217E-2,0.81097057141041129,0.93170406152672725,0.93431004894171499,0.96361151719316085,0.44559206762855147,0.51487319646602681,0.17908218394457509,0.12422932689251891,"Electricidad",{"$f":"VLOOKUP(Q$2,C$15:O$139,9,FALSE)","v":0.99276603845421663},null,{"$f":"VLOOKUP(S$2,C$2:O$14,9,FALSE)","v":0.98954480804482969},null,{"$f":"IF(S7=MAX($S$4:$S$7), S7, NA())","v":0.98954480804482969},{"$f":"IF(S7=MIN($S$4:$S$7), S7, NA())","v":{"$error":"#N/A"}},{"$f":"IF(AND(ISNA(U7), ISNA(V7)), S7, NA())","v":{"$error":"#N/A"}}]
[6,"Sur",6,"Sur",82043,0.04,6.2763310256473429E-2,0.90339351777878851,0.96702351249370078,0.97079681911480931,0.98380059242143036,0.46431336881306767,0.62437777313454845,0.24654318408082496,0.16475952852103584]
[7,"Sierra de Amula",7,"Sierra de Amula",25876,3.7000000000000005E-2,3.7590773173857325E-2,0.84299348230912474,0.96166977032898826,0.9617473618870267,0.98521880819366858,0.46395872129112353,0.5421710117939168,0.21163097454996899,0.13299193047796401,"Teléfono",{"$f":"VLOOKUP(Q$2,C$15:O$139,10,FALSE)","v":0.35712925947077861},null,{"$f":"VLOOKUP(S$2,C$2:O$14,10,FALSE)","v":0.55279669306603096}]
[8,"Costa Sur",8,"Costa Sur",44842,3.7999999999999999E-2,6.1374924152190043E-2,0.75959405874050678,0.94300692250823304,0.93931043752940402,0.96666442637273997,0.41355825884356029,0.5615744785715886,0.2340659094473195,0.16553531823375228,"Teléfono Celular",{"$f":"VLOOKUP(Q$2,C$15:O$139,11,FALSE)","v":0.7028364743955835},null,{"$f":"VLOOKUP(S$2,C$2:O$14,11,FALSE)","v":0.75422665554880741}]
[9,"Costa Norte",9,"Costa Norte",80199,3.7999999999999999E-2,2.5204315559066947E-2,0.8338462722166653,0.96286322484675946,0.96733861660383169,0.98486830294170447,0.45659254699802515,0.80421122823215607,0.36944423071990973,0.30045395091174887,"Computadora",{"$f":"VLOOKUP(Q$2,C$15:O$139,12,FALSE)","v":0.13649343232438607},null,{"$f":"VLOOKUP(S$2,C$2:O$14,12,FALSE)","v":0.36208728555836717}]
[10,"Sierra Occidental",10,"Sierra Occidental",16262,3.7000000000000005E-2,5.0252805524725615E-2,0.81591426987744042,0.92898934532241173,0.92978998583482175,0.96039908850157052,0.37389911929543634,0.51265627886924925,0.16622528792264582,9.5768922830572145E-2,"Internet",{"$f":"VLOOKUP(Q$2,C$15:O$139,13,FALSE)","v":7.4052922139729679E-2},null,{"$f":"VLOOKUP(S$2,C$2:O$14,13,FALSE)","v":0.27036772208608645}]
[11,"Valles",11,"Valles",87388,0.04,2.7430415490116981E-2,0.83884458947078155,0.97270032401130591,0.97306799641519404,0.98720040443964441,0.44155157754440794,0.63009858216329251,0.22135027690327921,0.13722223498862512]
[12,"Centro",12,"Centro",1134606,4.0999999999999995E-2,2.669015087789027E-2,0.93729927283403791,0.98849359384259572,0.99082981938833048,0.99540230092098081,0.62931827965898668,0.8257737733915258,0.438689840390944,0.33735313030806835]
[3,"Altos Sur",1,"Acatic",5254,4.0317850000000002E-2,2.398629E-2,0.80487340567294874,0.96230725299828668,0.96078431372549022,0.99276603845421663,0.35712925947077861,0.7028364743955835,0.13649343232438607,7.4052922139729679E-2]
[12,"Centro",2,"Acatlán de Juárez",5361,4.0585370000000003E-2,1.4026559999999999E-2,0.95305778941462505,0.98915279596035144,0.98728258836730876,0.99345427342435011,0.38731999251916965,0.75893024125677955,0.25135590050495604,0.15990274920516176,null,null,null,null,null,"max","min","val"]
[11,"Valles",3,"Ahualulco de Mercado",5652,3.8353709999999999E-2,3.0485639999999998E-2,0.92803970223325072,0.98404820985466146,0.98369372562920954,0.99220134704005669,0.46508330379298124,0.6492378589152783,0.25327897908543068,0.18078695498050337,null,null,null,null,null,{"$f":"IF(Q4=MAX($Q$4:$Q$7), Q4, NA())","v":{"$error":"#N/A"}},{"$f":"IF(Q4=MIN($Q$4:$Q$7), Q4, NA())","v":0.80487340567294874},{"$f":"IF(AND(ISNA(U17), ISNA(V17)), Q4, NA())","v":{"$error":"#N/A"}}]
[6,"Sur",4,"Amacueca",1410,3.9070260000000002E-2,5.6068130000000001E-2,0.9496096522356281,0.98154719659332856,0.98296664300922643,0.98367636621717525,0.45351312987934705,0.51100070972320799,0.15684882895670688,8.5876508161816897E-2,null,null,null,null,null,{"$f":"IF(Q5=MAX($Q$4:$Q$7), Q5, NA())","v":{"$error":"#N/A"}},{"$f":"IF(Q5=MIN($Q$4:$Q$7), Q5, NA())","v":{"$error":"#N/A"}},{"$f":"IF(AND(ISNA(U18), ISNA(V18)), Q5, NA())","v":0.96230725299828668}]
[11,"Valles",5,"Amatitán",3454,4.2386199999999999E-2,2.5224700000000003E-2,0.85416062626848377,0.97071614960858232,0.97477529718759059,0.98666280081182967,0.32560162365903161,0.66019135981443899,0.19628877935633518,0.12757320962597854,null,null,null,null,null,{"$f":"IF(Q6=MAX($Q$4:$Q$7), Q6, NA())","v":{"$error":"#N/A"}},{"$f":"IF(Q6=MIN($Q$4:$Q$7), Q6, NA())","v":{"$error":"#N/A"}},{"$f":"IF(AND(ISNA(U19), ISNA(V19)), Q6, NA())","v":0.96078431372549022}]
[11,"Valles",6,"Ameca",15554,3.6777150000000002E-2,1.7976080000000002E-2,0.77141933397995477,0.97491108955706418,0.97316521176850956,0.99055932751374054,0.48742321370837371,0.63737471710313609,0.24746201099256385,0.16178467507274491,null,null,null,null,null,{"$f":"IF(Q7=MAX($Q$4:$Q$7), Q7, NA())","v":0.99276603845421663},{"$f":"IF(Q7=MIN($Q$4:$Q$7), Q7, NA())","v":{"$error":"#N/A"}},{"$f":"IF(AND(ISNA(U20), ISNA(V20)), Q7, NA())","v":{"$error":"#N/A"}}]
[11,"Valles",7,"San Juanito de Escobedo",2333,3.8190849999999998E-2,2.8077749999999999E-2,0.79222462203023758,0.97105831533477327,0.96889848812095036,0.98660907127429809,0.41900647948164149,0.56371490280777536,0.16112311015118791,0.10064794816414686]
[3,"Altos Sur",8,"Arandas",18024,4.0330260000000007E-2,1.085444E-2,0.87681603117172269,0.96526579460061224,0.96983022543835229,0.98892290564987473,0.36270526022822153,0.74283328694684103,0.24675758419148344,0.14834400222655164,null,null,null,null,null,"max","min","val"]
[11,"Valles",9,"El Arenal",4229,4.1759860000000003E-2,1.380814E-2,0.86870155038759689,0.98376937984496127,0.98498062015503873,0.98086240310077533,0.39559108527131781,0.71002906976744184,0.23062015503875968,0.12160852713178294,null,null,null,null,null,{"$f":"IF(Q9=MAX($Q$9:$Q$12), Q9, NA())","v":{"$error":"#N/A"}},{"$f":"IF(Q9=MIN($Q$9:$Q$12), Q9, NA())","v":{"$error":"#N/A"}},{"$f":"IF(AND(ISNA(U23), ISNA(V23)), Q9, NA())","v":0.35712925947077861}]
[6,"Sur",10,"Atemajac de Brizuela",1437,4.6345890000000001E-2,7.1877179999999999E-2,0.79623168178646198,0.92812281926029305,0.92742498255408234,0.96720167480809494,0.2575017445917655,0.51360781577110959,9.9092812281926027E-2,6.2805303558967199E-2,null,null,null,null,null,{"$f":"IF(Q10=MAX($Q$9:$Q$12), Q10, NA())","v":0.7028364743955835},{"$f":"IF(Q10=MIN($Q$9:$Q$12), Q10, NA())","v":{"$error":"#N/A"}},{"$f":"IF(AND(ISNA(U24), ISNA(V24)), Q10, NA())","v":{"$error":"#N/A"}}]
[7,"Sierra de Amula",11,"Atengo",1388,3.8917750000000001E-2,5.8568330000000002E-2,0.81851048445408536,0.89804772234273311,0.90455531453362259,0.96529284164858997,0.33984092552422268,0.36297903109182933,9.9060014461315973E-2,3.1091829356471437E-2,null,null,null,null,null,{"$f":"IF(Q11=MAX($Q$9:$Q$12), Q11, NA())","v":{"$error":"#N/A"}},{"$f":"IF(Q11=MIN($Q$9:$Q$12), Q11, NA())","v":{"$error":"#N/A"}},{"$f":"IF(AND(ISNA(U25), ISNA(V25)), Q11, NA())","v":0.13649343232438607}]
[10,"Sierra Occidental",12,"Atenguillo",1182,3.4830220000000002E-2,2.6315789999999999E-2,0.88200339558573859,0.95500848896434631,0.95840407470288624,0.97538200339558589,0.50848896434634971,0.4303904923599321,0.17062818336162988,6.3667232597623094E-2,null,null,null,null,null,{"$f":"IF(Q12=MAX($Q$9:$Q$12), Q12, NA())","v":{"$error":"#N/A"}},{"$f":"IF(Q12=MIN($Q$9:$Q$12), Q12, NA())","v":7.4052922139729679E-2},{"$f":"IF(AND(ISNA(U26), ISNA(V26)), Q12, NA())","v":{"$error":"#N/A"}}]
[4,"Ciénega",13,"Atotonilco el Alto",14169,4.0514889999999998E-2,2.1305209999999998E-2,0.84583805209513019,0.9709796149490374,0.97437712344280858,0.99384201585503962,0.42065402038505101,0.6251415628539071,0.20908833522083806,0.13108720271800681]
[6,"Sur",14,"Atoyac",2252,3.6512250000000003E-2,0.12783964,0.86859688195991103,0.9719376391982183,0.9786191536748331,0.98040089086859683,0.4619153674832962,0.44632516703786185,0.11937639198218263,8.195991091314031E-2]
[8,"Costa Sur",15,"Autlán de Navarro",15071,3.807936E-2,3.6111669999999998E-2,0.88720101272569796,0.9859417682723699,0.98134452661736293,0.98887334266107008,0.53887667399560268,0.68945299486974487,0.33633153441268571,0.25431407821973484]
[4,"Ciénega",16,"Ayotlán",9093,4.2096400000000006E-2,3.8224279999999999E-2,0.84489975765587133,0.9560475875743556,0.95373430270984794,0.98898435778805904,0.38268341044282883,0.46640229125358007,0.13372989645296321,7.1932143643974447E-2]
[10,"Sierra Occidental",17,"Ayutla",3244,3.900679E-2,8.2073430000000003E-2,0.85837704412218452,0.93427954335081764,0.94137611848195002,0.97655044739277996,0.36531934588090098,0.50971922246220303,0.14563406356062944,5.2761493366244985E-2]
[4,"Ciénega",18,"La Barca",15548,4.124357E-2,1.7906599999999998E-2,0.92418679549114335,0.98621578099838969,0.98389694041867959,0.99491143317230268,0.47555555555555556,0.54112721417069243,0.20083735909822867,0.1288244766505636]
[1,"Norte",19,"Bolaños",1441,4.7340280000000005E-2,0.27866574,0.57192494788047255,0.45170257123002083,0.47116052814454484,0.62265462126476723,0.16678248783877692,0.36622654621264766,0.10493398193189715,2.3627519110493399E-2]
[9,"Costa Norte",20,"Cabo Corrientes",2615,3.8361409999999999E-2,8.6856259999999991E-2,0.67448116833205229,0.84934665641813989,0.87048424289008453,0.92774788624135285,0.26364335126825517,0.47809377401998465,0.12528823981552653,8.0322828593389697E-2]
[8,"Costa Sur",21,"Casimiro Castillo",5770,3.7174060000000002E-2,2.843766E-2,0.90965840124848274,0.97693774926304822,0.97641754811860582,0.98526096757412862,0.4426911739205826,0.56875325125715281,0.20686665510664123,0.12155366741806832]
[8,"Costa Sur",22,"Cihuatlán",10292,3.7854060000000002E-2,6.7302020000000004E-2,0.64845745726075843,0.97602672430732951,0.97288268815091372,0.98624484181568084,0.36225191589703276,0.64433090980546281,0.22853212811947338,0.16948319905678916]
[6,"Sur",23,"Zapotlán el Grande",25091,3.9741110000000003E-2,3.047441E-2,0.96920009764830339,0.993042558385548,0.99479209048742778,0.99471071690129387,0.57466026527789082,0.77016030596468388,0.38802994547969727,0.27626332492472944]
[11,"Valles",24,"Cocula",6813,3.8305680000000002E-2,4.7143490000000003E-2,0.80320164488177415,0.96166838008518141,0.95829049787046561,0.98971948891173445,0.46291672786018512,0.55323836099280366,0.1834336907034807,0.11778528418269937]
[1,"Norte",25,"Colotlán",4706,3.8383170000000001E-2,2.029481E-2,0.94808801538132881,0.96261482589190339,0.96389660328989535,0.99081392864772477,0.4736167485580004,0.63618884853663749,0.31189916684469132,0.20358897671437723]
[5,"Sureste",26,"Concepción de Buenos Aires",1618,3.6594559999999998E-2,6.6131029999999993E-2,0.95859085290482071,0.97651421508034597,0.97095179233621753,0.98702101359703354,0.4746600741656366,0.57787391841779978,0.14462299134734241,0.10568603213844252]
[8,"Costa Sur",27,"Cuautitlán de García Barragán",4242,4.0844740000000004E-2,0.16426716999999999,0.56738258201557701,0.73141373613405714,0.71040830776492792,0.86759499645975924,0.19471324050035402,0.16214302572574935,7.5761151758319573E-2,3.3278262921878687E-2]
[10,"Sierra Occidental",28,"Cuautla",584,3.7174659999999998E-2,2.739726E-2,0.7654109589041096,0.90239726027397249,0.89554794520547942,0.95376712328767121,0.4434931506849315,0.54109589041095896,0.12157534246575344,2.9109589041095889E-2]
[12,"Centro",29,"Cuquío",4486,3.9665770000000003E-2,4.2687039999999996E-2,0.45180858234104698,0.90541451359245118,0.91440125814423723,0.98607054594473154,0.29948326218827231,0.60840260615592001,0.11188496966973714,5.2123118400359471E-2]
[4,"Ciénega",30,"Chapala",12668,3.8483730000000001E-2,2.5610240000000003E-2,0.94213685474189679,0.98135254101640657,0.98439375750300118,0.99039615846338536,0.52404961984793919,0.74069627851140452,0.38871548619447777,0.30516206482593039]
[1,"Norte",31,"Chimaltitán",912,4.1282889999999996E-2,7.2607260000000007E-2,0.62376237623762376,0.60946094609460943,0.61276127612761278,0.78217821782178221,0.21122112211221122,0.41914191419141916,7.590759075907591E-2,2.2002200220022004E-2]
[7,"Sierra de Amula",32,"Chiquilistlán",1341,4.3355699999999997E-2,0.11334825,0.60775540641312453,0.92095451155853836,0.91349739000745711,0.94929157345264725,0.24086502609992544,0.44444444444444442,8.8739746457867252E-2,3.2065622669649518E-2]
[4,"Ciénega",33,"Degollado",5259,4.0148320000000001E-2,2.509983E-2,0.78056664765164485,0.9087278950370794,0.94542688724092028,0.98935158775432597,0.4588324776573493,0.49420041833048101,0.17436775052291309,0.11618178360905115]
[7,"Sierra de Amula",34,"Ejutla",609,3.3448280000000004E-2,3.7766830000000001E-2,0.88834154351395744,0.9622331691297209,0.95566502463054193,0.96551724137931028,0.46798029556650245,0.40065681444991791,0.17569786535303777,0.1297208538587849]
[2,"Altos Norte",35,"Encarnación de Díaz",12504,4.1073659999999998E-2,1.5861570000000002E-2,0.91973083393415034,0.94985179844588641,0.95273572057998879,0.98269646719538573,0.40334855403348546,0.62565088520387724,0.19210125771048625,0.10189858207161739]
[11,"Valles",36,"Etzatlán",4691,3.9603069999999997E-2,3.0115340000000001E-2,0.87889790687740277,0.97736010252029049,0.98205894916702263,0.99124305852199912,0.51687313114053823,0.56898761213156768,0.23814609141392565,0.17471166168304145]
[7,"Sierra de Amula",37,"El Grullo",6315,3.7652519999999995E-2,2.4831780000000001E-2,0.7545658442806793,0.98942646587632166,0.9854213393143223,0.99359179750080107,0.53204101249599489,0.66933675104133306,0.31320089714834987,0.22540852290932392]
[10,"Sierra Occidental",38,"Guachinango",1218,3.549712E-2,0.10452674999999999,0.65432098765432101,0.87901234567901232,0.88065843621399187,0.95308641975308628,0.36543209876543209,0.48806584362139915,0.10864197530864197,2.6337448559670781E-2]
[12,"Centro",39,"Guadalajara",379339,3.9519449999999998E-2,1.450386E-2,0.98640313346092479,0.99413690805581278,0.99521936655932064,0.99735459019092843,0.73313483761772746,0.82007434141443047,0.49090167983522875,0.38561976822970789]
[11,"Valles",40,"Hostotipaquillo",2260,4.2409210000000003E-2,5.7130199999999999E-2,0.61160318866253327,0.90212577502214364,0.90478299379982285,0.97874224977856494,0.25819309123117801,0.60628875110717451,8.547387068201949E-2,2.0372010628875111E-2]
[1,"Norte",41,"Huejúcar",1745,3.4842409999999997E-2,1.2607449999999999E-2,0.95931232091690544,0.93409742120343831,0.9386819484240686,0.98853868194842409,0.44297994269340973,0.49684813753581664,0.15759312320916904,7.9656160458452724E-2]
[1,"Norte",42,"Huejuquilla el Alto",2142,4.1000940000000007E-2,6.7852129999999997E-2,0.7351427234440806,0.81282171268132897,0.81937295273748245,0.94759007955077212,0.33130556855404775,0.49415067852129158,0.1502105755732335,6.6916237716424895E-2]
[8,"Costa Sur",43,"La Huerta",6360,3.6844009999999996E-2,4.6020489999999997E-2,0.62663514578408197,0.94373522458628845,0.946414499605989,0.96769109535066977,0.38329393223010244,0.48983451536643025,0.19211977935382191,0.13254531126871552]
[12,"Centro",44,"Ixtlahuacán de los Membrillos",10489,3.9067930000000001E-2,2.091691E-2,0.88223495702005716,0.98299904489016232,0.981279847182426,0.98882521489971342,0.26150907354345748,0.77831900668576881,0.20429799426934095,0.11117478510028653]
[12,"Centro",45,"Ixtlahuacán del Río",4785,3.9698810000000001E-2,4.4407210000000003E-2,0.64264767490573926,0.94574780058651031,0.94449099287808957,0.98408043569333903,0.37138667783829077,0.63657310431503977,0.15081692501047339,7.6874738165060741E-2]
[3,"Altos Sur",46,"Jalostotitlán",7589,4.194726E-2,1.2410879999999999E-2,0.92078162133614994,0.96514391338790584,0.96778452601003417,0.9900977026670188,0.39978875099022981,0.70821230525481904,0.21507789807235278,0.1439133879059942]
[4,"Ciénega",47,"Jamay",5512,4.1472729999999999E-2,2.09167E-2,0.93906875227355402,0.98399417970170977,0.98635867588213899,0.99490723899599853,0.4616224081484176,0.59403419425245541,0.17970170971262278,0.10931247726445982]
[3,"Altos Sur",48,"Jesús María",4632,4.0207480000000004E-2,2.1180029999999999E-2,0.87594553706505296,0.93451480440890422,0.93905338232115843,0.97644261940782362,0.41257834449967584,0.55608385562999785,0.15042143937756647,9.9632591311865137E-2]
[5,"Sureste",49,"Jilotlán de los Dolores",2456,3.887123E-2,6.4423469999999997E-2,0.37340993024210095,0.82150184653262204,0.8247845711940911,0.95075913007796475,0.18711530570373414,0.47558473533032419,7.5092326631103823E-2,1.6413623307345096E-2]
[4,"Ciénega",50,"Jocotepec",9366,4.5163000000000002E-2,4.3025900000000006E-2,0.78671290777067293,0.97778259455944516,0.98016690148477292,0.9884035981359055,0.3935190202666089,0.68559661861926957,0.20841010079115638,0.13937357754416388]
[12,"Centro",51,"Juanacatlán",3229,4.0855019999999999E-2,1.9838809999999998E-2,0.77743335399876012,0.9680719156850589,0.98078115313081216,0.99380037197768134,0.38499690018598881,0.7321760694358338,0.23558586484810914,0.12554246745195288]
[7,"Sierra de Amula",52,"Juchitlán",1493,3.6838579999999996E-2,3.3579579999999998E-2,0.89321692411014109,0.95768972464741442,0.95164539959704497,0.97515110812625916,0.47280053727333782,0.50033579583613164,0.15916722632639355,0.10678307588985897]
[2,"Altos Norte",53,"Lagos de Moreno",35990,4.265236E-2,2.398262E-2,0.88560207236567223,0.92094927717890873,0.93365087323472873,0.98802261775438016,0.37803960892454247,0.68393638060221162,0.25631598005626582,0.17420127573048105]
[7,"Sierra de Amula",54,"El Limón",1738,3.1530019999999999E-2,2.1362590000000001E-2,0.9110854503464203,0.97806004618937648,0.9826789838337181,0.98960739030023093,0.61085450346420322,0.48960739030023093,0.21593533487297922,0.13279445727482678]
[11,"Valles",55,"Magdalena",5052,4.2230629999999998E-2,1.574646E-2,0.80785329878413392,0.96970300976679302,0.98285828184173807,0.98206099262507474,0.37313135339844528,0.69045246163045648,0.18915686665337852,0.12417779549531591]
[5,"Sureste",56,"Santa María del Oro",672,3.745536E-2,9.8214289999999996E-2,0.67559523809523814,0.5803571428571429,0.63690476190476186,0.80059523809523814,0.29315476190476192,0.11755952380952381,6.101190476190476E-2,1.4880952380952378E-2]
[5,"Sureste",57,"La Manzanilla de la Paz",1059,3.545798E-2,3.1190929999999999E-2,0.92627599243856329,0.97353497164461245,0.96975425330812859,0.99149338374291118,0.49810964083175802,0.54914933837429114,0.19092627599243855,0.11720226843100189]
[10,"Sierra Occidental",58,"Mascota",3849,3.6798650000000002E-2,1.8759769999999999E-2,0.95049504950495045,0.9650859822824388,0.95831162063574782,0.96430432516935904,0.40333507034914023,0.65815528921313193,0.25013027618551331,0.1829077644606566]
[5,"Sureste",59,"Mazamitla",3280,4.0222969999999997E-2,4.7662690000000001E-2,0.80262755881454328,0.94500458295142087,0.94805988389856399,0.97769630308585387,0.34402688664833486,0.61839291170180266,0.19767797128017109,0.12923923006416133]
[3,"Altos Sur",60,"Mexticacán",1722,3.504065E-2,2.7309700000000003E-2,0.92794886693782686,0.95119116792562464,0.9529343404997096,0.98256827425915161,0.30854154561301567,0.66298663567693206,9.8779779198140613E-2,4.822777454968042E-2]
[1,"Norte",61,"Mezquitic",3747,4.820588E-2,0.35508021000000001,0.37459893048128345,0.3286096256684492,0.368716577540107,0.51737967914438499,0.1446524064171123,0.20133689839572191,6.0962566844919783E-2,1.6844919786096257E-2]
[10,"Sierra Occidental",62,"Mixtlán",946,3.7780130000000002E-2,6.1310779999999995E-2,0.89429175475687106,0.89746300211416485,0.90803382663847776,0.95031712473572938,0.46934460887949259,0.47463002114164898,0.16067653276955599,4.7568710359408038E-2]
[4,"Ciénega",63,"Ocotlán",23111,4.0228430000000003E-2,1.8282329999999999E-2,0.86536368780742601,0.98193531537021717,0.9858964871806033,0.99408000696469767,0.48139119836329608,0.73568972271797317,0.31336786662603927,0.21616680450964176]
[2,"Altos Norte",64,"Ojuelos de Jalisco",6717,4.4795299999999996E-2,4.5325780000000003E-2,0.8233189205307887,0.80184881467123903,0.80930371253913824,0.97539883703593266,0.30878186968838528,0.4945579245564336,0.11972565975846131,4.7562248397196957E-2]
[5,"Sureste",65,"Pihuamo",3463,3.4966789999999998E-2,6.2120769999999999E-2,0.84802080323605911,0.94828084368679588,0.95001444669170765,0.96128286622363479,0.46576134065299046,0.46605027448714237,0.12106327650967928,6.8188384859867085E-2]
[4,"Ciénega",66,"Poncitlán",10711,4.5202619999999999E-2,5.1779029999999997E-2,0.85205992509363293,0.96582397003745324,0.96657303370786518,0.98492509363295877,0.35018726591760296,0.5574906367041198,0.18258426966292135,0.11338951310861421]
[9,"Costa Norte",67,"Puerto Vallarta",68677,3.7259300000000002E-2,2.0955700000000001E-2,0.90186122669711122,0.98120746894200006,0.98397151827427176,0.99188811609007199,0.47863119470023585,0.85913863810482349,0.40700626417701935,0.33482551938590033]
[8,"Costa Sur",68,"Villa Purificación",3107,3.7392139999999997E-2,0.11351177,0.76233473073202196,0.85133827797484685,0.854885520799742,0.89358271525314426,0.28216704288939054,0.35020960980328925,0.10996452757175104,5.2886165752982911E-2]
[5,"Sureste",69,"Quitupan",2395,3.627557E-2,9.1478699999999996E-2,0.58020050125313283,0.84628237259816208,0.86507936507936511,0.97284878863826241,0.42690058479532161,0.27736006683375103,0.10066833751044277,5.1796157059314944E-2]
[12,"Centro",70,"El Salto",32230,4.2951199999999995E-2,5.3761089999999997E-2,0.80163688616768713,0.97572785205547918,0.9835686617518431,0.99097213544920659,0.3902599025365488,0.78442459077845816,0.2307572160439835,0.13166937398475573]
[12,"Centro",71,"San Cristóbal de la Barranca",770,4.1305479999999999E-2,8.877285E-2,0.66710182767624016,0.89295039164490864,0.90600522193211486,0.97780678851174929,0.22715404699738906,0.60574412532637079,5.6135770234986948E-2,1.0443864229765015E-2]
[2,"Altos Norte",72,"San Diego de Alejandría",1532,4.335075E-2,1.5676030000000001E-2,0.93076420640104507,0.92488569562377532,0.95035924232527758,0.98367080339647284,0.40496407576747223,0.62508164598301763,0.13651208360548661,4.0496407576747225E-2]
[2,"Altos Norte",73,"San Juan de los Lagos",15118,4.2944719999999999E-2,1.036132E-2,0.83428533475026567,0.95862114771519658,0.9621413390010628,0.99216259298618492,0.40183315621679067,0.72748405951115847,0.24090063761955366,0.16431987247608926]
[3,"Altos Sur",74,"San Julián",3916,3.9500130000000001E-2,8.7201799999999993E-3,0.93562451910746347,0.9648627853295717,0.97358296999230576,0.99358809951269544,0.51449089510130808,0.68966401641446529,0.22621184919210055,0.14644780713003333]
[11,"Valles",75,"San Marcos",948,3.9588610000000003E-2,4.7468349999999999E-2,0.93037974683544311,0.95464135021097052,0.96413502109704641,0.95991561181434604,0.45886075949367089,0.59177215189873422,0.1729957805907173,6.0126582278481014E-2]
[1,"Norte",76,"San Martín de Bolaños",836,4.0724639999999999E-2,0.10869564999999999,0.78019323671497587,0.83212560386473422,0.86473429951690817,0.85869565217391308,0.20531400966183574,0.64251207729468585,0.11594202898550725,1.328502415458937E-2]
[11,"Valles",77,"San Martín Hidalgo",7262,3.62221E-2,1.9299699999999999E-2,0.84077750206782464,0.97270471464019848,0.9704990350151641,0.99007444168734493,0.55679625034463742,0.51392335263303002,0.21712158808933002,0.11952026468155501]
[3,"Altos Sur",78,"San Miguel el Alto",7539,4.1317399999999997E-2,2.8449879999999997E-2,0.90733847381015698,0.93499069396437118,0.93951076841265613,0.98471151289550651,0.44363201276256314,0.69662323850039887,0.22334485509173091,0.15820260568997607]
[6,"Sur",79,"Gómez Farías",3249,4.3247359999999999E-2,9.9844479999999999E-2,0.83234836702954895,0.96920684292379466,0.97480559875583206,0.98258164852255059,0.408398133748056,0.49766718506998442,0.14432348367029549,6.8429237947122856E-2]
[10,"Sierra Occidental",80,"San Sebastián del Oeste",1574,3.656707E-2,5.4036869999999994E-2,0.71646535282898904,0.91163382072472987,0.91862682771773696,0.9574062301335029,0.26954863318499683,0.32803560076287347,0.10108073744437381,4.5136681500317861E-2]
[1,"Norte",81,"Santa María de los Ángeles",1030,3.6180759999999999E-2,3.7937739999999998E-2,0.9523346303501945,0.86673151750972766,0.89785992217898836,0.98151750972762641,0.45136186770428016,0.27821011673151752,9.2412451361867709E-2,1.3618677042801557E-2]
[6,"Sur",82,"Sayula",8302,4.1831100000000003E-2,6.4473370000000002E-2,0.9756567847674138,0.98107977825982162,0.98650277175222945,0.99252832007712699,0.48312846469028675,0.66377440347071581,0.26030368763557482,0.18148951554591466]
[11,"Valles",83,"Tala",17490,3.943526E-2,2.0278399999999999E-2,0.89574382769089766,0.98676748582230611,0.98688205304462395,0.99135017471501419,0.40316205533596838,0.67537377556281153,0.23829982242080539,0.13347081400011457]
[10,"Sierra Occidental",84,"Talpa de Allende",3665,3.9227199999999997E-2,4.3691969999999997E-2,0.70016384489350092,0.91452758055707262,0.91261605679956304,0.94456581103222281,0.31922446750409611,0.48197706171490995,0.15073730202075369,0.1206990715456035]
[5,"Sureste",85,"Tamazula de Gordiano",10518,3.6112329999999998E-2,3.0427320000000001E-2,0.88830599008012212,0.97224341854254104,0.97109881724532632,0.97472338801983971,0.50371995421594806,0.56209462037390312,0.24008012209080504,0.18418542541014879]
[6,"Sur",86,"Tapalpa",3938,4.5781289999999995E-2,6.1958180000000002E-2,0.70780214176440592,0.90158082610912804,0.90183579806221315,0.96914839367669559,0.29525752167261599,0.49515553289138192,0.13717491075981642,9.0005099439061709E-2]
[5,"Sureste",87,"Tecalitlán",4479,3.7561409999999996E-2,9.466128E-2,0.88515029161058767,0.9362943023777478,0.93674293405114417,0.93494840735755946,0.49125168236877526,0.54082548227904892,0.18281740690892778,0.13907581875280395]
[7,"Sierra de Amula",88,"Tecolotlán",4553,3.6342859999999998E-2,4.66139E-2,0.86939313984168864,0.9525065963060686,0.9571240105540898,0.98900615655233071,0.43557607739665793,0.54639401934916443,0.19327176781002639,0.11147757255936677]
[6,"Sur",89,"Techaluta de Montenegro",938,3.7430699999999997E-2,4.7974410000000002E-2,0.8571428571428571,0.95948827292110872,0.96375266524520253,0.94882729211087424,0.4776119402985074,0.47867803837953088,0.1417910447761194,6.3965884861407252E-2]
[7,"Sierra de Amula",90,"Tenamaxtlán",2007,3.50573E-2,2.6407569999999998E-2,0.88689586447433977,0.94519182859990036,0.95266567015445924,0.99003487792725464,0.45939212755356251,0.48430493273542602,0.16940707523667164,6.0787244643746879E-2]
[2,"Altos Norte",91,"Teocaltiche",10101,3.9660129999999995E-2,3.4096540000000002E-2,0.82148875012389733,0.91079393398751118,0.91931806918426007,0.98047378332837742,0.38190108038457721,0.5167013579145604,0.15868767965110517,0.10645257210823669]
[6,"Sur",92,"Teocuitatlán de Corona",3067,3.5295269999999997E-2,6.1663949999999995E-2,0.78890701468189239,0.94942903752039154,0.9487765089722674,0.98923327895595436,0.34714518760195756,0.5611745513866232,0.1298531810766721,7.6672104404567704E-2]
[3,"Altos Sur",93,"Tepatitlán de Morelos",33070,4.1069820000000007E-2,8.8868699999999998E-3,0.93494085532302096,0.98007279344858977,0.98098271155595995,0.99317561419472244,0.48783742796481649,0.78104337276311797,0.30718835304822567,0.21941158629056715]
[11,"Valles",94,"Tequila",9221,4.406525E-2,5.2150239999999994E-2,0.83832335329341301,0.95666848121937942,0.9559063690800218,0.97506804572672834,0.39096352749047353,0.68230811105062594,0.23124659771366357,0.15122482308111052]
[11,"Valles",95,"Teuchitlán",2429,3.741763E-2,1.3608249999999999E-2,0.88247422680412368,0.97814432989690725,0.97319587628865978,0.98804123711340208,0.5822680412371134,0.49360824742268039,0.19711340206185568,0.12948453608247423]
[4,"Ciénega",96,"Tizapán el Alto",5456,3.8126259999999995E-2,5.9331370000000001E-2,0.84900808229243208,0.94911829537105075,0.95132255694342394,0.98071271124173398,0.35966201322556945,0.48144746509919178,0.14088905216752387,9.0925789860396761E-2]
[12,"Centro",97,"Tlajomulco de Zúñiga",105954,3.9666239999999998E-2,2.411249E-2,0.93838247865347379,0.98911302604816598,0.99161860218329023,0.995725781887141,0.43456515971819631,0.85843003547109742,0.32365165613669639,0.21485069713971289]
[12,"Centro",98,"Tlaquepaque",143316,4.2526339999999996E-2,4.0398969999999999E-2,0.93020839224113561,0.98678815811796639,0.99024486795227051,0.99409743821749719,0.5781895040434315,0.80063479047672903,0.37324690380591524,0.27339111010575129]
[6,"Sur",99,"Tolimán",2352,4.0769560000000003E-2,0.15142493000000001,0.72607401105912373,0.86176095278604847,0.86133560187154401,0.93109315185027652,0.40195661420672052,0.29094002552105486,8.8898341131433439E-2,3.6154827732879626E-2]
[9,"Costa Norte",100,"Tomatlán",8907,3.9429770000000003E-2,3.6885710000000002E-2,0.36704119850187267,0.85779139711723984,0.87027579162410618,0.94870048802633067,0.34706616729088646,0.48552945182158669,0.15775734876858472,0.10577686982181364]
[12,"Centro",101,"Tonalá",107280,4.3685419999999996E-2,3.9714920000000001E-2,0.86817743214452903,0.98309942581995013,0.98910873116718112,0.9937996197609652,0.53136016661730567,0.81227847254731489,0.32100581823045543,0.21513122068194629]
[7,"Sierra de Amula",102,"Tonaya",1647,3.6008510000000001E-2,2.3708209999999997E-2,0.93556231003039514,0.9738601823708205,0.97629179331306981,0.99331306990881463,0.44741641337386023,0.65531914893617016,0.20243161094224923,0.13069908814589665]
[6,"Sur",103,"Tonila",1975,3.671899E-2,3.1931069999999999E-2,0.93867207298530142,0.98682209832742018,0.98732894069944233,0.99138367967562091,0.45261023821591484,0.54891028890015203,0.14698428788646731,9.7820577800304107E-2]
[1,"Norte",104,"Totatiche",1332,3.2932329999999996E-2,4.8872180000000001E-2,0.88796992481203008,0.89774436090225562,0.90601503759398494,0.96691729323308262,0.49849624060150377,0.43533834586466164,0.17142857142857143,6.3157894736842107E-2]
[4,"Ciénega",105,"Tototlán",5527,3.9504249999999998E-2,2.4249E-2,0.77216793340571843,0.96507419471588851,0.96127397756062249,0.99185667752442996,0.42236699239956571,0.63879840752804917,0.14730365544697793,8.2157075642417657E-2]
[7,"Sierra de Amula",106,"Tuxcacuesco",1103,3.839091E-2,5.9090910000000003E-2,0.88272727272727269,0.90909090909090906,0.91909090909090907,0.96818181818181814,0.26545454545454544,0.37454545454545463,8.9090909090909096E-2,8.1818181818181825E-3]
[4,"Ciénega",107,"Tuxcueca",1571,4.0203689999999993E-2,5.9197960000000001E-2,0.89497135582431586,0.93252705283259074,0.96308084022915341,0.98663271801400387,0.36218968809675367,0.55760661998726924,0.17504774029280712,0.10184595798854232]
[6,"Sur",108,"Tuxpan",8162,4.1767589999999993E-2,9.4367409999999999E-2,0.93704749048963065,0.98073383237207024,0.98490612345073014,0.97729782795435027,0.40863909682169591,0.62277580071174377,0.23438458706589768,0.15290219658853846]
[2,"Altos Norte",109,"Unión de San Antonio",4121,4.2031060000000002E-2,3.8368140000000002E-2,0.826614861583293,0.85551238465274404,0.90140845070422548,0.9793589120932491,0.32782904322486645,0.5089849441476445,0.11413307430791647,6.3380281690140844E-2]
[7,"Sierra de Amula",110,"Unión de Tula",3682,3.7129280000000001E-2,2.7445650000000002E-2,0.91820652173913042,0.97771739130434776,0.97282608695652173,0.99103260869565224,0.50733695652173916,0.52038043478260865,0.23804347826086958,0.16684782608695653]
[3,"Altos Sur",111,"Valle de Guadalupe",1693,3.9615610000000002E-2,4.14446E-3,0.90763765541740671,0.94079336885731213,0.94612196566015394,0.98875074008288932,0.39964476021314388,0.77738306690349324,0.246299585553582,0.16281823564239198]
[5,"Sureste",112,"Valle de Juárez",1613,3.5949130000000003E-2,2.5450029999999998E-2,0.87709497206703912,0.96027312228429551,0.95903165735567986,0.97889509621353199,0.52265673494723774,0.52265673494723774,0.20856610800744879,0.14276846679081315]
[6,"Sur",113,"San Gabriel",3931,3.8983400000000001E-2,5.5172410000000005E-2,0.79872286079182631,0.91851851851851851,0.91596424010217126,0.97522349936143049,0.3780332056194125,0.50166028097062576,0.13997445721583654,7.9438058748403581E-2]
[12,"Centro",114,"Villa Corona",4430,3.8300519999999998E-2,3.5762790000000003E-2,0.96038931643277503,0.96853779990946132,0.98098687188773193,0.98732458125848799,0.43933906745133539,0.5778632865550023,0.18401991851516525,0.11090991398822997]
[1,"Norte",115,"Villa Guerrero",1540,3.653021E-2,6.3885269999999994E-2,0.60951760104302477,0.84159061277705349,0.86505867014341586,0.91069100391134294,0.41329856584093877,0.49934810951760106,0.15384615384615385,5.2803129074315516E-2]
[2,"Altos Norte",116,"Villa Hidalgo",4602,4.0643200000000004E-2,1.7620190000000001E-2,0.94104850989775946,0.97019795518816621,0.96954535566673916,0.99021100717859478,0.52577768109636724,0.53817707200348053,0.24929301718512073,0.17511420491624974]
[3,"Altos Sur",117,"Cañadas de Obregón",1216,3.4154990000000003E-2,1.8961249999999999E-2,0.90601813685078314,0.89035449299258029,0.90849134377576268,0.97938994229183829,0.40230832646331405,0.61335531739488869,0.11624072547403133,4.6990931574608409E-2]
[3,"Altos Sur",118,"Yahualica de González Gallo",6290,3.5278659999999996E-2,2.4207679999999999E-2,0.77990125816212763,0.93772893772893762,0.95508838987099853,0.98041089345437171,0.3688485427615863,0.63577002707437491,0.18123905080426819,0.10160853639114509]
[6,"Sur",119,"Zacoalco de Torres",6776,4.1190860000000003E-2,8.5226430000000006E-2,0.88641425389755013,0.94803266518188567,0.96852264291017076,0.98708240534521163,0.42613214550853745,0.60415738678544917,0.18901262063845581,0.11789161098737937]
[12,"Centro",120,"Zapopan",317297,3.924217E-2,2.7818789999999999E-2,0.93971792026503276,0.99020279506601694,0.9918238690275164,0.99573181518470277,0.69513516990720636,0.86017915440407844,0.54396680658078833,0.44703687621620752]
[6,"Sur",121,"Zapotiltic",7521,3.8809170000000004E-2,5.563709E-2,0.90393595730486997,0.98825883922615076,0.98839226150767179,0.99146097398265509,0.47378252168112067,0.63882588392261508,0.24309539693128757,0.14929953302201468]
[6,"Sur",122,"Zapotitlán de Vadillo",1642,4.0719070000000003E-2,9.0853660000000003E-2,0.8621951219512195,0.86585365853658525,0.8774390243902439,0.9134146341463415,0.33353658536585373,0.32378048780487811,8.9024390243902435E-2,5.9756097560975607E-2]
[4,"Ciénega",123,"Zapotlán del Rey",4343,4.0497699999999998E-2,3.8027199999999997E-2,0.76814934316662831,0.96404701544134597,0.95943765844664664,0.98640239686563713,0.27264346623646002,0.52477529384650845,0.11292924637013137,4.3327955750172856E-2]
[12,"Centro",124,"Zapotlanejo",15640,4.0695660000000002E-2,2.2936960000000003E-2,0.82252690927729366,0.94906458226550483,0.94605330599692461,0.98673757047667865,0.36135315222962583,0.74083803177857499,0.19682214249103025,0.12435930292157868]
[3,"Altos Sur",125,"San Ignacio Cerro Gordo",4170,4.2264879999999998E-2,1.3678909999999999E-2,0.79193664506839456,0.95776337892968566,0.96064314854811617,0.98728101751859854,0.37604991600671944,0.66450683945284372,0.15694744420446363,8.9752819774418041E-2]
["1  El total de viviendas particulares habitadas excluye viviendas móviles, refugios y locales no construidos para habitación debido a que no se captaron"]

{"sheet":"Fecund","index":25,"n_rows":139,"n_cols":12,"rows_kept":139,"cut":false,"hidden":true,"merged":[]}
["Clave","Región","Clave","Municipio","Promedio de hijos nacidos vivos de las mujeres entre 15 y 49 años","15-19 años","20-24 años","25-29 años","30-34 años","35-39 años","40-44 años","45-49 años"]
[null,null,null,"Jalisco",1.6908470837579384,0.135578,0.68066400000000005,1.3830169999999999,2.0697489999999998,2.5643400000000001,2.9667840000000001,3.3860890000000001]
[1,"Norte",null,"Norte",2.0717288735776109,0.17966339999999997,0.83244819999999997,1.7735320999999999,2.6943722999999999,3.3483083000000002,3.9188966999999999,4.6281046000000003]
[2,"Altos Norte",null,"Altos Norte",1.8541628810230659,0.106496625,0.64977737499999999,1.4618103749999998,2.2499702500000001,2.9841358750000002,3.6110285000000002,4.3673535000000001]
[3,"Altos Sur",null,"Altos Sur",1.7658216971614158,8.9310833333333339E-2,0.52972025000000011,1.329013,2.1201841666666668,2.7728153333333334,3.5049945833333331,4.098415833333334]
[4,"Ciénega",null,"Ciénega",1.8856032842485884,0.15374869230769231,0.79782153846153858,1.5924862307692309,2.3298762307692304,2.8653701538461536,3.4011936153846145,3.9908359999999994]
[5,"Sureste",null,"Sureste",1.8102732355800835,0.10753349999999999,0.6430897000000001,1.4670968,2.2130519999999998,2.7695927999999994,3.3246535000000002,3.8541558999999994]
[6,"Sur",null,"Sur",1.8218968227738723,0.13521612499999999,0.74495731249999997,1.5346793125000002,2.2189777500000001,2.8196083125000002,3.3306294375000003,3.90970175]
[7,"Sierra de Amula",null,"Sierra de Amula",1.7730282349088258,0.11334345454545454,0.67569936363636363,1.4452218181818179,2.101401727272727,2.7073786363636363,3.3148232727272728,3.8381142727272732]
[8,"Costa Sur",null,"Costa Sur",2.0158132672674038,0.17169216666666665,0.87637949999999998,1.7942356666666666,2.5008234999999996,3.0888068333333334,3.6258124999999999,4.128490666666667]
[9,"Costa Norte",null,"Costa Norte",2.0213709360122549,0.22394833333333333,1.0027820000000001,1.7938006666666666,2.4940370000000001,3.0005946666666667,3.5131226666666664,4.0255343333333338]
[10,"Sierra Occidental",null,"Sierra Occidental",1.9123315684379159,0.10672074999999999,0.70266437500000001,1.517228375,2.2276831249999995,3.0574163749999999,3.530964875,4.0684288750000004]
[11,"Valles",null,"Valles",1.8638391457428063,0.13615107142857144,0.73721599999999998,1.5667226428571426,2.333764142857143,2.885046285714286,3.2747788571428571,3.7573281428571432]
[12,"Centro",null,"Centro",1.7987496821998381,0.13804828571428571,0.72020892857142871,1.4946449999999998,2.2155967857142858,2.7453702142857139,3.2053162142857148,3.6956443571428577]
[3,"Altos Sur",1,"Acatic",1.8393754486719311,0.13938800000000001,0.63269200000000003,1.453271,2.366587,3.061798,3.7735189999999998,4.20852]
[12,"Centro",2,"Acatlán de Juárez",1.8652705061082024,0.158082,0.90158400000000005,1.677057,2.3363520000000002,2.7892220000000001,3.0266109999999999,3.4765100000000002]
[11,"Valles",3,"Ahualulco de Mercado",1.7742454009644579,0.137377,0.79175700000000004,1.5584579999999999,2.2782049999999998,2.6861109999999999,3.1483110000000001,3.4010509999999998]
[6,"Sur",4,"Amacueca",1.6904593639575971,8.4614999999999996E-2,0.69354800000000005,1.2064220000000001,2.163462,2.5491329999999999,3.2202380000000002,3.592857]
[11,"Valles",5,"Amatitán",1.9297827239003709,0.16275899999999999,0.74840799999999996,1.694545,2.4015149999999998,3.1357550000000001,3.3161429999999998,3.679144]
[11,"Valles",6,"Ameca",1.7406025240873932,0.11780500000000001,0.69243399999999999,1.4362159999999999,2.1422759999999998,2.600384,2.956,3.411915]
[11,"Valles",7,"San Juanito de Escobedo",1.9464882943143813,0.12,0.75,1.6363639999999999,2.465986,3.1812299999999998,3.424779,3.8703699999999999]
[3,"Altos Sur",8,"Arandas",1.7762318549399769,8.2628999999999994E-2,0.50267200000000001,1.2685900000000001,2.109677,2.795957,3.5265719999999998,4.327922]
[11,"Valles",9,"El Arenal",1.8698018724145438,0.16281799999999999,0.75546999999999997,1.516691,2.2507839999999999,2.9753090000000002,3.1571709999999999,3.9570820000000002]
[6,"Sur",10,"Atemajac de Brizuela",2.3137739345274859,0.183616,0.95270299999999997,2.011765,2.9849999999999999,3.845361,4.2687499999999998,5.375]
[7,"Sierra de Amula",11,"Atengo",1.9719326383319968,0.143426,0.83333299999999999,1.449735,2.3696969999999999,3.0129030000000001,3.934307,4.4296879999999996]
[10,"Sierra Occidental",12,"Atenguillo",1.7576687116564418,6.701E-2,0.6,1.1503760000000001,2.0307689999999998,2.6186440000000002,3.1076920000000001,3.9512200000000002]
[4,"Ciénega",13,"Atotonilco el Alto",1.8003679852805887,0.107378,0.60312500000000002,1.3635219999999999,2.1407790000000002,2.7525040000000001,3.4882119999999999,4.1522199999999998]
[6,"Sur",14,"Atoyac",1.797682279092226,0.107692,0.65507199999999999,1.562044,2.1715330000000002,2.6006939999999998,3.1376810000000002,3.6473209999999998]
[8,"Costa Sur",15,"Autlán de Navarro",1.7060324522376342,0.148257,0.74683999999999995,1.4966919999999999,2.0852270000000002,2.5569199999999999,2.8651949999999999,3.3420100000000001]
[4,"Ciénega",16,"Ayotlán",1.9498034472331418,0.13236800000000001,0.72695900000000002,1.523047,2.369742,3.0462379999999998,3.6595939999999998,4.7953219999999996]
[10,"Sierra Occidental",17,"Ayutla",1.9224367509986684,0.15822800000000001,0.73865700000000001,1.581609,2.350384,3.1875,3.7514120000000002,4.2490839999999999]
[4,"Ciénega",18,"La Barca",1.7378203989818268,0.14888799999999999,0.74599300000000002,1.4238059999999999,2.1670099999999999,2.575895,3.0278619999999998,3.4915759999999998]
[1,"Norte",19,"Bolaños",2.538270068450529,0.31392399999999998,1.2483219999999999,2.5247929999999998,3.390698,4.2826089999999999,5.2061070000000003,5.4436619999999998]
[9,"Costa Norte",20,"Cabo Corrientes",2.2203463203463203,0.27234900000000001,1.1792929999999999,2.06006,2.7246839999999999,3.2798630000000002,3.8102770000000001,4.4495800000000001]
[8,"Costa Sur",21,"Casimiro Castillo",1.8837296386444486,0.151116,0.77343799999999996,1.6731469999999999,2.3298570000000001,2.8132350000000002,3.1984379999999999,3.8160289999999999]
[8,"Costa Sur",22,"Cihuatlán",2.0016148566814693,0.247335,1.022103,1.8515189999999999,2.451228,2.8944239999999999,3.3545060000000002,3.7764099999999998]
[6,"Sur",23,"Zapotlán el Grande",1.5226410321274981,0.10508199999999999,0.55936699999999995,1.252813,1.8658159999999999,2.3415590000000002,2.6086170000000002,3.0158939999999999]
[11,"Valles",24,"Cocula",1.7264918625678118,0.10481799999999999,0.68539300000000003,1.3796839999999999,2.0714290000000002,2.6008490000000002,2.9634589999999998,3.5462690000000001]
[1,"Norte",25,"Colotlán",1.7128364389233954,0.106765,0.560137,1.3173079999999999,2.117175,2.7642639999999998,3.031088,3.7495180000000001]
[5,"Sureste",26,"Concepción de Buenos Aires",1.72356599861783,0.165493,0.60975599999999996,1.40201,2.0102039999999999,2.6923080000000001,3.2292990000000001,3.547771]
[8,"Costa Sur",27,"Cuautitlán de García Barragán",2.2953869047619047,0.13778299999999999,0.94680900000000001,2.0629249999999999,2.957821,3.713978,4.5240169999999997,4.9561640000000002]
[10,"Sierra Occidental",28,"Cuautla",1.7343453510436433,7.6189999999999994E-2,0.62068999999999996,1.3521129999999999,1.7037040000000001,3.5094340000000002,3.4225349999999999,3.8070179999999998]
[12,"Centro",29,"Cuquío",1.7564046895353886,8.3705000000000002E-2,0.502494,1.27874,2.100152,2.6474690000000001,3.4268290000000001,4.1370449999999996]
[4,"Ciénega",30,"Chapala",1.8318947098538587,0.18834100000000001,0.87788900000000003,1.5825689999999999,2.2171569999999998,2.67333,3.0363509999999998,3.43547]
[1,"Norte",31,"Chimaltitán",2.4525000000000001,0.33333299999999999,1.134752,2.2000000000000002,3.084746,3.6853929999999999,4.9166670000000003,6.0136989999999999]
[7,"Sierra de Amula",32,"Chiquilistlán",2.1259842519685042,0.14881,0.73929999999999996,1.7159759999999999,2.6034480000000002,3.5202309999999999,4.4905660000000003,5.1472870000000004]
[4,"Ciénega",33,"Degollado",1.8378664782762275,8.1701999999999997E-2,0.63544800000000001,1.455112,2.2816380000000001,2.8558949999999999,3.6800619999999999,4.2210140000000003]
[7,"Sierra de Amula",34,"Ejutla",1.6268343815513626,7.2289000000000006E-2,0.49438199999999999,1.5416669999999999,1.5517240000000001,2.253968,3.2093020000000001,3.5507249999999999]
[2,"Altos Norte",35,"Encarnación de Díaz",1.7742826007991281,9.0063000000000004E-2,0.63492700000000002,1.3723719999999999,2.058462,2.781838,3.4481160000000002,4.0740189999999998]
[11,"Valles",36,"Etzatlán",1.8478585126784572,0.130108,0.71069199999999999,1.5281389999999999,2.3814760000000001,2.8653529999999998,3.343925,3.797571]
[7,"Sierra de Amula",37,"El Grullo",1.7274782047142396,0.123596,0.69663900000000001,1.4189039999999999,2.05518,2.6412399999999998,3,3.5331229999999998]
[10,"Sierra Occidental",38,"Guachinango",1.9389623601220753,7.1794999999999998E-2,0.69491499999999995,1.574803,2.4173230000000001,2.9548869999999998,3.6610170000000002,4.1226419999999999]
[12,"Centro",39,"Guadalajara",1.4212428391298737,0.102213,0.50765199999999999,1.068238,1.701371,2.1658050000000002,2.4863759999999999,2.8171360000000001]
[11,"Valles",40,"Hostotipaquillo",2.1049462365591398,0.16703299999999999,0.90632900000000005,1.661538,2.691589,3.2060810000000002,3.741641,4.2941180000000001]
[1,"Norte",41,"Huejúcar",1.703114186851211,7.5098999999999999E-2,0.47639500000000001,1.2450000000000001,2.0159570000000002,2.6132080000000002,2.6684489999999998,3.7790699999999999]
[1,"Norte",42,"Huejuquilla el Alto",1.9932692307692308,0.18736800000000001,0.86189300000000002,1.661017,2.5523470000000001,3.0928270000000002,3.9459460000000002,4.9945360000000001]
[8,"Costa Sur",43,"La Huerta",1.9840885506745072,0.181343,0.91068000000000005,1.775091,2.4691519999999998,3.0558510000000001,3.4665650000000001,3.99661]
[12,"Centro",44,"Ixtlahuacán de los Membrillos",1.922497308934338,0.192167,0.95245899999999994,1.7613510000000001,2.374784,2.8336350000000001,3.1388889999999998,3.5867399999999998]
[12,"Centro",45,"Ixtlahuacán del Río",1.7748659916617033,9.8409999999999997E-2,0.57491300000000001,1.3764860000000001,2.0828570000000002,2.746318,3.4425089999999998,4.1515149999999998]
[3,"Altos Sur",46,"Jalostotitlán",1.8812661657839636,9.3826000000000007E-2,0.679863,1.6009690000000001,2.4227349999999999,2.9674019999999999,3.7341769999999999,4.2327820000000003]
[4,"Ciénega",47,"Jamay",1.8461022632020117,0.15853700000000001,0.782775,1.6064860000000001,2.3913579999999999,2.7864719999999998,3.125178,3.95]
[3,"Altos Sur",48,"Jesús María",1.9215530903328051,7.2154999999999997E-2,0.47078700000000001,1.234513,2.1445090000000002,3.2012990000000001,4.1811720000000001,4.8409089999999999]
[5,"Sureste",49,"Jilotlán de los Dolores",2.0837651122625216,0.17330699999999999,0.79,1.821958,2.6707689999999999,3.0260220000000002,4.1526100000000001,4.6709399999999999]
[4,"Ciénega",50,"Jocotepec",1.9580109454614079,0.1759,0.88088900000000003,1.7418359999999999,2.510424,3.1155819999999999,3.5762710000000002,4.1037039999999996]
[12,"Centro",51,"Juanacatlán",1.8296511627906977,0.124402,0.64958700000000003,1.654971,2.2030650000000001,2.7366169999999999,3.515625,3.714286]
[7,"Sierra de Amula",52,"Juchitlán",1.8191176470588235,9.5833000000000002E-2,0.77519400000000005,1.485849,2.145349,2.8497110000000001,3.3921570000000001,3.651316]
[2,"Altos Norte",53,"Lagos de Moreno",1.7982443720798527,0.104726,0.64594099999999999,1.433014,2.172078,2.8519559999999999,3.4083009999999998,4.1046360000000002]
[7,"Sierra de Amula",54,"El Limón",1.6466876971608833,0.112069,0.605263,1.3542860000000001,1.9068320000000001,2.367232,2.767296,3.1264370000000001]
[11,"Valles",55,"Magdalena",1.952670349907919,0.13664100000000001,0.75922100000000003,1.6018399999999999,2.4908060000000001,3.1515580000000001,3.666102,4.3197780000000003]
[5,"Sureste",56,"Santa María del Oro",2.0751252086811354,1.5873000000000002E-2,0.49367100000000003,1.4805189999999999,2.6842109999999999,3.168539,3.5348839999999999,4.5151519999999996]
[5,"Sureste",57,"La Manzanilla de la Paz",1.6670190274841437,5.2631999999999998E-2,0.5,1.25,1.9304349999999999,2.6458330000000001,3.295455,3.7352940000000001]
[10,"Sierra Occidental",58,"Mascota",1.857969337575933,0.12903200000000001,0.73371600000000003,1.4640519999999999,2.2315369999999999,2.7242109999999999,3.3140100000000001,3.7029700000000001]
[5,"Sureste",59,"Mazamitla",1.7747469066366703,0.13395599999999999,0.71297699999999997,1.382463,2.174242,2.7035290000000001,3.376528,3.7091409999999998]
[3,"Altos Sur",60,"Mexticacán",1.6704834605597965,7.5758000000000006E-2,0.41444900000000001,1.2385790000000001,1.871429,2.1793719999999999,2.961722,3.6650489999999998]
[1,"Norte",61,"Mezquitic",2.7075379344101811,0.28486099999999998,1.4563839999999999,2.7508309999999998,3.9485709999999998,4.7777779999999996,4.9299720000000002,5.6047200000000004]
[10,"Sierra Occidental",62,"Mixtlán",1.8831615120274914,0.10465099999999999,0.62758599999999998,1.680328,2.1735540000000002,2.9827590000000002,3.3617020000000002,3.9320390000000001]
[4,"Ciénega",63,"Ocotlán",1.7410011248593926,0.17677499999999999,0.78416200000000003,1.5307820000000001,2.1657289999999998,2.612784,2.906155,3.334416]
[2,"Altos Norte",64,"Ojuelos de Jalisco",2.1397555902236087,0.15625,0.87711899999999998,1.8230630000000001,2.666957,3.476289,4.3038460000000001,5.3645829999999997]
[5,"Sureste",65,"Pihuamo",1.8585448392554991,9.5694000000000001E-2,0.73921599999999998,1.6641410000000001,2.3003100000000001,2.864865,3.1734689999999999,4.0029669999999999]
[4,"Ciénega",66,"Poncitlán",2.1105323132020186,0.209984,0.95728800000000003,1.9505110000000001,2.7374399999999999,3.2657479999999999,3.8749069999999999,4.4341010000000001]
[9,"Costa Norte",67,"Puerto Vallarta",1.6593955951106856,0.186031,0.78274999999999995,1.418838,2.041048,2.4610910000000001,2.8274870000000001,3.1474310000000001]
[8,"Costa Sur",68,"Villa Purificación",2.2240272006044579,0.16431899999999999,0.85840700000000003,1.90604,2.7116560000000001,3.4984329999999999,4.3461540000000003,4.8837210000000004]
[5,"Sureste",69,"Quitupan",1.7540009144947417,0.11398999999999999,0.62532299999999996,1.226667,1.9874210000000001,2.5605540000000002,3.244094,3.8972329999999999]
[12,"Centro",70,"El Salto",2.0090109534344145,0.213836,0.98320300000000005,1.8633390000000001,2.4953669999999999,2.9769640000000002,3.4189699999999998,3.8720669999999999]
[12,"Centro",71,"San Cristóbal de la Barranca",1.8855721393034826,5.2356E-2,0.46527800000000002,1.1792450000000001,2.6170209999999998,3.4639180000000001,3.895349,4.6162789999999996]
[2,"Altos Norte",72,"San Diego de Alejandría",1.7854274239816408,4.8571000000000003E-2,0.42718400000000001,1.2847219999999999,2.1901139999999999,3.2964600000000002,3.675497,4.5961540000000003]
[2,"Altos Norte",73,"San Juan de los Lagos",1.8120782142239142,0.115547,0.68230299999999999,1.442375,2.1964139999999999,2.901875,3.5418750000000001,4.2116939999999996]
[3,"Altos Sur",74,"San Julián",1.6355678415111725,4.4083999999999998E-2,0.38650299999999999,1.089394,2.0313080000000001,2.6107010000000002,3.4061219999999999,4.2913750000000004]
[11,"Valles",75,"San Marcos",1.8908489525909593,0.12834200000000001,0.63698600000000005,1.72,2.4154930000000001,3.045455,3.3853209999999998,3.8181820000000002]
[1,"Norte",76,"San Martín de Bolaños",2.114058355437666,0.13772499999999999,0.75694399999999995,1.8543689999999999,2.6464650000000001,3.861386,4.390244,4.4655170000000002]
[11,"Valles",77,"San Martín Hidalgo",1.6992931776275353,0.117742,0.661524,1.3697299999999999,2.0684330000000002,2.4886620000000002,3.023047,3.432836]
[3,"Altos Sur",78,"San Miguel el Alto",1.7791666666666666,9.3143000000000004E-2,0.55642499999999995,1.3916729999999999,2.1759080000000002,2.990253,3.6299890000000001,4.1595620000000002]
[6,"Sur",79,"Gómez Farías",1.7251059322033899,0.10958900000000001,0.66619099999999998,1.4834210000000001,2.086792,2.752049,3.086849,4.0569800000000003]
[10,"Sierra Occidental",80,"San Sebastián del Oeste",2.1960183767228179,0.14130400000000001,0.762791,1.7517240000000001,2.54,3.3016760000000001,3.8218390000000002,4.6347310000000004]
[1,"Norte",81,"Santa María de los Ángeles",1.8082191780821917,8.3798999999999998E-2,0.42753600000000003,1.294643,2.4523809999999999,2.8793099999999998,3.40367,3.65625]
[6,"Sur",82,"Sayula",1.7044820930731288,0.147394,0.74060599999999999,1.469171,2.1828789999999998,2.5729980000000001,2.9048910000000001,3.2851020000000002]
[11,"Valles",83,"Tala",1.838682945693608,0.171373,0.84525799999999995,1.632144,2.3052090000000001,2.6913770000000001,3.0442309999999999,3.4386169999999998]
[10,"Sierra Occidental",84,"Talpa de Allende",2.0080901473562554,0.105556,0.84296000000000004,1.582822,2.3741940000000001,3.1802199999999998,3.807512,4.1477269999999997]
[5,"Sureste",85,"Tamazula de Gordiano",1.7066763575952653,0.133189,0.65611699999999995,1.456019,2.0969739999999999,2.590446,2.9540609999999998,3.4094340000000001]
[6,"Sur",86,"Tapalpa",2.0336588406399336,0.201961,0.99340700000000004,1.7202299999999999,2.5565349999999998,3.1131449999999998,3.8574299999999999,4.7931030000000003]
[5,"Sureste",87,"Tecalitlán",1.8274573896801307,0.10755099999999999,0.73394499999999996,1.6212120000000001,2.3267150000000001,2.7738320000000001,3.435203,3.7242150000000001]
[7,"Sierra de Amula",88,"Tecolotlán",1.8276781386330587,0.123724,0.74474099999999999,1.5606329999999999,2.29983,2.7169460000000001,3.1278350000000001,3.7671839999999999]
[6,"Sur",89,"Techaluta de Montenegro",1.8464419475655431,0.139706,0.74482800000000005,1.7578130000000001,2.1031749999999998,2.7477480000000001,3.25,3.924051]
[7,"Sierra de Amula",90,"Tenamaxtlán",1.8502958579881656,0.110448,0.717557,1.5296799999999999,2.1569509999999998,2.8161429999999998,3.2222219999999999,3.6486489999999998]
[2,"Altos Norte",91,"Teocaltiche",1.8255646323882748,0.131387,0.698465,1.4842599999999999,2.215395,2.7081550000000001,3.3214290000000002,3.8806980000000002]
[6,"Sur",92,"Teocuitatlán de Corona",1.7379495026778884,0.15690399999999999,0.62844,1.3586959999999999,2.020057,2.5466669999999998,3.1540979999999998,3.537954]
[3,"Altos Sur",93,"Tepatitlán de Morelos",1.7248821231308096,8.3783999999999997E-2,0.53656700000000002,1.2820560000000001,2.1250490000000002,2.7160489999999999,3.361831,3.9782359999999999]
[11,"Valles",94,"Tequila",2.0236453201970441,0.14929899999999999,0.79065700000000005,1.7487680000000001,2.5202230000000001,3.156463,3.7061860000000002,4.1009669999999998]
[11,"Valles",95,"Teuchitlán",1.7483898668956634,0.1,0.58689499999999994,1.45,2.1892740000000002,2.606061,2.9705879999999998,3.534694]
[4,"Ciénega",96,"Tizapán el Alto",2.0376740376740377,0.19587599999999999,0.89171999999999996,1.7231879999999999,2.441989,2.9334199999999999,3.613718,3.8109760000000001]
[12,"Centro",97,"Tlajomulco de Zúñiga",1.8855721840486384,0.189416,0.98518300000000003,1.715042,2.2483879999999998,2.637178,3.0503300000000002,3.5300340000000001]
[12,"Centro",98,"Tlaquepaque",1.7753503288187196,0.174812,0.80370900000000001,1.5043839999999999,2.1518510000000002,2.6092599999999999,2.9976579999999999,3.4182350000000001]
[6,"Sur",99,"Tolimán",2.0101137800252844,9.9593000000000001E-2,0.77381,1.6863269999999999,2.2724359999999999,3.0143879999999998,4.2567050000000002,4.6793250000000004]
[9,"Costa Norte",100,"Tomatlán",2.1843708925797585,0.21346499999999999,1.046303,1.902504,2.7163789999999999,3.2608299999999999,3.9016039999999998,4.4795920000000002]
[12,"Centro",101,"Tonalá",1.8607595926731217,0.15884899999999999,0.83996999999999999,1.632082,2.3198310000000002,2.8073600000000001,3.1630090000000002,3.5894339999999998]
[7,"Sierra de Amula",102,"Tonaya",1.4816788807461692,7.3469000000000007E-2,0.53584900000000002,1.1150789999999999,1.7596149999999999,2.0894740000000001,2.8511899999999999,3.1271680000000002]
[6,"Sur",103,"Tonila",1.7147523135547087,0.13180500000000001,0.83219200000000004,1.5134099999999999,2.0468090000000001,2.6029409999999999,2.730594,3.2488039999999998]
[1,"Norte",104,"Totatiche",1.6607843137254903,9.6154000000000003E-2,0.53216399999999997,1.105634,2.0530300000000001,2.4341089999999999,3.0932200000000001,3.9666670000000002]
[4,"Ciénega",105,"Tototlán",1.9182954745553795,0.14000000000000001,0.81883300000000003,1.5884320000000001,2.2287499999999998,2.7959179999999999,3.4868039999999998,4.0465549999999997]
[7,"Sierra de Amula",106,"Tuxcacuesco",1.7208121827411167,9.6447000000000005E-2,0.63819099999999995,1.45509,2.3284669999999998,2.7962959999999999,3.4848479999999999,4.3589739999999999]
[4,"Ciénega",107,"Tuxcueca",1.8977917981072556,0.140127,0.87062899999999999,1.606695,2.3508770000000001,3.127551,3.2694610000000002,4.1032260000000003]
[6,"Sur",108,"Tuxpan",1.7382303839732889,0.123414,0.72803899999999999,1.528348,2.2350569999999998,2.6842990000000002,3.0826530000000001,3.4776739999999999]
[2,"Altos Norte",109,"Unión de San Antonio",1.8689715921603172,0.111359,0.64797099999999996,1.4310849999999999,2.2724410000000002,2.9710390000000002,3.7946059999999999,4.4200480000000004]
[7,"Sierra de Amula",110,"Unión de Tula",1.7048107031027613,0.14666699999999999,0.65224400000000005,1.2705409999999999,1.938326,2.7170209999999999,2.983333,3.8787060000000002]
[3,"Altos Sur",111,"Valle de Guadalupe",1.6622781911848883,7.5949000000000003E-2,0.45122000000000001,1.326848,1.964286,2.728745,3.4869110000000001,3.5641029999999998]
[5,"Sureste",112,"Valle de Juárez",1.6318306010928962,8.3650000000000002E-2,0.56989199999999995,1.3659790000000001,1.9492389999999999,2.67,2.8509319999999998,3.329412]
[6,"Sur",113,"San Gabriel",1.7383720930232558,0.127108,0.69190600000000002,1.38245,2.0529099999999998,2.913043,3.412776,4.0614530000000002]
[12,"Centro",114,"Villa Corona",1.8092364817823161,0.161499,0.69098099999999996,1.5404979999999999,2.2363949999999999,2.7099639999999998,3.0532319999999999,3.7084229999999998]
[1,"Norte",115,"Villa Guerrero",2.0266990291262137,0.17760600000000001,0.86995500000000003,1.7817259999999999,2.682353,3.0921989999999999,3.6036039999999998,4.6074070000000003]
[2,"Altos Norte",116,"Villa Hidalgo",1.8289786223277911,9.4070000000000001E-2,0.58430899999999997,1.423592,2.2279010000000001,2.885475,3.394558,4.2869960000000003]
[3,"Altos Sur",117,"Cañadas de Obregón",1.625,0.134715,0.57142899999999996,1.3589739999999999,1.834711,2.2595420000000002,3.0229010000000001,3.6111110000000002]
[3,"Altos Sur",118,"Yahualica de González Gallo",1.6826855123674911,9.6643000000000007E-2,0.58154499999999998,1.2826090000000001,2.044,2.412579,2.8877009999999999,3.3925369999999999]
[6,"Sur",119,"Zacoalco de Torres",1.7690768791083167,0.13155900000000001,0.7,1.501422,2.1855980000000002,2.7927110000000002,3.259166,3.7343069999999998]
[12,"Centro",120,"Zapopan",1.5281920687980179,0.11704299999999999,0.565666,1.1723920000000001,1.860204,2.3580779999999999,2.7001230000000001,3.0068860000000002]
[6,"Sur",121,"Zapotiltic",1.6998960228749675,0.125718,0.62804899999999997,1.4082730000000001,2.0932840000000001,2.5447690000000001,2.9817010000000002,3.4313729999999998]
[6,"Sur",122,"Zapotitlán de Vadillo",2.1077127659574466,0.18770200000000001,0.93115899999999996,1.712264,2.4823010000000001,3.4922279999999999,4.077922,4.6940299999999997]
[4,"Ciénega",123,"Zapotlán del Rey",1.845681718544498,0.14285700000000001,0.79596999999999996,1.6063350000000001,2.285498,2.708475,3.470942,4.0022880000000001]
[12,"Centro",124,"Zapotlanejo",1.8588693037788127,0.10588599999999999,0.660246,1.5012049999999999,2.2907169999999999,2.953395,3.5589170000000001,4.1144309999999997]
[3,"Altos Sur",125,"San Ignacio Cerro Gordo",1.9913700107874865,7.9656000000000005E-2,0.57249099999999997,1.4206799999999999,2.3520110000000001,3.3500869999999998,4.0873179999999998,4.9088839999999996]

{"sheet":"Mort","index":26,"n_rows":139,"n_cols":11,"rows_kept":139,"cut":false,"hidden":true,"merged":[]}
["Clave","Región","Clave","Municipio","Porcentaje de hijos fallecidos por grupo de edad 15-19 años","20-24 años","25-29 años","30-34 años","35-39 años","40-44 años","45-49 años"]
[null,null,14,"Jalisco",1.821836,2.0655929999999998,2.1917239999999998,2.4758749999999998,3.0011389999999998,3.932169,5.1122740000000002]
[1,"Norte",null,"Norte",1.8890757999999999,3.1155878000000001,3.1405032999999998,3.8708103999999999,5.5568005999999999,6.6455955000000007,8.8689198999999981]
[2,"Altos Norte",null,"Altos Norte",2.4282772499999998,2.0085260000000003,2.4164322499999997,2.8292991249999999,3.6431024999999995,4.9372163749999993,6.7289203749999995]
[3,"Altos Sur",null,"Altos Sur",1.399437416666667,2.2019069999999998,2.2122714999999999,2.3002335,3.4183716666666668,4.5414507500000001,5.9985220000000004]
[4,"Ciénega",null,"Ciénega",1.0377276923076921,1.9919129999999998,2.1084692307692308,2.4624810769230767,3.1978377692307691,4.1262451538461544,5.8028451538461541]
[5,"Sureste",null,"Sureste",2.6851254999999998,2.4883344000000003,2.4345052000000003,2.6075837000000002,3.4492248999999999,4.3321269000000004,5.5410737000000001]
[6,"Sur",null,"Sur",1.634693875,2.7443306874999998,2.1276958124999998,2.9113734375000004,3.6616116874999998,5.1034292500000005,7.2051976874999992]
[7,"Sierra de Amula",null,"Sierra de Amula",2.7078837272727276,1.4354423636363636,1.8089080909090909,2.243488181818182,2.9554266363636361,4.6943785454545459,5.3494884545454546]
[8,"Costa Sur",null,"Costa Sur",2.2036198333333332,1.8550096666666669,2.3561281666666667,3.0243594999999996,3.5355485000000004,5.2895734999999995,6.4825823333333332]
[9,"Costa Norte",null,"Costa Norte",2.9282166666666662,2.0879730000000003,2.1060006666666666,2.6042596666666662,3.8540493333333337,4.4541180000000002,5.8218143333333332]
[10,"Sierra Occidental",null,"Sierra Occidental",1.2285840000000001,1.7497868750000001,2.1689268749999999,2.4662364999999999,2.8142670000000001,3.8296509999999997,5.5794862499999995]
[11,"Valles",null,"Valles",1.8619515,1.8576002142857142,2.0192663571428571,2.1508631428571428,2.9394135714285712,3.6918012857142855,5.479066785714287]
[12,"Centro",null,"Centro",2.2242297857142859,2.0596034285714286,2.0470637142857142,2.6357049285714282,3.0031774285714286,4.0077654285714281,5.3847519285714274]
[3,"Altos Sur",1,"Acatic",1.973684,1.070336,1.5322579999999999,1.8810370000000001,2.7126440000000001,4.6274870000000004,5.8351179999999996]
[12,"Centro",2,"Acatlán de Juárez",1.1494249999999999,2.1573600000000002,1.867065,2.1372330000000002,2.7621920000000002,3.8839489999999999,5.5366679999999997]
[11,"Valles",3,"Ahualulco de Mercado",1.2987010000000001,1.09589,2.48,1.7504230000000001,1.8643190000000001,3.6397569999999999,4.4284239999999997]
[6,"Sur",4,"Amacueca",0,1.744186,1.1538459999999999,1.793722,3.1746029999999998,4.4609670000000001,7.1570580000000001]
[11,"Valles",5,"Amatitán",3.389831,1.9189769999999999,1.8318970000000001,2.8391169999999999,2.9268290000000001,4.2090969999999999,5.5232559999999999]
[11,"Valles",6,"Ameca",2.614379,1.9772320000000001,1.8,2.2861980000000002,2.5013899999999998,3.4168120000000002,4.8496240000000004]
[11,"Valles",7,"San Juanito de Escobedo",0,1.7316020000000001,1.9230769999999999,2.8965519999999998,2.8571430000000002,1.808786,6.9627850000000002]
[3,"Altos Sur",8,"Arandas",1.993355,2.8473799999999998,3.2069230000000002,3.410641,4.2204300000000003,6.0774179999999998,8.1503910000000008]
[11,"Valles",9,"El Arenal",2.1276600000000001,2.4013719999999998,1.156069,1.6865779999999999,2.7097449999999998,2.560899,3.5773250000000001]
[6,"Sur",10,"Atemajac de Brizuela",1.538462,3.9426519999999998,2.5341130000000001,4.6901169999999999,4.8780489999999999,7.9295150000000003,11.606096000000001]
[7,"Sierra de Amula",11,"Atengo",0,3.278689,1.0948910000000001,2.8132990000000002,4.4967879999999996,8.7198519999999995,7.5]
[10,"Sierra Occidental",12,"Atenguillo",7.6923079999999997,1.111111,1.9607840000000001,3.030303,1.941748,1.9801979999999999,5.5555560000000002]
[4,"Ciénega",13,"Atotonilco el Alto",1.0238910000000001,2.1404679999999998,2.4088750000000001,2.6256729999999999,3.9450509999999999,5.2569900000000001,7.1379070000000002]
[6,"Sur",14,"Atoyac",0,5.3097349999999999,3.7735850000000002,6.7567570000000003,5.4886210000000002,7.6212470000000003,7.5401730000000002]
[8,"Costa Sur",15,"Autlán de Navarro",1.5037590000000001,1.5492250000000001,2.5686450000000001,2.922374,2.9690110000000001,3.8781729999999999,4.551247]
[4,"Ciénega",16,"Ayotlán",2.4096389999999999,1.8623479999999999,2.6338149999999998,3.2551320000000001,3.8239920000000001,5.5612510000000004,7.4689829999999997]
[10,"Sierra Occidental",17,"Ayutla",1,1.9704429999999999,2.6200869999999998,3.1556039999999999,3.5805630000000002,5.2870090000000003,6.2068969999999997]
[4,"Ciénega",18,"La Barca",1.0964910000000001,1.66113,1.925883,1.8408439999999999,2.4131269999999998,3.868147,4.620177]
[1,"Norte",19,"Bolaños",5.7377050000000001,5.3763439999999996,6.2193129999999996,5.409154,8.2802550000000004,9.6774190000000004,17.076326000000002]
[9,"Costa Norte",20,"Cabo Corrientes",4.7244089999999996,2.1505380000000001,2.6392959999999999,2.9036,5.9748429999999999,5.2904559999999998,7.4952560000000004]
[8,"Costa Sur",21,"Casimiro Castillo",2.7397260000000001,1.1627909999999999,2.2660819999999999,2.8074119999999998,2.4633120000000002,4.2793900000000002,4.9689439999999996]
[8,"Costa Sur",22,"Cihuatlán",2.838428,2.1264029999999998,2.6305900000000002,3.2862499999999999,3.4820739999999999,4.9024640000000002,6.328767]
[6,"Sur",23,"Zapotlán el Grande",1.033058,2.3230089999999999,2.0668340000000001,1.9219900000000001,2.433503,3.3197909999999999,4.6117330000000001]
[11,"Valles",24,"Cocula",2.4390239999999999,2.2099449999999998,3.1024530000000001,2.6411190000000002,3.9457460000000002,4.6829669999999997,6.2419840000000004]
[1,"Norte",25,"Colotlán",3.030303,2.2587269999999999,1.707317,3.2749429999999999,2.939575,4.3478260000000004,4.7966629999999997]
[5,"Sureste",26,"Concepción de Buenos Aires",4.2553190000000001,4,1.433692,1.5228429999999999,4.4964029999999999,4.3392499999999998,7.400722]
[8,"Costa Sur",27,"Cuautitlán de García Barragán",0.8,3.3980579999999998,4.2358799999999999,4.0240239999999998,5.954466,8.5631350000000008,10.756303000000001]
[10,"Sierra Occidental",28,"Cuautla",0,2.7777780000000001,1.0416669999999999,2.1739130000000002,1.612903,2.8806579999999999,5.9907830000000004]
[12,"Centro",29,"Cuquío",8,2.0050129999999999,1.3546800000000001,3.3625729999999998,3.8666670000000001,4.6475999999999997,6.7152520000000004]
[4,"Ciénega",30,"Chapala",0.54200499999999996,1.9883040000000001,1.648352,1.908917,3.3111160000000002,3.944261,6.0015390000000002]
[1,"Norte",31,"Chimaltitán",1.5625,2.5,1.1857709999999999,1.648352,3.6585369999999999,6.7796609999999999,9.1116170000000007]
[7,"Sierra de Amula",32,"Chiquilistlán",0,2.1052629999999999,1.7241379999999999,2.207506,3.2840720000000001,5.7422969999999998,3.9156629999999999]
[4,"Ciénega",33,"Degollado",2.1052629999999999,1.2738849999999999,1.807229,2.229473,2.7565080000000002,4.6619070000000002,5.6058649999999997]
[7,"Sierra de Amula",34,"Ejutla",0,0,0.90090099999999995,3.3333330000000001,3.5211269999999999,6.5217390000000002,2.8571430000000002]
[2,"Altos Norte",35,"Encarnación de Díaz",2.1008399999999998,1.789264,2.900147,2.5679379999999998,3.926142,5.0355559999999997,6.7883209999999998]
[11,"Valles",36,"Etzatlán",2.5210080000000001,1.086957,2.3674240000000002,2.266667,2.0172910000000002,3.553299,4.7772410000000001]
[7,"Sierra de Amula",37,"El Grullo",0,1.5665800000000001,1.9682059999999999,2.0318510000000001,2.4819490000000002,2.959927,5.7219490000000004]
[10,"Sierra Occidental",38,"Guachinango",0,2.4390239999999999,2,1.302932,2.5445289999999998,3.9351850000000002,5.9496570000000002]
[12,"Centro",39,"Guadalajara",1.571709,1.8574790000000001,1.846387,1.975193,2.413351,3.0539610000000001,3.6279729999999999]
[11,"Valles",40,"Hostotipaquillo",0,1.9662919999999999,2.2222219999999999,2.893519,3.1847129999999999,3.736799,6.6666670000000003]
[1,"Norte",41,"Huejúcar",0,1.8018019999999999,0.80971700000000002,2.1108180000000001,2.5270760000000001,2.8056109999999999,6.7796609999999999]
[1,"Norte",42,"Huejuquilla el Alto",0,4.2813460000000001,3.278689,3.9603959999999998,7.0941340000000004,6.3291139999999997,8.5339170000000006]
[8,"Costa Sur",43,"La Huerta",1.4563109999999999,1.0706640000000001,1.371742,2.2489539999999999,2.56745,4.8705569999999998,6.7005939999999997]
[12,"Centro",44,"Ixtlahuacán de los Membrillos",3.6516850000000001,1.909308,2.184545,2.9775420000000001,3.794692,4.641877,4.4971889999999997]
[12,"Centro",45,"Ixtlahuacán del Río",2.0618560000000001,2.0491799999999998,0.96431999999999995,2.680412,2.444842,3.6943320000000002,5.7025550000000003]
[3,"Altos Sur",46,"Jalostotitlán",3.2894739999999998,4.1497979999999997,1.6717329999999999,2.907619,4.3407840000000002,4.137079,6.3455909999999998]
[4,"Ciénega",47,"Jamay",0,0.49079800000000001,1.0141990000000001,1.652039,1.955174,2.5944470000000002,3.5792229999999998]
[3,"Altos Sur",48,"Jesús María",1.2820510000000001,4.796163,2.2781769999999999,2.0917680000000001,5.2845529999999998,7.5287110000000004,8.5265229999999992]
[5,"Sureste",49,"Jilotlán de los Dolores",2.298851,1.5822780000000001,2.4590160000000001,2.8801839999999999,3.580247,3.5783369999999999,6.0384260000000003]
[4,"Ciénega",50,"Jocotepec",1.0695190000000001,2.4213079999999998,2.452026,3.5196130000000001,4.2303170000000003,5.8779389999999996,5.926501]
[12,"Centro",51,"Juanacatlán",0,2.570694,1.3269,1.3599270000000001,1.4434640000000001,4.0212440000000003,4.9403750000000004]
[7,"Sierra de Amula",52,"Juchitlán",4.3478260000000004,2.5125630000000001,1.92926,0.81300799999999995,2.636917,4.0462429999999996,3.7837839999999998]
[2,"Altos Norte",53,"Lagos de Moreno",2.2673030000000001,2.1837840000000002,2.292011,2.7825009999999999,3.324808,4.5788729999999997,6.2051309999999997]
[7,"Sierra de Amula",54,"El Limón",0,0,0.84388200000000002,1.6286639999999999,1.670644,2.045455,4.5955880000000002]
[11,"Valles",55,"Magdalena",5.1612900000000002,1.5193369999999999,1.8107,1.5936250000000001,2.8623349999999999,4.4413280000000004,5.6199060000000003]
[5,"Sureste",56,"Santa María del Oro",0,7.6923079999999997,4.3859649999999997,4.4117649999999999,4.2553190000000001,7.5657889999999997,6.375839]
[5,"Sureste",57,"La Manzanilla de la Paz",11.111110999999999,1.0989009999999999,3.2432430000000001,2.2522519999999999,3.9370080000000001,2.7586210000000002,6.56168]
[10,"Sierra Occidental",58,"Mascota",1.1363639999999999,1.3054829999999999,2.0833330000000001,1.883408,2.4729519999999998,3.0612240000000002,5.0836119999999996]
[5,"Sureste",59,"Mazamitla",2.3255810000000001,2.7837260000000001,2.9810300000000001,2.700348,3.7423850000000001,5.3779070000000004,4.3315910000000004]
[3,"Altos Sur",60,"Mexticacán",0,0,1.646091,2.319588,1.886792,2.7463649999999999,3.3377840000000001]
[1,"Norte",61,"Mezquitic",6.3380280000000004,8.710801,9.4454600000000006,11.835749,13.75733,17.734553999999999,19.019711999999998]
[10,"Sierra Occidental",62,"Mixtlán",0,1.0989009999999999,0.97560999999999998,1.520913,2.0231210000000002,3.1645569999999998,4.6913580000000001]
[4,"Ciénega",63,"Ocotlán",1.96319,2.0490529999999998,1.9639930000000001,2.3392580000000001,2.9072960000000001,3.5423930000000001,4.449878]
[2,"Altos Norte",64,"Ojuelos de Jalisco",0.77220100000000003,1.9433199999999999,2.9539949999999999,3.891432,4.920966,7.6119399999999997,10.009782]
[5,"Sureste",65,"Pihuamo",0,1.061008,1.0622149999999999,2.8378380000000001,2.8301889999999998,4.0257649999999998,5.1148999999999996]
[4,"Ciénega",66,"Poncitlán",1.3207549999999999,2.3126730000000002,3.013547,2.4272909999999999,3.8399679999999998,4.846743,7.5467779999999998]
[9,"Costa Norte",67,"Puerto Vallarta",1.4492750000000001,2.3186930000000001,2.2060219999999999,2.2860179999999999,2.785641,3.5676410000000001,4.7351169999999998]
[8,"Costa Sur",68,"Villa Purificación",3.8834949999999999,1.8229169999999999,1.0638300000000001,2.8571430000000002,3.7769780000000002,5.243722,5.589639]
[5,"Sureste",69,"Quitupan",4.5454549999999996,2.5210080000000001,2.4930750000000002,2.689873,4.594595,4.8543690000000002,5.2147240000000004]
[12,"Centro",70,"El Salto",1.7265189999999999,2.51118,2.2217889999999998,2.8554780000000002,3.4701949999999999,4.7639149999999999,6.1853020000000001]
[12,"Centro",71,"San Cristóbal de la Barranca",0,0,1.6,2.0325199999999999,2.6785709999999998,3.283582,4.030227]
[2,"Altos Norte",72,"San Diego de Alejandría",0,0,2.1680220000000001,3.0035340000000001,1.9310339999999999,3.8602940000000001,4.1899439999999997]
[2,"Altos Norte",73,"San Juan de los Lagos",2.0942409999999998,2.4963989999999998,2.1292219999999999,2.7145199999999998,3.664606,4.2446159999999997,6.6526719999999999]
[3,"Altos Sur",74,"San Julián",0,0.96774199999999999,2.808989,2.9090910000000001,2.7698860000000001,4.9131220000000004,5.6161399999999997]
[11,"Valles",75,"San Marcos",0,3.225806,2.8301889999999998,0.291545,5.0746270000000004,3.5230350000000001,7.1428570000000002]
[1,"Norte",76,"San Martín de Bolaños",0,0.917431,0,1.526718,5.3846150000000002,7.7777779999999996,7.7220079999999998]
[11,"Valles",77,"San Martín Hidalgo",0,1.329394,1.9138759999999999,2.0911529999999998,2.5570780000000002,3.8017940000000001,4.2595539999999996]
[3,"Altos Sur",78,"San Miguel el Alto",0.632911,2.0118339999999999,3.5019459999999998,3.6547779999999999,4.716672,5.214264,6.1230500000000001]
[6,"Sur",79,"Gómez Farías",2.5641029999999998,2.6086960000000001,1.5439430000000001,2.922374,3.8893040000000001,4.3654000000000002,6.7232839999999996]
[10,"Sierra Occidental",80,"San Sebastián del Oeste",0,2.4390239999999999,4.7244089999999996,5.0264550000000003,3.553299,5,6.2095729999999998]
[1,"Norte",81,"Santa María de los Ángeles",0,0,0.68965500000000002,3.8834949999999999,3.2934130000000001,1.886792,5.1282050000000003]
[6,"Sur",82,"Sayula",3.319502,1.729819,1.5004839999999999,1.8786130000000001,2.638846,3.0644149999999999,5.3841099999999997]
[11,"Valles",83,"Tala",2.290076,1.8282989999999999,2.028181,2.5673940000000002,2.8393839999999999,4.4526009999999996,5.6933290000000003]
[10,"Sierra Occidental",84,"Talpa de Allende",0,0.85653100000000004,1.9455249999999999,1.6363639999999999,4.7850210000000004,5.3283769999999997,4.9484539999999999]
[5,"Sureste",85,"Tamazula de Gordiano",1.2396689999999999,1.7094020000000001,1.4957260000000001,1.856665,2.7297539999999998,3.3761160000000001,4.301971]
[6,"Sur",86,"Tapalpa",4.4334980000000002,3.329634,4.2535449999999999,4.5086709999999997,5.8252430000000004,7.7043210000000002,11.764706]
[5,"Sureste",87,"Tecalitlán",1.075269,1.8018019999999999,2.5183629999999999,2.2924899999999999,1.8918919999999999,3.959276,4.7705310000000001]
[7,"Sierra de Amula",88,"Tecolotlán",4.1666670000000003,2.2813690000000002,2.5142859999999998,2.8337059999999998,3.7800690000000001,4.457751,6.0731130000000002]
[6,"Sur",89,"Techaluta de Montenegro",0,2.7777780000000001,0.89285700000000001,1.886792,0.98360700000000001,1.214575,4.8387099999999998]
[7,"Sierra de Amula",90,"Tenamaxtlán",2.8571430000000002,0,4.1791039999999997,2.9106030000000001,3.370787,5.6338030000000003,5.7777779999999996]
[2,"Altos Norte",91,"Teocaltiche",4.8582999999999998,2.6835040000000001,2.551253,2.879902,3.1514829999999998,4.5770429999999998,5.874905]
[6,"Sur",92,"Teocuitatlán de Corona",5.3333329999999997,1.831502,2.4,2.8409089999999999,3.1512609999999999,6.6528070000000001,7.2965390000000001]
[3,"Altos Sur",93,"Tepatitlán de Morelos",1.2027490000000001,1.3860809999999999,1.945255,2.4410539999999998,2.983616,4.2208019999999999,5.0080070000000001]
[11,"Valles",94,"Tequila",4.225352,1.276276,2.195122,1.9893529999999999,2.6643370000000002,4.2276809999999996,5.1903110000000003]
[11,"Valles",95,"Teuchitlán",0,2.4390239999999999,0.60851900000000003,2.3188409999999999,3.1468530000000001,3.630363,5.7736720000000004]
[4,"Ciénega",96,"Tizapán el Alto",1.1904760000000001,2.8818440000000001,2.2727270000000002,2.3375140000000001,3.7186379999999999,3.5122930000000001,5.8666669999999996]
[12,"Centro",97,"Tlajomulco de Zúñiga",1.8023819999999999,2.2155649999999998,2.526659,2.719824,3.1981489999999999,4.3812559999999996,5.3608479999999998]
[12,"Centro",98,"Tlaquepaque",1.7647060000000001,2.1497790000000001,2.3017560000000001,2.6165780000000001,3.0790760000000001,3.8486579999999999,5.1161349999999999]
[6,"Sur",99,"Tolimán",0,1.8461540000000001,1.27186,2.6798310000000001,5.5288459999999997,7.6784100000000004,7.1557969999999997]
[9,"Costa Norte",100,"Tomatlán",2.6109659999999999,1.7946880000000001,1.4726840000000001,2.6231610000000001,2.8016640000000002,4.504257,5.2350700000000003]
[12,"Centro",101,"Tonalá",2.0598740000000002,1.9889380000000001,2.1485729999999998,2.3849040000000001,2.9791650000000001,3.5912480000000002,4.9784550000000003]
[7,"Sierra de Amula",102,"Tonaya",11.111110999999999,2.8169010000000001,1.7921149999999999,0.27322400000000002,2.7707809999999999,1.6701459999999999,4.6210719999999998]
[6,"Sur",103,"Tonila",0,5.3941910000000002,2.7848099999999998,1.878914,3.267045,5.0335570000000001,6.5185190000000004]
[1,"Norte",104,"Totatiche",0,1.0989009999999999,3.225806,1.111111,2.2801300000000002,3.5616439999999998,4.4117649999999999]
[4,"Ciénega",105,"Tototlán",0,2.261307,2.6111499999999999,3.0371199999999998,4.1171090000000001,4.8523209999999999,7.5541229999999997]
[7,"Sierra de Amula",106,"Tuxcacuesco",5.2631579999999998,0,0.41152300000000003,2.8481010000000002,1.986755,6.086957,9.4117650000000008]
[4,"Ciénega",107,"Tuxcueca",0,2.811245,2.34375,2.9850750000000001,3.4257749999999998,1.831502,5.503145]
[6,"Sur",108,"Tuxpan",0.95238100000000003,2.7454239999999999,2.5557370000000001,2.3644959999999999,2.6076030000000001,3.3621840000000001,6.1450839999999998]
[2,"Altos Norte",109,"Unión de San Antonio",4,2.767528,2.1649479999999999,3.1206659999999999,4.4879170000000004,5.6314929999999999,7.9913610000000004]
[7,"Sierra de Amula",110,"Unión de Tula",2.040816,1.2285010000000001,2.5396830000000001,2.9850750000000001,2.5098039999999999,3.7539940000000001,4.5865179999999999]
[3,"Altos Sur",111,"Valle de Guadalupe",0,1.351351,1.759531,1.212121,2.818991,3.3232629999999999,5.215827]
[5,"Sureste",112,"Valle de Juárez",0,0.632911,2.2727270000000002,2.6315789999999999,2.4344570000000001,3.4858389999999999,5.3003530000000003]
[6,"Sur",113,"San Gabriel",0,2.2813690000000002,2.5301200000000001,2.319588,4.8097630000000002,5.6562729999999997,7.9255690000000003]
[12,"Centro",114,"Villa Corona",3.2,4.4315990000000003,4.2596350000000003,4.4207320000000001,4.2300069999999996,4.5112779999999999,8.2843710000000002]
[1,"Norte",115,"Villa Guerrero",2.2222219999999999,4.2105259999999998,4.843305,3.947368,6.3529410000000004,5.5555560000000002,6.1093250000000001]
[2,"Altos Norte",116,"Villa Hidalgo",3.3333330000000001,2.2044090000000001,2.1718600000000001,1.6738999999999999,3.7378640000000001,3.957916,6.1192469999999997]
[3,"Altos Sur",117,"Cañadas de Obregón",3.8461539999999999,2.0833330000000001,1.886792,0.913242,1.351351,1.7676769999999999,5.6555270000000002]
[3,"Altos Sur",118,"Yahualica de González Gallo",1.123596,2.2346370000000002,2.7944110000000002,1.696021,4.2194089999999997,4.3030869999999997,6.5044250000000003]
[6,"Sur",119,"Zacoalco de Torres",0.56818199999999996,1.5046299999999999,1.3932869999999999,2.5569500000000001,2.7027030000000001,3.8850039999999999,4.7730829999999997]
[12,"Centro",120,"Zapopan",1.557401,1.8232060000000001,2.0630489999999999,2.292624,2.5478040000000002,3.339369,4.4164570000000003]
[6,"Sur",121,"Zapotiltic",1.1494249999999999,2.2058819999999999,1.7352190000000001,1.660682,2.4590160000000001,3.6554470000000001,4.7139259999999998]
[6,"Sur",122,"Zapotitlán de Vadillo",5.2631579999999998,2.3346300000000002,1.6528929999999999,3.9215689999999999,4.7477739999999997,6.0509550000000001,11.128776]
[4,"Ciénega",123,"Zapotlán del Rey",0.769231,1.7405060000000001,1.314554,1.8543050000000001,1.12782,3.2909929999999998,4.1762009999999998]
[12,"Centro",124,"Zapotlanejo",2.5936599999999999,1.1651469999999999,1.9935339999999999,3.0843289999999999,3.1363089999999998,4.446447,5.99472]
[3,"Altos Sur",125,"San Ignacio Cerro Gordo",1.4492750000000001,3.5242290000000001,1.5151520000000001,2.165842,3.7153320000000001,5.638134,5.6638809999999999]

{"sheet":"Asist esc","index":27,"n_rows":139,"n_cols":8,"rows_kept":139,"cut":false,"hidden":true,"merged":[]}
["Clave","Región","Clave","Municipio","Tasa de asistencia 3 a 5 años","Tasa de asistencia 6 a 11 años","Tasa de asistencia 12 a 14 años","Tasa de asistencia 15 a 24 años"]
[null,null,14,"Jalisco",0.61474816891219475,0.97501068771910193,0.92086327742782581,0.42814743594242399]
[1,"Norte",1,"Norte",0.61849261849261838,0.95724811514736119,0.89850898000677726,0.391454492244659]
[2,"Altos Norte",2,"Altos Norte",0.56365235749472198,0.97184398799907656,0.90656574672426704,0.34051431463809112]
[3,"Altos Sur",3,"Altos Sur",0.58759360811368599,0.97241841207988311,0.87760069545059405,0.32442599025673707]
[4,"Ciénega",4,"Ciénega",0.59956865564342199,0.97410798863277548,0.91001564945226932,0.40331895606403978]
[5,"Sureste",5,"Sureste",0.58655031774637212,0.97797124720877138,0.90547406768286809,0.34086710680609761]
[6,"Sur",6,"Sur",0.60081693278871162,0.97004758794438772,0.91986605404563493,0.38410244477086619]
[7,"Sierra de Amula",7,"Sierra de Amula",0.58782528850769011,0.97685245474671201,0.90620829891338917,0.38012188475449632]
[8,"Costa Sur",8,"Costa Sur",0.65996602491506207,0.98010102556252865,0.92685714285714282,0.36085046915552005]
[9,"Costa Sierra-Occ",9,"Costa Sierra-Occ",0.61720708605203267,0.96985900613546772,0.92347004787165232,0.41803466326172445]
[10,"Valles",10,"Valles",0.65122768495328276,0.98335308485364381,0.93599206673754776,0.48610517188131036]
[11,"Lagunas",11,"Lagunas",0.60281385281385302,0.97967725433660424,0.91500564121850336,0.35830200501253129]
[12,"Centro",12,"Centro",0.6311593704900007,0.97353781561607056,0.93146502001764309,0.48603839441535768]
[3,"Altos Sur",1,"Acatic",0.57535263548626581,0.97433774834437092,0.85260930888575459,0.30123977842257982]
[11,"Lagunas",2,"Acatlán de Juárez",0.57614826752618853,0.98193018480492811,0.93501805054151621,0.38146341463414635]
[10,"Valles",3,"Ahualulco de Mercado",0.81470800288392209,0.98888477213782877,0.96020260492040521,0.43466195761856707]
[11,"Lagunas",4,"Amacueca",0.7151162790697676,0.99335548172757471,0.93353474320241692,0.43638392857142855]
[10,"Valles",5,"Amatitán",0.6166666666666667,0.98966829798803702,0.96762257169287702,0.48620689655172411]
[10,"Valles",6,"Ameca",0.64655697745277285,0.9859007049647518,0.93978895096213533,0.40858208955223879]
[10,"Valles",7,"San Juanito de Escobedo",0.55219598322666075,0.97453444020641689,0.88404698749526334,0.3555725084957348]
[3,"Altos Sur",8,"Arandas",0.502,0.96652267818574511,0.86278586278586278,0.28525896414342627]
[10,"Valles",9,"El Arenal",0.74760383386581486,0.97058823529411764,0.93537414965986398,0.3292978208232446]
[11,"Lagunas",10,"Atemajac de Brizuela",0.73,0.98365122615803813,0.93085106382978722,0.37381703470031546]
[7,"Sierra de Amula",11,"Atengo",0.53776520509193781,0.98055555555555562,0.86603375527426163,0.3619447231597191]
[9,"Costa Sierra-Occ",12,"Atenguillo",0.69626168224299068,0.97502972651605235,0.89423076923076938,0.31017191977077363]
[4,"Ciénega",13,"Atotonilco el Alto",0.73232323232323238,0.9795261772448085,0.92566747572815533,0.45117591721542799]
[11,"Lagunas",14,"Atoyac",0.55040322580645162,0.97979797979797978,0.8377425044091712,0.30524168236032645]
[7,"Sierra de Amula",15,"Autlán de Navarro",0.80293757649938802,0.97832585949177864,0.92783505154639168,0.35094715852442671]
[4,"Ciénega",16,"Ayotlán",0.54545454545454541,0.93947144075021316,0.85379061371841158,0.32171387073347857]
[7,"Sierra de Amula",17,"Ayutla",0.64917541229385312,0.99490538573508003,0.95292207792207795,0.3522012578616352]
[4,"Ciénega",18,"La Barca",0.48499999999999999,0.97505668934240364,0.775609756097561,0.25566343042071199]
[1,"Norte",19,"Bolaños",0.70088924818108322,0.98218724109362054,0.89710610932475887,0.33861834654586637]
[9,"Costa Sierra-Occ",20,"Cabo Corrientes",0.61482558139534882,0.9806273062730626,0.93133870349060222,0.39597707870424514]
[8,"Costa Sur",21,"Casimiro Castillo",0.59607843137254901,0.98027613412228798,0.92488262910798125,0.36638655462184871]
[8,"Costa Sur",22,"Cihuatlán",0.51566265060240968,0.9906166219839142,0.88834951456310696,0.32599491955969517]
[6,"Sur",23,"Zapotlán el Grande",0.60793465577596262,0.95587091757387244,0.90438079191238419,0.35585521646557844]
[11,"Lagunas",24,"Cocula",0.6271186440677966,0.98434377081945368,0.94530154277699863,0.41565852545081033]
[1,"Norte",25,"Colotlán",0.75423728813559321,0.99151643690349944,0.96777442094662636,0.58071216617210686]
[5,"Sureste",26,"Concepción de Buenos Aires",0.70414201183431957,0.9668674698795181,0.89296636085626913,0.28768472906403941]
[8,"Costa Sur",27,"Cuautitlán de García Barragán",0.73632653061224485,0.981888745148771,0.93960244648318048,0.40694568121104185]
[7,"Sierra de Amula",28,"Cuautla",0.81052631578947365,0.98086124401913877,0.91509433962264153,0.28770949720670391]
[12,"Centro",29,"Cuquío",0.55791710945802342,0.98267326732673266,0.87477638640429334,0.3553553553553554]
[5,"Sureste",30,"Chapala",0.62393887945670623,0.97964071856287438,0.84218399401645472,0.27664638984395662]
[1,"Norte",31,"Chimaltitán",0.79797979797979801,0.97206703910614523,0.97333333333333338,0.3534136546184739]
[7,"Sierra de Amula",32,"Chiquilistlán",0.58744038155802858,0.98161623898889316,0.90843373493975899,0.39736346516007531]
[4,"Ciénega",33,"Degollado",0.7350427350427351,0.98911819887429642,0.94686756542426631,0.45256723716381425]
[7,"Sierra de Amula",34,"Ejutla",0.88796680497925307,0.97867803837953093,0.96453900709219853,0.53796653796653793]
[2,"Altos Norte",35,"Encarnación de Díaz",0.55498539512118106,0.96066193076828332,0.90464380398529032,0.34689440993788823]
[10,"Valles",36,"Etzatlán",0.56661786237188871,0.97791547505560861,0.8755162241887906,0.30891382595807748]
[7,"Sierra de Amula",37,"El Grullo",0.69895287958115171,0.99251870324189528,0.96624472573839659,0.48791714614499426]
[9,"Costa Sierra-Occ",38,"Guachinango",0.59669811320754718,0.97649186256781195,0.94763092269326688,0.39551950560061799]
[12,"Centro",39,"Guadalajara",0.50862068965517238,0.98044009779951091,0.91346153846153844,0.36140888208269523]
[10,"Valles",40,"Hostotipaquillo",0.66406410195744414,0.98432292959611234,0.94803254192262987,0.51911220247907264]
[1,"Norte",41,"Huejúcar",0.56677018633540377,0.98605414273995085,0.94906621392190149,0.33174791914387636]
[1,"Norte",42,"Huejuquilla el Alto",0.75185185185185188,0.97627118644067812,0.98119122257053293,0.48984198645598193]
[8,"Costa Sur",43,"La Huerta",0.67500000000000004,0.96361940298507465,0.93984962406015038,0.42135186355022108]
[12,"Centro",44,"Ixtlahuacán de los Membrillos",0.58111138798903561,0.96005064003376006,0.9073897875039646,0.33148169141820655]
[12,"Centro",45,"Ixtlahuacán del Río",0.53972366148531947,0.9871740059854639,0.90114068441064643,0.3398462524023062]
[3,"Altos Sur",46,"Jalostotitlán",0.50702947845804991,0.97373271889400925,0.85753176043557167,0.32087126137841354]
[4,"Ciénega",47,"Jamay",0.56949806949806947,0.98256788467985245,0.93587994542974084,0.37510879025239341]
[3,"Altos Sur",48,"Jesús María",0.49731182795698925,0.96302740321879066,0.76689976689976691,0.26398809523809524]
[6,"Sur",49,"Jilotlán de los Dolores",0.59128978224455608,0.97244444444444444,0.87075928917609047,0.25341246290801189]
[5,"Sureste",50,"Jocotepec",0.51152689609087876,0.97476022211004543,0.82365290412876135,0.25884501255421138]
[12,"Centro",51,"Juanacatlán",0.524031007751938,0.94269870609981521,0.91585127201565553,0.32522796352583588]
[7,"Sierra de Amula",52,"Juchitlán",0.80895522388059704,0.98793363499245856,0.93610223642172519,0.37159090909090908]
[2,"Altos Norte",53,"Lagos de Moreno",0.5803740851179181,0.97451409447805371,0.89719848053181384,0.38124591388811058]
[7,"Sierra de Amula",54,"El Limón",0.66504854368932043,0.97905381003972569,0.91294964028776993,0.40721025889184614]
[10,"Valles",55,"Magdalena",0.85340314136125661,0.99140401146131807,0.88601036269430056,0.3306581059390048]
[5,"Sureste",56,"Santa María del Oro",0.58552380952380956,0.97513897467572574,0.92866769349249134,0.35374385478381443]
[5,"Sureste",57,"La Manzanilla de la Paz",0.55679012345679013,0.98647660818713445,0.92191780821917813,0.41459330143540668]
[9,"Costa Sierra-Occ",58,"Mascota",0.72137404580152675,0.97783747481531225,0.93121019108280256,0.39516789516789513]
[5,"Sureste",59,"Mazamitla",0.70662100456621002,0.97882352941176476,0.90470588235294114,0.32206255283178359]
[3,"Altos Sur",60,"Mexticacán",0.52767527675276749,0.96899224806201545,0.90517241379310354,0.3300835654596101]
[1,"Norte",61,"Mezquitic",0.43541202672605794,0.87389229720518069,0.76917562724014332,0.26264044943820225]
[9,"Costa Sierra-Occ",62,"Mixtlán",0.62841530054644812,0.97599999999999998,0.94623655913978499,0.33217391304347826]
[4,"Ciénega",63,"Ocotlán",0.60427135678391963,0.96868289191123835,0.902486277042299,0.45165767154973013]
[2,"Altos Norte",64,"Ojuelos de Jalisco",0.52212806026365344,0.98789853386083304,0.92516129032258065,0.30366816282309239]
[6,"Sur",65,"Pihuamo",0.7115716753022453,0.9840000000000001,0.93959731543624159,0.30491990846681921]
[4,"Ciénega",66,"Poncitlán",0.45817990531299313,0.97413303013075625,0.9074938237716168,0.31564881718301496]
[9,"Costa Sierra-Occ",67,"Puerto Vallarta",0.62066033725379055,0.96830499212446564,0.94524779808071513,0.47344557031896856]
[8,"Costa Sur",68,"Villa Purificación",0.61743341404358354,0.97850821744627059,0.85611510791366907,0.21795800144822594]
[5,"Sureste",69,"Quitupan",0.57731958762886593,0.97460317460317458,0.92737430167597767,0.29657794676806082]
[12,"Centro",70,"El Salto",0.59009009009009006,0.98625792811839319,0.85831622176591371,0.25338345864661654]
[12,"Centro",71,"San Cristóbal de la Barranca",0.69361277445109781,0.97041420118343202,0.91666666666666652,0.32702376157873547]
[2,"Altos Norte",72,"San Diego de Alejandría",0.53780864197530864,0.97650870797893885,0.87709923664122125,0.2649656526005888]
[2,"Altos Norte",73,"San Juan de los Lagos",0.5508881421027364,0.98027141065115753,0.89928741092636566,0.29685831935336282]
[3,"Altos Sur",74,"San Julián",0.74410163339382929,0.98494983277591974,0.93214285714285727,0.44882860665844637]
[10,"Valles",75,"San Marcos",0.54555314533622556,0.96664749856239207,0.88694638694638694,0.25592773805043284]
[1,"Norte",76,"San Martín de Bolaños",0.8341463414634146,0.99773755656108587,0.95564516129032251,0.51875000000000004]
[11,"Lagunas",77,"San Martín Hidalgo",0.53513513513513511,0.98538011695906436,0.93251533742331272,0.27533783783783783]
[3,"Altos Sur",78,"San Miguel el Alto",0.72534332084893871,0.9711962046763809,0.93737769080234845,0.4444697833523375]
[6,"Sur",79,"Gómez Farías",0.55159958720330238,0.97503983005841743,0.89827935222672073,0.30570629830619966]
[9,"Costa Sierra-Occ",80,"San Sebastián del Oeste",0.60387654765888443,0.96858262154004238,0.91324476650563602,0.39847545990024413]
[1,"Norte",81,"Santa María de los Ángeles",0.74048442906574397,0.99637023593466423,0.95394736842105265,0.38497109826589593]
[11,"Lagunas",82,"Sayula",0.61594202898550721,0.97385620915032678,0.9337349397590361,0.45544554455445552]
[10,"Valles",83,"Tala",0.42156862745098039,0.93427230046948362,0.89629629629629615,0.33234421364985162]
[9,"Costa Sierra-Occ",84,"Talpa de Allende",0.78247468075737558,0.98374738797306716,0.94128970163618864,0.43728813559322033]
[6,"Sur",85,"Tamazula de Gordiano",0.5981158548807376,0.98007699711260832,0.92901115813774526,0.37861581315620313]
[11,"Lagunas",86,"Tapalpa",0.82156133828996269,0.98163030998851897,0.94700460829493083,0.38091688408497942]
[6,"Sur",87,"Tecalitlán",0.63157894736842102,0.97190721649484535,0.89927710843373498,0.35243139142994706]
[7,"Sierra de Amula",88,"Tecolotlán",0.57562724014336919,0.99200609059763989,0.87358326068003489,0.27634139560745064]
[11,"Lagunas",89,"Techaluta de Montenegro",0.5509783728115345,0.98466593647316525,0.91685144124168516,0.34916296549367959]
[7,"Sierra de Amula",90,"Tenamaxtlán",0.8270042194092827,0.9828850855745721,0.94565217391304346,0.36420722135007849]
[2,"Altos Norte",91,"Teocaltiche",0.74081055607917046,0.98573611818644935,0.95459236326109387,0.35978260869565221]
[11,"Lagunas",92,"Teocuitatlán de Corona",0.77604166666666652,0.98489010989010994,0.96153846153846156,0.35278030993618953]
[3,"Altos Sur",93,"Tepatitlán de Morelos",0.53304484657749807,0.97869750456482041,0.91697830964846672,0.32841803865425911]
[10,"Valles",94,"Tequila",0.76923076923076938,0.98350137488542633,0.92682926829268297,0.30289093298291719]
[10,"Valles",95,"Teuchitlán",0.61967642160361647,0.98242080205090643,0.89143230869849577,0.37090503137390768]
[5,"Sureste",96,"Tizapán el Alto",0.61804788213627992,0.98632190369121231,0.92608089260808923,0.38577154308617234]
[12,"Centro",97,"Tlajomulco de Zúñiga",0.69216417910447758,0.98362235067437387,0.9194991055456172,0.41756919374247892]
[12,"Centro",98,"Tlaquepaque",0.61309977151561312,0.98979992153785801,0.8611570247933884,0.29156153630501824]
[6,"Sur",99,"Tolimán",0.58928712091374558,0.96816360952983349,0.92107850021064452,0.40040665959749444]
[8,"Costa Sur",100,"Tomatlán",0.64583333333333348,0.98633879781420764,0.96278317152103565,0.35254059717129388]
[12,"Centro",101,"Tonalá",0.63600867678958783,0.94973111994388593,0.89641608391608396,0.3482172064115146]
[7,"Sierra de Amula",102,"Tonaya",0.57410646609527138,0.97384142894250314,0.90963174489856624,0.38690867683004643]
[6,"Sur",103,"Tonila",0.86387434554973819,0.99468085106382975,0.9517241379310345,0.34430082256169214]
[1,"Norte",104,"Totatiche",0.58508158508158503,0.98448687350835318,0.92523364485981308,0.37864768683274019]
[4,"Ciénega",105,"Tototlán",0.61538461538461542,0.97387173396674587,0.92990654205607481,0.44985673352435529]
[7,"Sierra de Amula",106,"Tuxcacuesco",0.55229226361031514,0.98201692524682638,0.86348122866894206,0.31979823455233292]
[5,"Sureste",107,"Tuxcueca",0.66932270916334657,0.98451327433628322,0.93896713615023475,0.34273624823695348]
[6,"Sur",108,"Tuxpan",0.78030303030303028,0.98786407766990292,0.9098837209302324,0.35336787564766842]
[2,"Altos Norte",109,"Unión de San Antonio",0.57924263674614307,0.98330510525042347,0.93073811931243677,0.4324324324324324]
[7,"Sierra de Amula",110,"Unión de Tula",0.62108262108262113,0.98744186046511628,0.88645920941968048,0.25958345910051311]
[3,"Altos Sur",111,"Valle de Guadalupe",0.84718498659517427,0.98775510204081629,0.92537313432835822,0.44944852941176472]
[5,"Sureste",112,"Valle de Juárez",0.56294536817102137,0.9858429858429858,0.87434554973821987,0.34641068447412349]
[6,"Sur",113,"San Gabriel",0.75609756097560976,0.98119658119658115,0.87453874538745391,0.3207990599294947]
[11,"Lagunas",114,"Villa Corona",0.57912745936698029,0.9821428571428571,0.94388327721661058,0.33594815825375174]
[1,"Norte",115,"Villa Guerrero",0.61138613861386137,0.97092084006462032,0.92833876221498368,0.36049107142857145]
[2,"Altos Norte",116,"Villa Hidalgo",0.56494522691705795,0.98059006211180122,0.90167682926829273,0.2793374508702976]
[3,"Altos Sur",117,"Cañadas de Obregón",0.55900621118012417,0.97750000000000004,0.93617021276595747,0.32290502793296094]
[3,"Altos Sur",118,"Yahualica de González Gallo",0.67358339984038307,0.98020186335403725,0.9014308426073131,0.35685483870967744]
[11,"Lagunas",119,"Zacoalco de Torres",0.54617737003058109,0.96377708978328169,0.9240196078431373,0.34784419912518222]
[12,"Centro",120,"Zapopan",0.63822535582113127,0.97394943124889499,0.9354720388239941,0.50294244181227576]
[6,"Sur",121,"Zapotiltic",0.64740259740259742,0.97519582245430814,0.94886731391585766,0.3775855584806318]
[6,"Sur",122,"Zapotitlán de Vadillo",0.86177105831533463,0.99018404907975455,0.94479830148619959,0.35968379446640314]
[4,"Ciénega",123,"Zapotlán del Rey",0.55336322869955157,0.97338403041825083,0.88574126534466469,0.25595427119720549]
[12,"Centro",124,"Zapotlanejo",0.63023296549308105,0.9823433538572981,0.95379713223579399,0.53132603406326029]
[3,"Altos Sur",125,"San Ignacio Cerro Gordo",0.56432329029172645,0.96338273757628601,0.85303738317757005,0.26415823224909218]

{"sheet":"Niv esc","index":28,"n_rows":139,"n_cols":14,"rows_kept":139,"cut":false,"hidden":true,"merged":[]}
["Clave","Región","Clave","Nombre del Municipio","Sin escolaridad","Básica","Técnica o comercial con primaria terminada","Media superior","Superior","No especificado"]
[null,null,14,"Jalisco",5.1500732214329631E-2,0.58053801810087646,6.2898858861178053E-3,0.18480762041166654,0.17303212401442625,3.8316193725832976E-3]
[1,"Norte",1,{"$f":"+B3","v":"Norte"},0.13993767802863752,0.65506891739471218,1.5484906994972184E-3,0.12003670496472882,7.9489189240857211E-2,3.9190196715670348E-3,null,{"$f":"VLOOKUP(Datos!E141,C15:J139,1,FALSE)","v":1},null,{"$f":"VLOOKUP(DatosR!F142,'Niv esc'!C2:J14,1,FALSE)","v":14}]
[2,"Altos Norte",2,"Altos Norte",8.8732318324155054E-2,0.70159424313943264,1.9050704181899517E-3,0.12275749301988367,8.1694355746833883E-2,3.316519351504774E-3]
[3,"Altos Sur",3,"Altos Sur",9.8195178304263012E-2,0.69446811734181768,2.8824119841675661E-3,0.12541332878813705,7.5847963183910003E-2,3.1930003977046757E-3,null,{"$f":"VLOOKUP(L$3,C$15:J$139,3,FALSE)","v":0.12485955056179775},null,{"$f":"VLOOKUP(N$3,C$2:L$14,3,FALSE)","v":5.1500732214329631E-2}]
[4,"Ciénega",4,"Ciénega",7.7596807935024464E-2,0.68021770392382097,3.9900812194197458E-3,0.13740462432763226,9.7321524158943545E-2,3.4692584351590102E-3,null,{"$f":"VLOOKUP(L$3,C$15:J$139,4,FALSE)","v":0.75407303370786527},null,{"$f":"VLOOKUP(N$3,C$2:L$14,4,FALSE)","v":0.58053801810087646}]
[5,"Sureste",5,"Sureste",0.12345487334440051,0.67800456222904304,4.1203377482652778E-3,0.13052513406026442,6.0980998674326117E-2,2.9140939437006606E-3,null,{"$f":"VLOOKUP(L$3,C$15:J$139,5,FALSE)","v":8.4269662921348317E-4},null,{"$f":"VLOOKUP(N$3,C$2:L$14,5,FALSE)","v":6.2898858861178053E-3}]
[6,"Sur",6,"Sur",6.2224071181145139E-2,0.63131664742240035,4.5973986279970111E-3,0.17192912449908307,0.12693150173198398,3.0012565373904775E-3,null,{"$f":"VLOOKUP(L$3,C$15:J$139,6,FALSE)","v":7.6053370786516861E-2},null,{"$f":"VLOOKUP(N$3,C$2:L$14,6,FALSE)","v":0.18480762041166654}]
[7,"Sierra de Amula",7,"Sierra de Amula",6.6850268154805048E-2,0.69102768517176405,3.2758370778373678E-3,0.14468763588925931,9.1621974199159309E-2,2.5365995071749527E-3,null,{"$f":"VLOOKUP(L$3,C$15:J$139,7,FALSE)","v":4.2556179775280902E-2},null,{"$f":"VLOOKUP(N$3,C$2:L$14,7,FALSE)","v":0.17303212401442625}]
[8,"Costa Sur",8,"Costa Sur",8.0589626811014656E-2,0.64446446159933335,3.9314066354062312E-3,0.15366159596588852,0.11518937257443997,2.1635364139173481E-3,null,{"$f":"VLOOKUP(L$3,C$15:J$139,8,FALSE)","v":1.6151685393258424E-3},null,{"$f":"VLOOKUP(N$3,C$2:L$14,8,FALSE)","v":3.8316193725832976E-3}]
[9,"Costa Norte",9,"Costa Norte",4.2379677852608391E-2,0.5645164407254597,4.8747258268675179E-3,0.21771520779183134,0.16545080343598115,5.0631443672518915E-3]
[10,"Sierra Occidental",10,"Sierra Occidental",7.6800073099415209E-2,0.72012061403508776,3.3580043859649123E-3,0.13941429093567251,5.7565789473684209E-2,2.7412280701754384E-3]
[11,"Valles",11,"Valles",5.846036967157002E-2,0.66174383463291653,4.959008866106761E-3,0.16656091900285516,0.10216059174166402,6.1152760848875469E-3]
[12,"Centro",12,"Centro",3.6050354071542272E-2,0.53148594122200488,7.8131329940329501E-3,0.20510564806747117,0.2156420966819115,3.9028269630371998E-3,null,"max","min","val"]
[3,"Altos Sur",1,"Acatic",0.12485955056179775,0.75407303370786527,8.4269662921348317E-4,7.6053370786516861E-2,4.2556179775280902E-2,1.6151685393258424E-3,null,{"$f":"IF(L5=MAX(L5:L10), L5, NA())","v":{"$error":"#N/A"}},{"$f":"IF(L5=MIN($L$5:$L$10), L5, NA())","v":{"$error":"#N/A"}},{"$f":"IF(AND(ISNA(L15), ISNA(M15)), L5, NA())","v":0.12485955056179775}]
[12,"Centro",2,"Acatlán de Juárez",4.04416484786237E-2,0.676017460521248,3.0812684555141866E-3,0.17961227371934779,9.5583515213763001E-2,5.2638336115034025E-3,null,{"$f":"IF(L6=MAX(L5:L10), L6, NA())","v":0.75407303370786527},{"$error":"#N/A"},{"$error":"#N/A"}]
[11,"Valles",3,"Ahualulco de Mercado",4.8246185943408529E-2,0.6290259486243317,4.6942234971965053E-3,0.1695136262876516,0.12876515843004302,1.9754857217368627E-2,null,{"$f":"IF(L7=MAX(L5:L10), L7, NA())","v":{"$error":"#N/A"}},8.4269662921348317E-4,{"$error":"#N/A"}]
[6,"Sur",4,"Amacueca",6.1441213653603027E-2,0.71858407079646014,3.0341340075853351E-3,0.13855878634639696,7.4336283185840707E-2,4.0455120101137798E-3,null,{"$f":"IF(L8=MAX(L5:L10), L8, NA())","v":{"$error":"#N/A"}},{"$error":"#N/A"},7.6053370786516861E-2]
[11,"Valles",5,"Amatitán",6.4142900639399161E-2,0.65644981223992682,2.0298386278290877E-3,0.18887648431949661,8.5862173957170385E-2,2.6387902161778137E-3,null,{"$f":"IF(L9=MAX(L5:L10), L9, NA())","v":{"$error":"#N/A"}},{"$error":"#N/A"},4.2556179775280902E-2]
[11,"Valles",6,"Ameca",5.225647409143052E-2,0.64452905713797559,8.7867027897781357E-3,0.16099192111493499,0.1206219032974543,1.2813941568426447E-2,null,{"$f":"IF(L10=MAX(L5:L10), L10, NA())","v":{"$error":"#N/A"}},{"$error":"#N/A"},1.6151685393258424E-3]
[11,"Valles",7,"San Juanito de Escobedo",5.6616087453091858E-2,0.70093000489476265,1.6315875346712353E-3,0.15353238701256322,8.549518681677272E-2,1.7947462881383589E-3]
[3,"Altos Sur",8,"Arandas",0.11445929526123937,0.66229242608343464,4.4754961522883762E-3,0.12764277035236937,8.7606318347509107E-2,3.5236938031591738E-3]
[11,"Valles",9,"El Arenal",5.6598941437596036E-2,0.65135735017927265,7.6831142222981048E-3,0.18123612771043196,0.10056342837630186,2.5610380740993684E-3]
[6,"Sur",10,"Atemajac de Brizuela",9.7555242125058769E-2,0.72966619652092146,2.3507287259050304E-3,0.1229431123648331,4.5839210155148094E-2,1.6455101081335214E-3]
[7,"Sierra de Amula",11,"Atengo",7.1205007824726135E-2,0.75091288471570161,5.2164840897235261E-4,0.13588941053729786,3.9384454877412621E-2,2.0865936358894104E-3]
[10,"Sierra Occidental",12,"Atenguillo",9.1617933723196876E-2,0.73619233268356088,3.2488628979857048E-4,0.11630929174788823,5.39311241065627E-2,1.6244314489928524E-3]
[4,"Ciénega",13,"Atotonilco el Alto",9.7288076064323506E-2,0.66749454353879722,3.4369433782393817E-3,0.14131607335490831,8.607410752364468E-2,4.3902561400868019E-3,null,null,null," "]
[6,"Sur",14,"Atoyac",9.0195423417404358E-2,0.76098212794387843,2.1713713044930684E-3,9.7210623016535824E-2,4.5932854518122596E-2,3.5075997995657258E-3]
[8,"Costa Sur",15,"Autlán de Navarro",5.1917748286422635E-2,0.58176559233872926,4.9098245102328518E-3,0.17988916435759075,0.17981624617179526,1.7014243352292061E-3]
[4,"Ciénega",16,"Ayotlán",0.1133041219124433,0.7570281903136995,1.3959440071348249E-3,8.3523983093567025E-2,4.1064019543216104E-2,3.6837411299391215E-3]
[10,"Sierra Occidental",17,"Ayutla",7.4313769247935729E-2,0.73532693595179632,6.2486052220486503E-3,0.12318678866324481,5.7353269359517969E-2,3.5706315554563713E-3]
[4,"Ciénega",18,"La Barca",8.3963523131672602E-2,0.65266903914590746,4.9154804270462637E-3,0.15531583629893239,0.10028914590747333,2.8469750889679717E-3]
[1,"Norte",19,"Bolaños",0.21253405994550409,0.57815209313846916,4.9541738915035913E-4,0.14961605152340848,5.4991330195689872E-2,4.2110478077780527E-3]
[9,"Costa Norte",20,"Cabo Corrientes",7.1782178217821777E-2,0.73645894001164824,2.3296447291788003E-3,0.13584740827023878,4.8340128130460104E-2,5.2417006406523005E-3]
[8,"Costa Sur",21,"Casimiro Castillo",7.8878061627600735E-2,0.67678430339741913,3.3579141427442717E-3,0.14327100342375559,9.6194363971556493E-2,1.5143534369238872E-3]
[8,"Costa Sur",22,"Cihuatlán",7.5901756497536388E-2,0.66002181517282887,5.3033437394215226E-3,0.16015345845714074,9.617482228156618E-2,2.4448038515063751E-3]
[6,"Sur",23,"Zapotlán el Grande",4.8534987935194757E-2,0.50363322992071702,8.521199586349535E-3,0.21824198552223367,0.21962082040675629,1.4477766287487074E-3]
[11,"Valles",24,"Cocula",6.8031178747547591E-2,0.66551778991462962,1.1771567951641127E-2,0.16724110504268519,8.4309878572564834E-2,3.1284797709316501E-3]
[1,"Norte",25,"Colotlán",5.721665623043206E-2,0.61842517219787096,4.8528490920475894E-3,0.14566374452097683,0.16906700062617408,4.7745773324984345E-3]
[5,"Sureste",26,"Concepción de Buenos Aires",0.10641773628938156,0.72555425904317383,1.6336056009334889E-3,0.11551925320886815,4.9474912485414232E-2,1.4002333722287048E-3]
[8,"Costa Sur",27,"Cuautitlán de García Barragán",0.15398029470747232,0.67207254337780098,9.5910715842706428E-4,0.11971401168366903,5.0135146917778359E-2,3.1388961548522104E-3]
[10,"Sierra Occidental",28,"Cuautla",9.1703056768558971E-2,0.73549594510293204,3.7429819089207731E-3,0.13038053649407361,3.7429819089207735E-2,1.2476606363069245E-3]
[12,"Centro",29,"Cuquío",0.12407108239095316,0.74046849757673672,6.462035541195477E-4,9.6607431340872379E-2,3.6833602584814218E-2,1.3731825525040387E-3]
[4,"Ciénega",30,"Chapala",4.90772544681842E-2,0.59597135704721427,6.2001513651976483E-3,0.17788321592827619,0.16650171741281949,4.3663037783082028E-3]
[1,"Norte",31,"Chimaltitán",0.14510779436152571,0.70812603648424544,4.1459369817578774E-4,0.10986733001658373,3.5240464344941956E-2,1.2437810945273632E-3]
[7,"Sierra de Amula",32,"Chiquilistlán",0.10798969072164949,0.73788659793814437,2.3195876288659794E-3,0.10489690721649485,4.4845360824742268E-2,2.0618556701030928E-3]
[4,"Ciénega",33,"Degollado",0.11495825920350349,0.74113863418639658,1.9159709867250581E-3,9.2171889968523338E-2,4.7899274668126463E-2,1.9159709867250581E-3]
[7,"Sierra de Amula",34,"Ejutla",6.5136476426799012E-2,0.73263027295285355,0,0.13027295285359802,6.7617866004962779E-2,4.3424317617866007E-3]
[2,"Altos Norte",35,"Encarnación de Díaz",9.8254138651901232E-2,0.74139781908582403,2.5425165263574219E-3,9.9694898016837105E-2,5.4070851460534496E-2,4.0397762585456807E-3]
[11,"Valles",36,"Etzatlán",4.6325509811465951E-2,0.65748364755675259,2.462485571373605E-3,0.17175836860330895,0.11673720661792997,5.2327818391689103E-3]
[7,"Sierra de Amula",37,"El Grullo",5.5042091010772946E-2,0.63018779066344854,5.1804320951315715E-3,0.16724554070759992,0.14016600930123035,2.1781362218166833E-3]
[10,"Sierra Occidental",38,"Guachinango",0.10637626262626262,0.7452651515151516,1.5782828282828283E-3,0.11079545454545454,3.5037878787878785E-2,9.46969696969697E-4]
[12,"Centro",39,"Guadalajara",2.9825404366510468E-2,0.48796708201063915,1.0939670748123034E-2,0.22231610051756034,0.2447326178187603,4.2191245384067206E-3]
[11,"Valles",40,"Hostotipaquillo",9.0667040358744413E-2,0.75420403587443952,1.1210762331838565E-3,0.11196748878923767,3.9798206278026903E-2,2.242152466367713E-3]
[1,"Norte",41,"Huejúcar",8.9735025606769089E-2,0.72611890447561789,6.680026720106881E-4,0.12291249164996659,5.9897572923625034E-2,6.680026720106881E-4]
[1,"Norte",42,"Huejuquilla el Alto",0.12159223950493393,0.69342699448068235,6.69008195350393E-4,0.12393376818866031,5.6363940458270617E-2,4.014049172102358E-3]
[8,"Costa Sur",43,"La Huerta",9.9514115259241032E-2,0.68583553724091273,2.9522110830924406E-3,0.13229595916108003,7.6511470570145762E-2,2.8907066855280148E-3]
[12,"Centro",44,"Ixtlahuacán de los Membrillos",4.2899900232790153E-2,0.69149761667220933,4.8036063998817572E-3,0.15475002771311386,0.10346229168976093,2.5865572922440226E-3]
[12,"Centro",45,"Ixtlahuacán del Río",0.10525129592066712,0.71579896326346626,4.5075501464953804E-4,0.12793929832469386,4.6953647359326875E-2,3.6060401171963043E-3]
[3,"Altos Sur",46,"Jalostotitlán",7.7237299276927407E-2,0.73387172504460507,1.5494412620903372E-3,0.12977744389144522,5.46530190628228E-2,2.9110714621091182E-3]
[4,"Ciénega",47,"Jamay",7.7806122448979595E-2,0.72519132653061225,1.4668367346938776E-3,0.12659438775510204,6.5816326530612243E-2,3.1250000000000002E-3]
[3,"Altos Sur",48,"Jesús María",0.17219752302318198,0.71467132422991431,8.7329310892346771E-4,7.3912353127977129E-2,3.6598920292156237E-2,1.7465862178469354E-3]
[5,"Sureste",49,"Jilotlán de los Dolores",0.18686175887821979,0.70766651425087634,9.1449474165523545E-4,8.5200426764212758E-2,1.72229843011736E-2,2.133821063862216E-3]
[4,"Ciénega",50,"Jocotepec",6.7381913462219389E-2,0.71096239643084769,2.3723532327738829E-3,0.12559308830819346,9.0680546703491252E-2,3.009701862474329E-3]
[12,"Centro",51,"Juanacatlán",5.6733712286838663E-2,0.64877568867512025,2.295583734149541E-3,0.19720157411456055,9.1714035854831663E-2,3.279405334499344E-3]
[7,"Sierra de Amula",52,"Juchitlán",5.6288032454361057E-2,0.76191683569979718,1.5212981744421904E-3,0.11637931034482758,6.1866125760649086E-2,2.0283975659229209E-3]
[2,"Altos Norte",53,"Lagos de Moreno",8.3433890708498548E-2,0.65024229538968381,2.2314160393801835E-3,0.14250416594839971,0.11833208833725987,3.25614357677795E-3]
[7,"Sierra de Amula",54,"El Limón",6.1940650023551577E-2,0.67663683466792279,3.2972209138012248E-3,0.14790390956194066,0.10927932171455486,9.4206311822892126E-4]
[11,"Valles",55,"Magdalena",6.6523008480467119E-2,0.66849715000695109,2.5719449464757403E-3,0.18142638676491032,7.6880300291950504E-2,4.101209509245099E-3]
[5,"Sureste",56,"Santa María del Oro",0.24719730941704035,0.64517937219730936,5.6053811659192824E-4,8.0156950672645735E-2,2.6345291479820628E-2,5.6053811659192824E-4]
[5,"Sureste",57,"La Manzanilla de la Paz",5.8866016612495485E-2,0.74503430841459006,2.527988443481401E-3,0.13181654026724449,6.0671722643553624E-2,1.0834236186348862E-3]
[10,"Sierra Occidental",58,"Mascota",5.065023956194388E-2,0.67272905055245913,4.5956781069717411E-3,0.18519604967243575,8.4971154786349853E-2,1.8578273198396401E-3]
[5,"Sureste",59,"Mazamitla",7.8634529392518263E-2,0.68033591449449238,3.9262733122477911E-3,0.15781437452284872,7.656232958883194E-2,2.7265786890609662E-3]
[3,"Altos Sur",60,"Mexticacán",0.10357304387155133,0.75734961555857083,2.2614201718679331E-4,9.8145635459068292E-2,3.8444142921754861E-2,2.2614201718679332E-3]
[1,"Norte",61,"Mezquitic",0.27218132506780318,0.58736923672994967,2.9058504455637351E-4,9.1631150716776452E-2,4.2619139868268111E-2,5.9085625726462612E-3]
[10,"Sierra Occidental",62,"Mixtlán",9.1856426090312623E-2,0.75762253956001546,1.1578541103820917E-3,0.10497877267464299,4.2068699343882673E-2,2.3157082207641835E-3]
[4,"Ciénega",63,"Ocotlán",5.494556191179184E-2,0.61119825306022024,7.5352155994340897E-3,0.165897767115704,0.15723995817186442,3.1832441409854217E-3]
[2,"Altos Norte",64,"Ojuelos de Jalisco",0.10246392665520654,0.75803510965254983,4.6882325363338024E-4,9.47022972339428E-2,4.1725269573370839E-2,2.6045736312965569E-3]
[5,"Sureste",65,"Pihuamo",0.17207318442024916,0.65529240094286678,2.8061510831743179E-3,0.13031765630261533,3.9286115164440451E-2,2.2449208665394546E-4]
[4,"Ciénega",66,"Poncitlán",6.7123112362426421E-2,0.72757230611722545,1.9196314307652928E-3,0.13242257486562581,6.7251087791144096E-2,3.7112874328128998E-3]
[9,"Costa Norte",67,"Puerto Vallarta",3.405641141821477E-2,0.54144766651563203,5.4542365201631186E-3,0.22981989125509741,0.18380720434979611,5.4145899410965115E-3]
[8,"Costa Sur",68,"Villa Purificación",0.1028002947678703,0.72869073937607465,1.7194792434291329E-3,0.10980103168754604,5.5023335789732251E-2,1.9651191353475803E-3]
[5,"Sureste",69,"Quitupan",0.19366645448758754,0.7046467218332273,1.1139401654996818E-3,6.651814131126671E-2,3.103119032463399E-2,3.0235518777848502E-3]
[12,"Centro",70,"El Salto",5.7452429522121526E-2,0.68485882129998121,4.4365671225852481E-3,0.17427459898115016,7.446298587655642E-2,4.5145971976055911E-3]
[12,"Centro",71,"San Cristóbal de la Barranca",0.12594570538495772,0.7659101023587005,4.450378282153983E-4,8.7672452158433473E-2,2.0026702269692925E-2,0]
[2,"Altos Norte",72,"San Diego de Alejandría",0.12939866369710468,0.72672605790645894,6.6815144766146982E-4,0.10089086859688196,3.7193763919821828E-2,5.1224944320712694E-3]
[2,"Altos Norte",73,"San Juan de los Lagos",7.5179970118169057E-2,0.70964820935391859,1.6751935527685969E-3,0.13213655091230136,7.8575632725132433E-2,2.7844433377099652E-3]
[3,"Altos Sur",74,"San Julián",9.1551208910622114E-2,0.74481572036584265,1.4488816444806665E-3,0.1123788825500317,4.7269763651181747E-2,2.5355428778411665E-3]
[11,"Valles",75,"San Marcos",6.4895635673624288E-2,0.62618595825426948,1.8975332068311196E-3,0.17950664136622391,0.12599620493358635,1.5180265654648956E-3]
[1,"Norte",76,"San Martín de Bolaños",0.10974053594215227,0.72437260740110587,0,0.11144193960017015,5.2743513398553807E-2,1.7014036580178648E-3]
[11,"Valles",77,"San Martín Hidalgo",4.7711120401337792E-2,0.66434991638795982,3.762541806020067E-3,0.1649770066889632,0.1124581939799331,6.741220735785953E-3]
[3,"Altos Sur",78,"San Miguel el Alto",0.10132465721589588,0.71954450383453405,2.2310016267720195E-3,0.11866139902393678,5.6193353474320237E-2,2.0450848245410179E-3]
[6,"Sur",79,"Gómez Farías",9.6665302782324061E-2,0.6640752864157119,3.0687397708674302E-3,0.15302782324058919,7.968494271685761E-2,3.4779050736497546E-3]
[10,"Sierra Occidental",80,"San Sebastián del Oeste",0.10373944511459592,0.72762364294330528,7.2376357056694817E-4,0.12955367913148372,3.5705669481302778E-2,2.6537997587454763E-3]
[1,"Norte",81,"Santa María de los Ángeles",8.4261321455085372E-2,0.78656273199703042,7.4239049740163323E-4,8.0549368968077212E-2,4.6770601336302897E-2,1.1135857461024498E-3]
[6,"Sur",82,"Sayula",4.4077247939644924E-2,0.64771003321169385,3.2391651974250685E-3,0.17142974291688876,0.13067366435688221,2.8701463774652501E-3]
[11,"Valles",83,"Tala",5.9637708891440239E-2,0.6743207041714504,3.8057575371008207E-3,0.15760938895267254,0.10181996002891525,2.806480418420717E-3]
[10,"Sierra Occidental",84,"Talpa de Allende",7.4385122975404921E-2,0.72675464907018594,2.5994801039792041E-3,0.13777244551089782,5.4289142171565684E-2,4.1991601679664068E-3]
[5,"Sureste",85,"Tamazula de Gordiano",9.4981499443187123E-2,0.65879943959478393,6.5739842655458559E-3,0.15008801235765348,8.4420016524769187E-2,5.1370478140604229E-3]
[6,"Sur",86,"Tapalpa",8.5097410812178462E-2,0.74521379775659957,8.4338365522476167E-4,0.10803744623429198,5.6506704900059039E-2,4.3012566416462845E-3]
[5,"Sureste",87,"Tecalitlán",0.12807385648342426,0.67226185480486778,5.791019723038188E-3,0.12908099034830045,6.2861938732689887E-2,1.9303399076793957E-3]
[7,"Sierra de Amula",88,"Tecolotlán",6.3229078613693993E-2,0.72434488588334744,3.4657650042265427E-3,0.13406593406593406,7.261200338123415E-2,2.2823330515638206E-3]
[6,"Sur",89,"Techaluta de Montenegro",6.0522151898734181E-2,0.76463607594936722,3.955696202531646E-4,0.1238132911392405,4.588607594936709E-2,4.7468354430379748E-3]
[7,"Sierra de Amula",90,"Tenamaxtlán",5.5796529968454259E-2,0.70287854889589907,2.5630914826498424E-3,0.15989747634069401,7.0780757097791802E-2,8.0835962145110411E-3]
[2,"Altos Norte",91,"Teocaltiche",9.1333527866939018E-2,0.74310621534870147,1.4225269915377884E-3,0.10891450248030347,5.1429822001750801E-2,3.7934053107674349E-3]
[6,"Sur",92,"Teocuitatlán de Corona",7.176913425345044E-2,0.76286072772898383,8.7829360100376416E-4,0.11154328732747805,5.1568381430363866E-2,1.3801756587202008E-3]
[3,"Altos Sur",93,"Tepatitlán de Morelos",7.9063613665948232E-2,0.6613815326177418,4.0545442905614475E-3,0.15027421523228271,0.10140628667762104,3.8198075158447321E-3]
[11,"Valles",94,"Tequila",6.1775774060136367E-2,0.64678266701441922,2.682663288498081E-3,0.18465665635828463,0.10067439174335854,3.4278475353031039E-3]
[11,"Valles",95,"Teuchitlán",6.8206147729010555E-2,0.69567212111943721,1.3763572411683743E-3,0.15094051078146506,8.2122648723046338E-2,1.6822144058724576E-3]
[4,"Ciénega",96,"Tizapán el Alto",8.8963024742841276E-2,0.73422296358076178,3.0581039755351678E-3,0.11787600778426466,5.1640255768696137E-2,4.239644147901029E-3]
[12,"Centro",97,"Tlajomulco de Zúñiga",3.057579099423743E-2,0.60666578648980285,5.6965564374582564E-3,0.19974448983395723,0.15418757086718132,3.1298053773628864E-3]
[12,"Centro",98,"Tlaquepaque",4.6191312776397889E-2,0.59517053371297024,6.0846913430665775E-3,0.19124734960925668,0.15716241594475072,4.1436966135578847E-3]
[6,"Sur",99,"Tolimán",0.10853769300635786,0.7366030881017257,1.059642749016046E-3,0.11247350893127459,4.0720557069330914E-2,6.0551014229488342E-4]
[9,"Costa Norte",100,"Tomatlán",9.6188131420324299E-2,0.68728245182103753,1.2734527549027931E-3,0.15086170303081756,6.2017149163766022E-2,2.3771118091518804E-3]
[12,"Centro",101,"Tonalá",4.2326299343034092E-2,0.64276929641272773,5.2394129347614659E-3,0.19383004222904077,0.11287013158142424,2.9648174990117276E-3]
[7,"Sierra de Amula",102,"Tonaya",9.8585223444868628E-2,0.68605434538513366,4.266786436110487E-3,0.13810913990568155,7.1637098585223449E-2,1.3474062429822591E-3]
[6,"Sur",103,"Tonila",0.08,0.69504761904761903,3.0476190476190477E-3,0.15104761904761904,6.761904761904762E-2,3.2380952380952383E-3]
[1,"Norte",104,"Totatiche",0.10431654676258993,0.69844124700239807,8.9928057553956839E-4,0.13069544364508393,6.1750599520383691E-2,3.8968824940047962E-3]
[4,"Ciénega",105,"Tototlán",9.5279544693672585E-2,0.73846668898560419,2.07566119852695E-3,0.10438567124204887,5.8118513558754609E-2,1.6739203213927017E-3]
[7,"Sierra de Amula",106,"Tuxcacuesco",0.11723027375201286,0.73333333333333328,1.6103059581320451E-3,0.10563607085346216,4.1545893719806763E-2,6.4412238325281816E-4]
[4,"Ciénega",107,"Tuxcueca",5.5900621118012424E-2,0.73015873015873012,5.0609615827007133E-3,0.13043478260869565,7.2233724407637451E-2,6.2111801242236021E-3]
[6,"Sur",108,"Tuxpan",5.8588603425559944E-2,0.61931818181818177,4.076086956521739E-3,0.19878129117259552,0.11417160737812912,5.064229249011858E-3]
[2,"Altos Norte",109,"Unión de San Antonio",0.13797533401849948,0.73775265501884202,2.1411442274751626E-3,7.7937649880095924E-2,4.0510448783830082E-2,3.6827680712572795E-3]
[7,"Sierra de Amula",110,"Unión de Tula",5.5948937867757058E-2,0.6683953326019747,2.892191084073003E-3,0.15717562581031216,0.11289518300588411,2.6927296299990027E-3]
[3,"Altos Sur",111,"Valle de Guadalupe",0.08,0.72296296296296292,2.1164021164021165E-3,0.12486772486772485,6.8994708994708998E-2,1.0582010582010583E-3]
[5,"Sureste",112,"Valle de Juárez",9.7202465623518253E-2,0.69962067330488376,9.4831673779042201E-4,0.14817449027975343,5.215742057847321E-2,1.896633475580844E-3]
[6,"Sur",113,"San Gabriel",7.8070973612374889E-2,0.7325750682438581,1.9108280254777072E-3,0.12311191992720655,6.1692447679708821E-2,2.6387625113739764E-3]
[12,"Centro",114,"Villa Corona",6.8612052575018595E-2,0.68901380507563859,3.5546003141274695E-3,0.13821608663304952,9.3576919897495253E-2,7.0265355046705792E-3]
[1,"Norte",115,"Villa Guerrero",0.15553850089536966,0.69071373752877974,2.5581990278843696E-4,0.10104886160143259,4.8349961627014576E-2,4.0931184446149913E-3]
[2,"Altos Norte",116,"Villa Hidalgo",6.6592232235425472E-2,0.76864183746710268,1.6747747029268682E-3,0.11316691921205838,4.7212696387271713E-2,2.7115399952149294E-3]
[3,"Altos Sur",117,"Cañadas de Obregón",0.13667205169628432,0.73021001615508885,6.462035541195477E-4,9.7576736672051703E-2,3.3602584814216477E-2,1.2924071082390954E-3]
[3,"Altos Sur",118,"Yahualica de González Gallo",0.10189210703569898,0.69903863817280021,9.1849856101892111E-4,0.11585328516318658,7.7215112362990626E-2,5.0823587043046965E-3]
[6,"Sur",119,"Zacoalco de Torres",5.4596241747079735E-2,0.70761808024377859,2.1838496698831896E-3,0.14393092940578975,8.704926358557645E-2,4.6216353478923311E-3]
[12,"Centro",120,"Zapopan",3.0436995893618705E-2,0.4519904071313024,7.4095860812905126E-3,0.20871503071301711,0.29751920270591298,3.9287774748583129E-3]
[6,"Sur",121,"Zapotiltic",6.3122290505454717E-2,0.65437568481730268,5.4785384212281451E-3,0.17617073984088416,9.5898242103758774E-2,4.9545043113715399E-3]
[6,"Sur",122,"Zapotitlán de Vadillo",8.1560283687943269E-2,0.72584219858156029,4.4326241134751772E-4,0.13541666666666666,5.4078014184397165E-2,2.6595744680851063E-3]
[4,"Ciénega",123,"Zapotlán del Rey",9.3557146383608986E-2,0.79042211799555662,5.7598946762116353E-4,8.0556241257302721E-2,3.0527441783921666E-2,4.3610631119888089E-3]
[12,"Centro",124,"Zapotlanejo",8.5559265442404012E-2,0.73182155444258934,1.4143943609719904E-3,0.1220320905212391,5.5370061213133009E-2,3.8026340196624002E-3]
[3,"Altos Sur",125,"San Ignacio Cerro Gordo",9.9330357142857137E-2,0.78494162087912089,1.0302197802197802E-3,8.0185439560439567E-2,3.1936813186813184E-2,2.5755494505494501E-3]

{"sheet":"Tasa Alfab","index":29,"n_rows":139,"n_cols":6,"rows_kept":139,"cut":false,"hidden":true,"merged":[]}
["Clave","Región","Clave","Nombre del Municipio","Tasa de alfabetización 15 a 24 años","Tasa de alfabetización 25 años y más"]
[null,null,14,"Jalisco",0.98722918962165462,0.94843506800949928]
[1,"Norte",1,"Norte",0.95896742995306483,0.84150574683088608]
[2,"Altos Norte",2,"Altos Norte",0.98567346562553471,0.9074799323628302]
[3,"Altos Sur",3,"Altos Sur",0.98560839160839164,0.90974068279413911]
[4,"Ciénega",4,"Ciénega",0.98422514399857686,0.91829792141147981]
[5,"Sureste",5,"Sureste",0.98303891899500284,0.91519823788546228]
[6,"Sur",6,"Sur",0.98738911441888466,0.91532007551767591]
[7,"Sierra de Amula",7,"Sierra de Amula",0.98583420776495256,0.92999068774653904]
[8,"Costa Sur",8,"Costa Sur",0.97294384790055011,0.89038200024724901]
[9,"Costa-Sierra Occidental",9,"Costa-Sierra Occidental",0.99183951602180531,0.95698954079961551]
[10,"Valles",10,"Valles",0.98919874312647249,0.94191830982522473]
[11,"Lagunas",11,"Lagunas",0.98609302712136715,0.92509266442548022]
[12,"Centro",12,"Centro",0.98836683233202238,0.96492563882398319]
[3,"Altos Sur",1,"Acatic",0.97652334476391411,0.88174624344269537]
[11,"Lagunas",2,"Acatlán de Juárez",0.98707317073170697,0.94479759116761419]
[10,"Valles",3,"Ahualulco de Mercado",0.98839556004036278,0.94948135244278997]
[11,"Lagunas",4,"Amacueca",0.98995535714285676,0.9367991845056064]
[10,"Valles",5,"Amatitán",0.99,0.94603050449745785]
[10,"Valles",6,"Ameca",0.98821681068342437,0.94004719317155561]
[10,"Valles",7,"San Juanito de Escobedo",0.98828606658446405,0.93286991062562041]
[3,"Altos Sur",8,"Arandas",0.98460364796449129,0.89963736401150396]
[10,"Valles",9,"El Arenal",0.98843153080441182,0.93986184477854506]
[11,"Lagunas",10,"Atemajac de Brizuela",0.96812749003984067,0.86241180243745963]
[7,"Sierra de Amula",11,"Atengo",0.99394673123486643,0.89676178262263506]
[9,"Costa-Sierra Occidental",12,"Atenguillo",0.99053627760252327,0.91291291291291277]
[4,"Ciénega",13,"Atotonilco el Alto",0.98586153425157352,0.91277852432888507]
[11,"Lagunas",14,"Atoyac",0.99140401146131762,0.88494077834179297]
[7,"Sierra de Amula",15,"Autlán de Navarro",0.98372530573847572,0.94370397419511876]
[4,"Ciénega",16,"Ayotlán",0.97959824231010661,0.88724668596678347]
[7,"Sierra de Amula",17,"Ayutla",0.98105682951146533,0.91280931586608449]
[4,"Ciénega",18,"La Barca",0.98748482301298213,0.9253063215587245]
[1,"Norte",19,"Bolaños",0.94045025417574468,0.76270627062706209]
[9,"Costa-Sierra Occidental",20,"Cabo Corrientes",0.98490566037735816,0.92990063233965647]
[8,"Costa Sur",21,"Casimiro Castillo",0.97140430351075835,0.90384775895167313]
[8,"Costa Sur",22,"Cihuatlán",0.96408800567778519,0.91138892705041874]
[6,"Sur",23,"Zapotlán el Grande",0.99163625304136271,0.95476675529159882]
[11,"Lagunas",24,"Cocula",0.98950011412919381,0.92411635492245192]
[1,"Norte",25,"Colotlán",0.98694362017804149,0.9388934764657304]
[5,"Sureste",26,"Concepción de Buenos Aires",0.98128078817733966,0.89885664028144208]
[8,"Costa Sur",27,"Cuautitlán de García Barragán",0.9863460967646186,0.80601215942355253]
[7,"Sierra de Amula",28,"Cuautla",0.97206703910614545,0.90541632983023401]
[12,"Centro",29,"Cuquío",0.9866533199866534,0.86281624836206006]
[5,"Sureste",30,"Chapala",0.98807157057654049,0.94797908080213322]
[1,"Norte",31,"Chimaltitán",0.97478991596638631,0.83051907442151307]
[7,"Sierra de Amula",32,"Chiquilistlán",0.99153259949195616,0.88545207341944221]
[4,"Ciénega",33,"Degollado",0.98571806400423123,0.88666782548235701]
[7,"Sierra de Amula",34,"Ejutla",0.99196787148594356,0.91056218057921601]
[2,"Altos Norte",35,"Encarnación de Díaz",0.98475545204319237,0.88986925769807801]
[10,"Valles",36,"Etzatlán",0.99309551208285374,0.95207425648797128]
[7,"Sierra de Amula",37,"El Grullo",0.98655256723716389,0.94082840236686383]
[9,"Costa-Sierra Occidental",38,"Guachinango",0.99387442572741169,0.89362565976451447]
[12,"Centro",39,"Guadalajara",0.99242863476688992,0.97406692828684771]
[10,"Valles",40,"Hostotipaquillo",0.98751486325802629,0.89133858267716504]
[1,"Norte",41,"Huejúcar",0.98645598194130868,0.91506024096385508]
[1,"Norte",42,"Huejuquilla el Alto",0.98610233733417563,0.85081637217624662]
[8,"Costa Sur",43,"La Huerta",0.98427292523590537,0.89977204206191597]
[12,"Centro",44,"Ixtlahuacán de los Membrillos",0.98231493028001327,0.95924385633270293]
[12,"Centro",45,"Ixtlahuacán del Río",0.98942985265855199,0.88906098741529505]
[3,"Altos Sur",46,"Jalostotitlán",0.98537061118335445,0.91566621325921072]
[4,"Ciénega",47,"Jamay",0.98476936466492571,0.91957356745316243]
[3,"Altos Sur",48,"Jesús María",0.9767857142857137,0.86101499423298689]
[6,"Sur",49,"Jilotlán de los Dolores",0.9768545994065283,0.81824995315720417]
[5,"Sureste",50,"Jocotepec",0.98162519972608964,0.92298588585955965]
[12,"Centro",51,"Juanacatlán",0.98966565349544044,0.95592654424040036]
[7,"Sierra de Amula",52,"Juchitlán",0.99431818181818132,0.93091259640102775]
[2,"Altos Norte",53,"Lagos de Moreno",0.9865120383209377,0.90939735661452625]
[7,"Sierra de Amula",54,"El Limón",0.97554697554697456,0.93378457916421398]
[10,"Valles",55,"Magdalena",0.99138755980861248,0.9334214002642004]
[5,"Sureste",56,"Santa María del Oro",0.96735905044510351,0.77229437229437214]
[5,"Sureste",57,"La Manzanilla de la Paz",0.98715890850722321,0.92386258124419651]
[9,"Costa-Sierra Occidental",58,"Mascota",0.99344799344799328,0.94175226586102678]
[5,"Sureste",59,"Mazamitla",0.98478444632290763,0.89744298548721457]
[3,"Altos Sur",60,"Mexticacán",0.98328690807799402,0.87831715210355976]
[1,"Norte",61,"Mezquitic",0.90196629213483104,0.66202883885656416]
[9,"Costa-Sierra Occidental",62,"Mixtlán",0.99130434782608656,0.91625615763546764]
[4,"Ciénega",63,"Ocotlán",0.98591621691081954,0.95344195597520454]
[2,"Altos Norte",64,"Ojuelos de Jalisco",0.98545116854975978,0.88991131559645209]
[6,"Sur",65,"Pihuamo",0.98569794050343251,0.837405870600891]
[4,"Ciénega",66,"Poncitlán",0.97812530931406483,0.89885544722339961]
[9,"Costa-Sierra Occidental",67,"Puerto Vallarta",0.99201592871505695,0.96516051215438836]
[8,"Costa Sur",68,"Villa Purificación",0.99050279329608881,0.88649940262843463]
[5,"Sureste",69,"Quitupan",0.97682838522809556,0.78831090580437779]
[12,"Centro",70,"El Salto",0.98130999435347266,0.95853892543859598]
[12,"Centro",71,"San Cristóbal de la Barranca",0.99239543726235691,0.87521865889212791]
[2,"Altos Norte",72,"San Diego de Alejandría",0.98045112781954868,0.87727891156462545]
[2,"Altos Norte",73,"San Juan de los Lagos",0.98673173707488149,0.924535790219702]
[3,"Altos Sur",74,"San Julián",0.98193451260820419,0.92363013698630125]
[10,"Valles",75,"San Marcos",0.9921875,0.93267813267813238]
[1,"Norte",76,"San Martín de Bolaños",0.9780405405405399,0.90669122160834836]
[11,"Lagunas",77,"San Martín Hidalgo",0.98677309007981762,0.93773287022418661]
[3,"Altos Sur",78,"San Miguel el Alto",0.98339088965630606,0.89217540842648291]
[6,"Sur",79,"Gómez Farías",0.97991502510621842,0.87643261757344182]
[9,"Costa-Sierra Occidental",80,"San Sebastián del Oeste",0.99421965317919048,0.88859416445623307]
[1,"Norte",81,"Santa María de los Ángeles",0.98415841584158381,0.88574660633484148]
[11,"Lagunas",82,"Sayula",0.98918482647296235,0.94356475842468501]
[10,"Valles",83,"Tala",0.98642954074708911,0.94757734687003781]
[9,"Costa-Sierra Occidental",84,"Talpa de Allende",0.99030935519940344,0.91063006409481129]
[6,"Sur",85,"Tamazula de Gordiano",0.98202535708553984,0.9012279044663335]
[11,"Lagunas",86,"Tapalpa",0.98109535724214592,0.89086646062027031]
[6,"Sur",87,"Tecalitlán",0.98906730440724333,0.87847568405893417]
[7,"Sierra de Amula",88,"Tecolotlán",0.98804347826086958,0.92801170201650796]
[11,"Lagunas",89,"Techaluta de Montenegro",0.98430141287284112,0.93486777668951959]
[7,"Sierra de Amula",90,"Tenamaxtlán",0.98814949863263424,0.93748449516249044]
[2,"Altos Norte",91,"Teocaltiche",0.98682891911238324,0.91490433031218477]
[11,"Lagunas",92,"Teocuitatlán de Corona",0.98948751642575516,0.90333660451422926]
[3,"Altos Sur",93,"Tepatitlán de Morelos",0.98968318127574395,0.93281615129612516]
[10,"Valles",94,"Tequila",0.99148296593186347,0.94578196291622119]
[10,"Valles",95,"Teuchitlán",0.99759326113116731,0.93314606741573003]
[5,"Sureste",96,"Tizapán el Alto",0.97785253714606057,0.90369297610427213]
[12,"Centro",97,"Tlajomulco de Zúñiga",0.98878406594007207,0.96811926098834322]
[12,"Centro",98,"Tlaquepaque",0.9849560445758766,0.95246470272118788]
[6,"Sur",99,"Tolimán",0.98114195914091118,0.86487488415199243]
[8,"Costa Sur",100,"Tomatlán",0.9638534510958453,0.89168268204142609]
[12,"Centro",101,"Tonalá",0.98560896838095946,0.96206361375493188]
[7,"Sierra de Amula",102,"Tonaya",0.99529964747356048,0.90299971965236869]
[6,"Sur",103,"Tonila",0.98932384341636981,0.91333632689717081]
[1,"Norte",104,"Totatiche",0.98997134670487075,0.92035060975609739]
[4,"Ciénega",105,"Tototlán",0.98284993694829725,0.89827318111138399]
[7,"Sierra de Amula",106,"Tuxcacuesco",0.98025387870239744,0.83996576807873291]
[5,"Sureste",107,"Tuxcueca",0.98031088082901552,0.93021120293847526]
[6,"Sur",108,"Tuxpan",0.98766891891891861,0.9292236209411634]
[2,"Altos Norte",109,"Unión de San Antonio",0.98279504980380328,0.87562405035815027]
[7,"Sierra de Amula",110,"Unión de Tula",0.98897058823529405,0.94128392484342316]
[3,"Altos Sur",111,"Valle de Guadalupe",0.98664440734557601,0.92680965147453076]
[5,"Sureste",112,"Valle de Juárez",0.98237367802585185,0.88853503184713334]
[6,"Sur",113,"San Gabriel",0.98832057994361666,0.88833166165162081]
[11,"Lagunas",114,"Villa Corona",0.98226466575716231,0.90939768892524764]
[1,"Norte",115,"Villa Guerrero",0.97209821428571341,0.86064425770308106]
[2,"Altos Norte",116,"Villa Hidalgo",0.97950589556428946,0.93061066486015664]
[3,"Altos Sur",117,"Cañadas de Obregón",0.99029126213592233,0.89400164338537347]
[3,"Altos Sur",118,"Yahualica de González Gallo",0.98588709677419384,0.90826465377801713]
[11,"Lagunas",119,"Zacoalco de Torres",0.98521141428868941,0.93506662333441637]
[12,"Centro",120,"Zapopan",0.98819471031453143,0.96596316833132467]
[6,"Sur",121,"Zapotiltic",0.98420458819104895,0.92197353777667812]
[6,"Sur",122,"Zapotitlán de Vadillo",0.99288537549407108,0.87155713116989342]
[4,"Ciénega",123,"Zapotlán del Rey",0.98507462686567104,0.89315330640016966]
[12,"Centro",124,"Zapotlanejo",0.98346596615931337,0.91540458058811747]
[3,"Altos Sur",125,"San Ignacio Cerro Gordo",0.98364409551848242,0.87907552620718066]

{"sheet":"PEA","index":30,"n_rows":139,"n_cols":19,"rows_kept":139,"cut":false,"hidden":true,"merged":[]}
["Clave","Region","Clave","Municipio","% PEA Total"," % PEA Hombres","% PEA  Mujeres","% Ocupada total","% Ocupada hombres","% Ocupada mujeres","% Desocupada total","% Desocupada hombres","% Desocupada mujeres","% PNEA Total","% PNEA Hombres","% PNEA Mujeres","% No especificado Total","% No especificado Hombres","% No especificado Mujeres"]
[null,null,14,"Jalisco",0.53319526835493403,0.70416627074689997,0.372736343481056,0.96299558903269999,0.95541527904168011,0.976435669360325,3.7004410967299402E-2,4.4584720958319599E-2,2.3564330639675002E-2,0.464120486523521,0.29348560097577098,0.62426396055076094,2.6842451215448996E-3,2.3481282773280001E-3,2.9996959681826002E-3]
[1,"Norte",1,"Norte",0.35639779273123567,0.52560344515615387,0.2014514846235419,0.32705980037710392,0.47088625918286103,0.19535392364793214,2.9337992354131707E-2,5.4717185973292802E-2,6.0975609756097563E-3,0.63868947741701121,0.47019867549668876,0.79298117709437965,4.9127298517531873E-3,4.1978793471573843E-3,5.5673382820784732E-3]
[2,"Altos Norte",2,"Altos Norte",0.50252500633688846,0.7049598144452236,0.3141835518474374,0.48574362574011609,0.67660742219105674,0.30816761809171317,1.6781380596772411E-2,2.8352392254166889E-2,6.0159337557242334E-3,0.49497923450387032,0.2930511354441987,0.68284925663383733,2.495759159241133E-3,1.9890501105777011E-3,2.9671915187252994E-3]
[3,"Altos Sur",3,"Altos Sur",0.52653034665625564,0.72439556233039171,0.34682005562729712,0.50997348429391764,0.69626708044814178,0.34077307042813154,1.6556862362337936E-2,2.8128481882250006E-2,6.0469851991655907E-3,0.47140045223106081,0.27361527892653781,0.65103804509784435,2.0692011126836173E-3,1.9891587430704138E-3,2.1418992748584486E-3]
[4,"Ciénega",4,"Ciénega",0.46976510603328236,0.67573966891973936,0.27700796050679577,0.45012375712948682,0.64164676677324917,0.27089080659314296,1.9641348903795545E-2,3.4092902146490196E-2,6.1171539136528055E-3,0.527573871103444,0.32212868148028223,0.71983561332516866,2.6610228632736447E-3,2.131649599978414E-3,3.1564261680355034E-3]
[5,"Sureste",5,"Sureste",0.49767711962833916,0.67957723255507185,0.32810722739709186,0.47803605237617935,0.64587455480807276,0.32157459497678992,1.9641067252159802E-2,3.3702677746999074E-2,6.5326324203018845E-3,0.4986237729304886,0.3166798575385833,0.66823449844753913,3.699107441172259E-3,3.7429099063448095E-3,3.6582741553690553E-3]
[6,"Sur",6,"Sur",0.48839352449548146,0.67007345614236202,0.31961727191552458,0.47526245158660052,0.64790433946790582,0.31488232258275922,1.3131072908880886E-2,2.2169116674456136E-2,4.7349493327653583E-3,0.50976761568254392,0.32866553204998189,0.67800706146422984,1.8388598219745871E-3,1.2610118076560172E-3,2.3756666202455947E-3]
[7,"Sierra de Amula",7,"Sierra de Amula",0.47149633915122263,0.65023145656152437,0.30162535079513564,0.4532033363559379,0.61828891315380707,0.29630495790458372,1.8293002795284737E-2,3.1942543407717267E-2,5.320392890551918E-3,0.52497395813817549,0.34675422542792556,0.69435512160898039,3.5297027106018482E-3,3.0143180105501131E-3,4.0195275958840038E-3]
[8,"Costa Sur",8,"Costa Sur",0.4651827614414259,0.66454817987152037,0.26369459833795011,0.44332888448788049,0.62615845824411132,0.25855263157894737,2.1853876953545442E-2,3.8389721627408994E-2,5.1419667590027699E-3,0.53067550695311494,0.33286509635974304,0.73059210526315799,4.1417316054591638E-3,2.5867237687366169E-3,5.7132963988919669E-3]
[9,"Costa-Sierra Occidental",9,"Costa-Sierra Occidental",0.56176139077275766,0.70301543588438131,0.42313690458165526,0.54550004776005356,0.67627070267601608,0.4171637949308058,1.6261343012704176E-2,2.6744733208365155E-2,5.9731096508494072E-3,0.43632438628331266,0.29552660202263309,0.57450110529025222,1.9142229439296974E-3,1.4579620929855825E-3,2.3619901280925414E-3]
[10,"Valles",10,"Valles",0.47508183289123573,0.65950553411644974,0.29936321174017744,0.45631509904780032,0.62618209575505701,0.29446608375220207,1.8766733843435367E-2,3.3323438361392649E-2,4.8971279879753684E-3,0.52331668397813369,0.33906958992409142,0.6988670340859503,1.6014831306305375E-3,1.4248759594588864E-3,1.7697541738722869E-3]
[11,"Lagunas",11,"Lagunas",0.45405863144556002,0.65730917521356758,0.26378305692514564,0.43797519251389028,0.62947609807726235,0.25869919082780912,1.6083438931669754E-2,2.7833077136305218E-2,5.0838660973365731E-3,0.54263938980407445,0.33993145679510123,0.73240699238009865,3.3019787503655328E-3,2.7593679913313009E-3,3.8099506947557151E-3]
[12,"Centro",12,"Centro",0.55705250702650988,0.7183317601097069,0.40596126760563378,0.53612594788409984,0.68639693130113644,0.39534758551307847,2.0926559142409994E-2,3.1934828808570369E-2,1.0613682092555332E-2,0.44019142856697635,0.27918061358943053,0.59103118712273639,2.7560644065137861E-3,2.4876263008626418E-3,3.0075452716297785E-3]
[3,"Altos Sur",1,"Acatic",0.54436071949440901,0.74678436317780494,0.35608726249120304,0.98437151149810209,0.98176291793312997,0.98945981554677198,1.56284885018977E-2,1.82370820668693E-2,1.0540184453227901E-2,0.45193242586290699,0.25056746532156299,0.63922120572366803,3.7068546426834996E-3,2.6481715006305001E-3,4.6915317851278001E-3]
[11,"Lagunas",2,"Acatlán de Juárez",0.46459492001605396,0.64790390956193999,0.29064699966476698,0.95125262248549902,0.94511086877499095,0.96424452133794702,4.8747377514500798E-2,5.4889131225009102E-2,3.5755478662053003E-2,0.53282495269766594,0.35044747998115805,0.70588892613699794,2.5801272862794001E-3,1.6486104569005998E-3,3.4640741982344E-3]
[10,"Valles",3,"Ahualulco de Mercado",0.52973574408901203,0.6915726456366561,0.37840456453870097,0.98666246586851503,0.9831862826702179,0.9926031294452341,1.3337534131484901E-2,1.6813717329781902E-2,7.3968705547652006E-3,0.46659248956884497,0.30589454294266599,0.61685865001614804,3.6717663421418001E-3,2.5328114206768998E-3,4.7367854451501002E-3]
[11,"Lagunas",4,"Amacueca",0.46163069544364499,0.66064453125,0.26955702167766199,0.956883116883116,0.94900221729489997,0.97552447552447508,4.3116883116883102E-2,5.0997782705099699E-2,2.44755244755244E-2,0.53597122302158196,0.3359375,0.72902921771913198,2.3980815347720997E-3,3.41796875E-3,1.4137606032045E-3]
[10,"Valles",5,"Amatitán",0.44936491589426703,0.63720686034301699,0.26860895924553696,0.92780748663101609,0.91321065641307297,0.96112852664576809,7.2192513368983899E-2,8.6789343586926596E-2,3.8871473354231897E-2,0.55003432887058001,0.36244312215610697,0.73054900639946097,6.0075523515276392E-4,3.5001750087504396E-4,8.4203435500160002E-4]
[10,"Valles",6,"Ameca",0.44681876270085602,0.63558700435776805,0.26865124613129099,0.96474118529632402,0.95533229244450402,0.98575109898438695,3.5258814703675895E-2,4.4667707555495199E-2,1.4248901015613101E-2,0.55070915299687795,0.36203995340207895,0.72878318944453502,2.4720843022645999E-3,2.3730422401518E-3,2.5655644241733E-3]
[10,"Valles",7,"San Juanito de Escobedo",0.44409034224747101,0.63346175013758899,0.252023444041306,0.95819032761310396,0.94526498696785399,0.99114064230343302,4.1809672386895397E-2,5.4735013032145903E-2,8.8593576965670003E-3,0.55383123181377303,0.36488717666483195,0.74546469439017504,2.0784259387557E-3,1.6510731975783999E-3,2.5118615685180003E-3]
[3,"Altos Sur",8,"Arandas",0.52444623169464799,0.72812668706136408,0.34702323102486099,0.96782747603833796,0.96436162325144592,0.97416207426145107,3.2172523961661301E-2,3.5638376748554197E-2,2.5837925738549102E-2,0.47511812606816101,0.271297462659708,0.65266325986769902,4.3564223719044304E-4,5.7585027892747903E-4,3.1350910743957098E-4]
[10,"Valles",9,"El Arenal",0.47919762258543797,0.67543138866064001,0.28824626865671599,0.93812544045102197,0.9255879967558801,0.96671289875173405,6.1874559548978095E-2,7.4412003244119992E-2,3.3287101248266303E-2,0.51891125219505596,0.32429471377704699,0.70828891257995708,1.8911252195055999E-3,2.7389756231169503E-4,3.4648187633262001E-3]
[11,"Lagunas",10,"Atemajac de Brizuela",0.45385249278945206,0.71530398322851096,0.20129607128391999,0.97639582387653201,0.97420867526377508,0.98390342052313895,2.3604176123468001E-2,2.5791324736224999E-2,1.6096579476861099E-2,0.54408735063864799,0.28259958071278801,0.79667881733495305,2.0601565718993999E-3,2.0964360587002002E-3,2.0251113811258999E-3]
[7,"Sierra de Amula",11,"Atengo",0.33923095069591802,0.52242256125751196,0.14836223506743701,0.87413073713490907,0.84867256637168098,0.96753246753246702,0.12586926286509001,0.15132743362831799,3.2467532467532402E-2,0.65935362113706009,0.47526583448913501,0.85115606936416099,1.4154281670204999E-3,2.3116042533518001E-3,4.8169556840077098E-4]
[9,"Costa-Sierra Occidental",12,"Atenguillo",0.41611163970821402,0.59261658031087994,0.24673710379117397,0.95350609756097493,0.93879781420764996,0.98740554156171301,4.64939024390243E-2,6.1202185792349699E-2,1.2594458438287099E-2,0.58293688550586698,0.40608808290155401,0.75264139216904891,9.5147478591810003E-4,1.2953367875647001E-3,6.2150403977625894E-4]
[4,"Ciénega",13,"Atotonilco el Alto",0.47116824228942905,0.697727070940246,0.26052501238236703,0.96245857732988294,0.95781637717121593,0.97401774397972107,3.7541422670116599E-2,4.2183622828784101E-2,2.5982256020278802E-2,0.52491765410446101,0.29987569919204399,0.73415056958890501,3.9141036061084997E-3,2.3972298677084002E-3,5.3244180287270008E-3]
[11,"Lagunas",14,"Atoyac",0.44311926605504504,0.68099331423113596,0.223300970873786,0.98999309868875107,0.99018232819074303,0.98945981554677198,1.00069013112491E-2,9.8176718092565993E-3,1.0540184453227901E-2,0.55397553516819498,0.31805157593123201,0.77199176228302402,2.9051987767583997E-3,9.5510983763129993E-4,4.7072668431891E-3]
[7,"Sierra de Amula",15,"Autlán de Navarro",0.52105240659998298,0.69116934595903901,0.36066935182493798,0.97157389556585594,0.963741795705091,0.98572415381072997,2.8426104434144103E-2,3.6258204294908503E-2,1.4275846189270001E-2,0.47723775327006895,0.30755340233428702,0.63721297180583791,1.7098401299477999E-3,1.2772517066725001E-3,2.1176763692230998E-3]
[4,"Ciénega",16,"Ayotlán",0.45892901267252595,0.66593245227606401,0.26725134271534401,0.96246442581339908,0.95071664829106894,0.98957008394810497,3.7535574186601001E-2,4.9283351708930494E-2,1.04299160518951E-2,0.53747043665501704,0.33061674008810499,0.7290094499966,3.6005506724557002E-3,3.4508076358296001E-3,3.7392072880548998E-3]
[7,"Sierra de Amula",17,"Ayutla",0.43296703296703298,0.62470911783372107,0.24523612261806099,0.91999033115784301,0.89536065018625099,0.98141891891891897,8.0009668842156087E-2,0.10463934981374801,1.8581081081080999E-2,0.56504447933019297,0.37232917283689404,0.75372825186412595,1.9884877027734E-3,2.9617093293843001E-3,1.0356255178126999E-3]
[4,"Ciénega",18,"La Barca",0.44649172158816902,0.65574254502509599,0.25611113243025402,0.95252238873137995,0.93863767929503994,0.98486664668864199,4.7477611268619706E-2,6.1362320704959103E-2,1.5133353311357501E-2,0.55019289503295299,0.34172677042473304,0.7398595494838629,3.3153833788779003E-3,2.5306845501707996E-3,4.0293180858819999E-3]
[1,"Norte",19,"Bolaños",0.28099173553719003,0.43418940609951795,0.12636695018225999,0.94978479196556609,0.94362292051756003,0.97115384615384603,5.0215208034433197E-2,5.6377079482439897E-2,2.8846153846153803E-2,0.71356581334408409,0.56019261637239093,0.86836776022681206,5.4424511187260004E-3,5.6179775280898007E-3,5.2652895909274999E-3]
[9,"Costa-Sierra Occidental",20,"Cabo Corrientes",0.50613615811910595,0.7048237940514871,0.29358288770053398,0.97575293517100503,0.97127659574468095,0.98724954462659298,2.4247064828994299E-2,2.87234042553191E-2,1.27504553734061E-2,0.491280196357059,0.29192701824543799,0.70454545454545392,2.5836455238341001E-3,3.2491877030742002E-3,1.8716577540105999E-3]
[8,"Costa Sur",21,"Casimiro Castillo",0.45849495733126405,0.66638554216867407,0.25446375783374703,0.95275283092541896,0.94431386729343703,0.97444237918215604,4.7247169074580195E-2,5.5686132706563002E-2,2.5557620817843799E-2,0.53571641701975303,0.32891566265060201,0.73867801820976697,5.7886256489825009E-3,4.6987951807228E-3,6.8582239564856998E-3]
[8,"Costa Sur",22,"Cihuatlán",0.53045815203480895,0.70457921591422801,0.35953845178469501,0.96109770808202599,0.9484829040242001,0.98536413330982198,3.8902291917973397E-2,5.1517095975799794E-2,1.4635866690178101E-2,0.46717430253391301,0.29335400116256499,0.63779877005008501,2.3675454312770999E-3,2.066782923206E-3,2.6627781652190001E-3]
[6,"Sur",23,"Zapotlán el Grande",0.54693333653465204,0.69598273655684595,0.41021037609906502,0.9836914769858861,0.98136063741572599,0.98731904387835201,1.63085230141135E-2,1.8639362584273698E-2,1.2680956121647401E-2,0.45244240627138305,0.30346523473765996,0.589099111540763,6.2425719396391299E-4,5.5202870549268595E-4,6.9051236017120005E-4]
[11,"Lagunas",24,"Cocula",0.46068170907345096,0.632996632996633,0.29854640327991,0.95696123384743603,0.94602628285356705,0.97877652933832704,4.3038766152563496E-2,5.3973717146432995E-2,2.1223470661672898E-2,0.532405184829572,0.36086353733412502,0.69381289601192708,6.9131060969755001E-3,6.1398296692414004E-3,7.6407007081625003E-3]
[1,"Norte",25,"Colotlán",0.47185253718596498,0.63689146940598396,0.32069811835287704,0.96500754147812895,0.95722300140252403,0.97916666666666596,3.4992458521870197E-2,4.2776998597475399E-2,2.0833333333333301E-2,0.52572770621308107,0.36087539079946401,0.67671120807199303,2.4197566009536002E-3,2.2331397945511001E-3,2.5906735751294999E-3]
[5,"Sureste",26,"Concepción de Buenos Aires",0.46539027982326897,0.70773046713517895,0.21422450728363301,0.97920433996383294,0.97838785046729004,0.98199999999999998,2.07956600361663E-2,2.16121495327102E-2,1.8000000000000002E-2,0.53355775299810604,0.29061595700702703,0.78534704370179897,1.0519671786239999E-3,1.6535758577924001E-3,4.2844901456726701E-4]
[8,"Costa Sur",27,"Cuautitlán de García Barragán",0.31927133269415103,0.52159763313609409,0.11810560376525901,0.87826287826287797,0.86159954622802004,0.9514321295143211,0.12173712173712101,0.13840045377197899,4.8567870485678705E-2,0.67608230695478999,0.47366863905325401,0.87733490219149801,4.6463603510583E-3,4.7337278106508E-3,4.5594940432415994E-3]
[7,"Sierra de Amula",28,"Cuautla",0.42386831275720099,0.60145808019440994,0.25740318906605902,0.97226074895977799,0.959595959595959,1,2.7739251040221902E-2,4.0404040404040401E-2,0,0.56790123456790098,0.39246658566221099,0.73234624145785798,8.2304526748970992E-3,6.0753341433778E-3,1.0250569476082001E-2]
[12,"Centro",29,"Cuquío",0.32979481333713301,0.51120741183502705,0.164488017429193,0.94664074314106694,0.9307220111078629,0.991721854304635,5.3359256858932808E-2,6.9277988892136794E-2,8.2781456953641992E-3,0.66842405243659098,0.48640167364016695,0.83428649237472696,1.7811342262751999E-3,2.3909145248057003E-3,1.2254901960783999E-3]
[5,"Sureste",30,"Chapala",0.52301965976368303,0.67843506459542791,0.38092960979342005,0.94722262024167703,0.93030606738108101,0.97476776299271906,5.2777379758322501E-2,6.9693932618919097E-2,2.5232237007280899E-2,0.47400764407584101,0.31926355980961302,0.61548393267023693,2.9726961604756002E-3,2.3013755949578001E-3,3.5864575363426998E-3]
[1,"Norte",31,"Chimaltitán",0.311175737432488,0.47480785653287699,0.156148867313915,0.90520694259012002,0.89028776978417201,0.94818652849740903,9.4793057409879811E-2,0.109712230215827,5.1813471502590601E-2,0.68550062318238403,0.52433817250213499,0.83818770226537198,3.3236393851266998E-3,8.539709649871E-4,5.6634304207118999E-3]
[7,"Sierra de Amula",32,"Chiquilistlán",0.38787210584343901,0.55206025697828898,0.22519754170324799,0.9545196134167141,0.93579454253611505,1,4.5480386583285896E-2,6.4205457463884397E-2,0,0.59779492833517101,0.44661054497120001,0.74758560140474106,1.43329658213891E-2,1.3291980505095E-3,2.7216856892010498E-2]
[4,"Ciénega",33,"Degollado",0.398460057747834,0.60364695453969797,0.21278789962186298,0.91772342995168998,0.91168449758758097,0.93322563274098003,8.2276570048309197E-2,8.8315502412418687E-2,6.6774367259019904E-2,0.59756977863330096,0.391287830821831,0.78423284060960197,3.9701636188642E-3,5.0652146384703002E-3,2.9792597685344003E-3]
[7,"Sierra de Amula",34,"Ejutla",0.37650200267022699,0.55912596401028203,0.179166666666666,0.89539007092198597,0.86896551724137894,0.98449612403100806,0.10460992907801399,0.13103448275862001,1.5503875968992199E-2,0.62216288384512697,0.43830334190231296,0.82083333333333297,1.3351134846460999E-3,2.5706940874034999E-3,0]
[2,"Altos Norte",35,"Encarnación de Díaz",0.494366887092824,0.71221914435210809,0.29532245969253801,0.96586574188754004,0.95800921924517402,0.98317727344865902,3.4134258112459702E-2,4.1990780754825693E-2,1.6822726551341E-2,0.50146950771491494,0.28531855955678603,0.69895950506186688,4.1636051922605E-3,2.4622960911048998E-3,5.7180352455942999E-3]
[10,"Valles",36,"Etzatlán",0.435114002234049,0.61460643015520999,0.27327252280394798,0.94427665357897894,0.92423900789176994,0.98491083676268798,5.5723346421020795E-2,7.5760992108230008E-2,1.50891632373113E-2,0.56344043629673402,0.38386917960088601,0.72535299262776409,1.4455614692161002E-3,1.5243902439024E-3,1.3744845682868E-3]
[7,"Sierra de Amula",37,"El Grullo",0.49196428571428497,0.67586282699494404,0.32367732850533104,0.95377388705028199,0.9487721580744829,0.96333126165319993,4.6226112949717103E-2,5.1227841925516299E-2,3.66687383467992E-2,0.50362394957983203,0.31864145966146401,0.67290283645141802,4.4117647058823E-3,5.4957133435919008E-3,3.4198350432508001E-3]
[9,"Costa-Sierra Occidental",38,"Guachinango",0.39259927797833905,0.59953161592505799,0.17388613861386101,0.94636015325670497,0.9384765625,0.97508896797153,5.3639846743295E-2,6.15234375E-2,2.4911032028469702E-2,0.59927797833935004,0.39871194379391101,0.81126237623762298,8.1227436823104009E-3,1.7564402810304001E-3,1.48514851485148E-2]
[12,"Centro",39,"Guadalajara",0.55267205591008195,0.69580239282880496,0.42169042235931997,0.96192268951965798,0.95445176937933196,0.97320362158027807,3.8077310480342103E-2,4.5548230620667596E-2,2.6796378419721999E-2,0.44577073813387402,0.30261766651445898,0.57677317669564099,1.5572059560431E-3,1.5799406567343999E-3,1.5364009450374999E-3]
[10,"Valles",40,"Hostotipaquillo",0.34036185552985898,0.52292839903459298,0.152401987852015,0.94404476418864902,0.93128205128205099,0.98913043478260798,5.5955235811350902E-2,6.8717948717948701E-2,1.0869565217391299E-2,0.65923003672969605,0.476803432555645,0.84704583103257802,4.0810774044347699E-4,2.6816840976133001E-4,5.5218111540585296E-4]
[1,"Norte",41,"Huejúcar",0.36243093922651903,0.57129455909943705,0.17634768073547799,0.87865853658536497,0.84893267651888293,0.964454976303317,0.12134146341463399,0.15106732348111598,3.5545023696682401E-2,0.63204419889502705,0.42073170731707299,0.82030923526953603,5.5248618784530003E-3,7.9737335834895989E-3,3.3430839949852996E-3]
[1,"Norte",42,"Huejuquilla el Alto",0.38505921651989,0.57927026154342898,0.21266838635712201,0.91127760252365908,0.88517279821627592,0.97439353099730397,8.8722397476340711E-2,0.11482720178372301,2.5606469002695399E-2,0.61357424840570896,0.419761059089441,0.785611923187159,1.3665350744002001E-3,9.6867936712939997E-4,1.7196904557178999E-3]
[8,"Costa Sur",43,"La Huerta",0.47950005229578502,0.66601097422093303,0.289126069956673,0.96411822445195694,0.95631898025804407,0.98245614035087703,3.5881775548042304E-2,4.3681019741955505E-2,1.7543859649122799E-2,0.51903566572534199,0.33305725230355099,0.70886611011307199,1.4642819788725E-3,9.3177347551500009E-4,2.0078199302546E-3]
[12,"Centro",44,"Ixtlahuacán de los Membrillos",0.51171143035602695,0.72086677367576202,0.313621161447248,0.94395280235988199,0.93653974615898405,0.96009048311520406,5.6047197640117903E-2,6.3460253841015307E-2,3.9909516884795597E-2,0.46379866749947901,0.26249331193151398,0.65445424141076303,2.4489902144492998E-2,1.6639914392723301E-2,3.1924597141988399E-2]
[12,"Centro",45,"Ixtlahuacán del Río",0.41912575841147204,0.63014886544298299,0.226631509558338,0.95393979272906704,0.94105504587155908,0.9866201279813841,4.6060207270932699E-2,5.8944954128440301E-2,1.33798720186154E-2,0.57949531163816803,0.36927301633183901,0.77125906394199006,1.3789299503585001E-3,5.7811822517704896E-4,2.1094264996704003E-3]
[3,"Altos Sur",46,"Jalostotitlán",0.533148624579457,0.74126894092861206,0.33441658929124102,0.96288047512991792,0.95266724967205907,0.98449791763072592,3.7119524870081605E-2,4.7332750327940501E-2,1.55020823692734E-2,0.46249752622204604,0.25411230856494599,0.661482513153822,4.3538491984959002E-3,4.6187505064419002E-3,4.1008975549365004E-3]
[4,"Ciénega",47,"Jamay",0.48206599713055903,0.69735142118862992,0.27226943657538499,0.96671075837742504,0.95985795893160397,0.98381502890173389,3.3289241622574899E-2,4.0142041068395799E-2,1.6184971098265798E-2,0.51527711355544903,0.30178725236864701,0.72332389046269996,2.6568893139911E-3,8.6132644272170005E-4,4.4066729619137001E-3]
[3,"Altos Sur",48,"Jesús María",0.44820942130090996,0.66403926234384303,0.27392818542091901,0.95019270678920809,0.93594624860022402,0.97807978956598007,4.9807293210791498E-2,6.405375139977601E-2,2.19202104340201E-2,0.55039532256992896,0.33477096966091602,0.72451062807733801,1.3952561291608002E-3,1.1897679952409001E-3,1.5611865017413002E-3]
[6,"Sur",49,"Jilotlán de los Dolores",0.401518125899751,0.645887899423782,0.15746795710175199,0.86603650586701408,0.84590429845904291,0.94850498338870393,0.133963494132985,0.154095701540957,5.1495016611295602E-2,0.59115299044627601,0.35254059717129299,0.82945330891969604,7.3288836539719005E-3,1.5715034049240001E-3,1.30787339785508E-2]
[5,"Sureste",50,"Jocotepec",0.54144159842016604,0.72099349497338805,0.36818078064368798,0.96341986698133397,0.95636482939632506,0.97675139491630503,3.65801330186655E-2,4.3635170603674493E-2,2.3248605083694904E-2,0.45524772027647104,0.27604967474866898,0.628167085140379,3.3106813033629001E-3,2.9568302779420003E-3,3.6521342159324E-3]
[12,"Centro",51,"Juanacatlán",0.52666014890576796,0.73467534433176895,0.32122571001494699,0.97229758674853595,0.97074577667902706,0.97580269892973504,2.7702413251463599E-2,2.92542233209723E-2,2.4197301070265201E-2,0.47093329322403499,0.26335704555774098,0.67593423019431897,2.4065578701962E-3,1.9676101104887998E-3,2.8400597907323999E-3]
[7,"Sierra de Amula",52,"Juchitlán",0.448780487804878,0.65831325301204802,0.253811659192825,0.90165631469979302,0.88067349926793492,0.95229681978798497,9.8343685300207012E-2,0.11932650073206399,4.7703180212014099E-2,0.55005807200929102,0.341204819277108,0.74439461883407998,1.1614401858304E-3,4.8192771084337401E-4,1.7937219730941002E-3]
[2,"Altos Norte",53,"Lagos de Moreno",0.52554779677341601,0.71285193772772404,0.34941597881949799,0.97331928281254809,0.96933228009850791,0.98096808700303095,2.6680717187452199E-2,3.0667719901491499E-2,1.9031912996969099E-2,0.473015490809856,0.28529314342497503,0.64954057000467202,1.4367124167267999E-3,1.8549188473003999E-3,1.0434511758293E-3]
[7,"Sierra de Amula",54,"El Limón",0.41440430783037896,0.55139765554553599,0.27869584635998201,0.97238765565782304,0.96320523303352401,0.99038461538461509,2.7612344342176499E-2,3.6794766966475795E-2,9.6153846153846003E-3,0.57123625757235796,0.43462578899909798,0.70656543099598002,1.4359434597262698E-2,1.3976555455365101E-2,1.4738722644037501E-2]
[10,"Valles",55,"Magdalena",0.45684024713150895,0.63994774967343504,0.27700023326335399,0.93263781555899006,0.91352755613286307,0.97599999999999998,6.7362184441009804E-2,8.6472443867136692E-2,2.4E-2,0.54157105030891406,0.35886474290464299,0.72101702822486602,1.5887025595763E-3,1.1875074219213E-3,1.9827385117797002E-3]
[5,"Sureste",56,"Santa María del Oro",0.34542102028272903,0.56049382716049301,0.13219094247245999,0.95729537366548001,0.95594713656387598,0.96296296296296302,4.2704626334519498E-2,4.4052863436123302E-2,3.7037037037037E-2,0.64904732636754703,0.43209876543209802,0.86413708690330393,5.5316533497233996E-3,7.4074074074074008E-3,3.6719706242349997E-3]
[5,"Sureste",57,"La Manzanilla de la Paz",0.464983164983165,0.70021111893032995,0.249193027759845,0.96741491672700908,0.95678391959799003,0.99481865284974103,3.2585083272990499E-2,4.3216080402009999E-2,5.1813471502589999E-3,0.53434343434343401,0.2990851513019,0.75016139444803098,6.7340067340059993E-4,7.0372976776909998E-4,6.4557779212390004E-4]
[9,"Costa-Sierra Occidental",58,"Mascota",0.47348287254390498,0.65342319971621099,0.30047748976807598,0.98622842453176607,0.98181324647122692,0.99545970488081692,1.3771575468233498E-2,1.8186753528773001E-2,4.5402951191826999E-3,0.51773604590505995,0.34498048953529598,0.68383356070941304,8.7810815510345995E-3,1.5963107484923001E-3,1.5688949522510199E-2]
[5,"Sureste",59,"Mazamitla",0.49191464931585499,0.69085046352277302,0.31207870286026601,0.97724178175452192,0.96995332555425906,0.99182720373613509,2.2758218245477503E-2,3.0046674445740898E-2,8.172796263864501E-3,0.50540618122667702,0.30632809351068102,0.68537074148296595,2.6791694574681002E-3,2.8214429665457002E-3,2.5505556567679997E-3]
[3,"Altos Sur",60,"Mexticacán",0.33762376237623698,0.543561643835616,0.16794582392776503,0.94354838709677391,0.92741935483870908,0.98655913978494592,5.6451612903225798E-2,7.25806451612903E-2,1.3440860215053701E-2,0.66138613861386109,0.45534246575342402,0.83115124153498798,9.9009900990089991E-4,1.0958904109589001E-3,9.0293453724600006E-4]
[1,"Norte",61,"Mezquitic",0.24477101314050198,0.38720930232558104,0.119426984359011,0.81861499364675894,0.77048477048476993,0.95593635250917997,0.18138500635324001,0.22951522951522901,4.406364749082E-2,0.7458206982349741,0.60581395348837197,0.86902499634556307,9.4082886245236991E-3,6.9767441860464994E-3,1.1548019295424601E-2]
[9,"Costa-Sierra Occidental",62,"Mixtlán",0.37405947689000302,0.56017191977077307,0.18781362007168401,0.98275862068965492,0.97698209718670104,1,1.72413793103448E-2,2.3017902813299199E-2,0,0.62558222859190205,0.43982808022922598,0.81146953405017896,3.5829451809387297E-4,0,7.1684587813619996E-4]
[4,"Ciénega",63,"Ocotlán",0.50684191573640591,0.68378227457654106,0.34110438616154803,0.96564323775691407,0.95909002527707499,0.97794815626140907,3.4356762243085502E-2,4.0909974722924299E-2,2.2051843738590701E-2,0.492386439631668,0.31568590953811698,0.65789932501432102,7.7164463192550003E-4,5.3181588534049497E-4,9.9628882413010001E-4]
[2,"Altos Norte",64,"Ojuelos de Jalisco",0.41950132447546501,0.63203159280386101,0.22400710364869203,0.96321539540944201,0.95306859205776107,0.98954954954954899,3.6784604590558198E-2,4.6931407942238199E-2,1.0450450450450399E-2,0.57885884875751603,0.36586222027204895,0.77478204714239496,1.6398267670184E-3,2.1061869240895001E-3,1.2108492089118001E-3]
[6,"Sur",65,"Pihuamo",0.40470003389447501,0.61683303085299401,0.194238127391402,0.95337800111669391,0.942625965428466,0.9872537659327919,4.6621998883305399E-2,5.7374034571533603E-2,1.27462340672074E-2,0.59055473957744897,0.38225952813067104,0.79720909295520992,4.7452265280758998E-3,9.0744101633389999E-4,8.5527796533873008E-3]
[4,"Ciénega",66,"Poncitlán",0.46301157060209902,0.66582473094662797,0.269870320016732,0.95210273616011998,0.94004618175820498,0.980430149195892,4.7897263839879599E-2,5.99538182417945E-2,1.95698508041077E-2,0.535729590743518,0.333132000878541,0.72866555113992904,1.2588386543818E-3,1.0432681748297E-3,1.4641288433381999E-3]
[9,"Costa-Sierra Occidental",67,"Puerto Vallarta",0.58511197609208898,0.71865420560747595,0.45501311093306102,0.97072617067730205,0.96098626716604196,0.98571285642821393,2.92738293226978E-2,3.9013732833957503E-2,1.4287143571785801E-2,0.413472181227863,0.28010280373831703,0.54340265132201904,1.4158426800471998E-3,1.2429906542056001E-3,1.5842377449195001E-3]
[8,"Costa Sur",68,"Villa Purificación",0.41964608161791195,0.62785814279048002,0.19771201193732899,0.94951233505450305,0.93979933110367897,0.98238993710691802,5.0487664945496197E-2,6.0200668896321002E-2,1.7610062893081698E-2,0.56711207415432707,0.37120858609426,0.77592638647102707,1.3241844227759701E-2,9.3327111525890003E-4,2.6361601591643802E-2]
[5,"Sureste",69,"Quitupan",0.30677290836653298,0.50282840980515398,0.13324061196105699,0.94324194324194299,0.92749999999999999,0.99582463465553206,5.6758056758056695E-2,7.2499999999999995E-2,4.1753653444675997E-3,0.69130883871919702,0.49528598365807602,0.86481223922113992,1.9182529142688001E-3,1.8856065367693E-3,1.9471488178025001E-3]
[12,"Centro",70,"El Salto",0.53249173875914302,0.732276063734558,0.33450626136582001,0.9593629720533271,0.95273312552207401,0.97374585635359101,4.0637027946672601E-2,4.7266874477925096E-2,2.6254143646408799E-2,0.46572606096610103,0.26597839708778404,0.66367520735691998,1.7822002747558E-3,1.7455391776570002E-3,1.8185312772594001E-3]
[12,"Centro",71,"San Cristóbal de la Barranca",0.39628099173553699,0.63674496644295298,0.1628664495114,0.94160583941605791,0.93148880105401799,0.98,5.8394160583941597E-2,6.8511198945981497E-2,0.02,0.60165289256198295,0.36157718120805299,0.83469055374592793,2.0661157024792999E-3,1.6778523489932001E-3,2.442996742671E-3]
[2,"Altos Norte",72,"San Diego de Alejandría",0.53277494537509096,0.73913043478260798,0.34106076571830002,0.97334244702665695,0.96470588235294097,0.99073120494335698,2.6657552973342401E-2,3.5294117647058802E-2,9.2687950566426001E-3,0.46504005826656902,0.26011342155009404,0.65542676501580599,2.1849963583394001E-3,7.5614366729669991E-4,3.5124692658939E-3]
[2,"Altos Norte",73,"San Juan de los Lagos",0.54506739671856796,0.756151431782074,0.34174380412063299,0.97104987792117203,0.96464077072870691,0.98470948012232395,2.8950122078827998E-2,3.5359229271292397E-2,1.5290519877675799E-2,0.45208083803874599,0.24245359786104501,0.65400119438638393,2.8517652426852001E-3,1.3949703568798999E-3,4.2550014929828997E-3]
[3,"Altos Sur",74,"San Julián",0.51389002036659792,0.72820960698689907,0.32656488549618301,0.96845275840202905,0.96378028304149699,0.97755960729312708,3.1547241597970802E-2,3.6219716958503199E-2,2.24403927068723E-2,0.48496945010183301,0.271091703056768,0.67190839694656501,1.1405295315682E-3,6.9868995633179994E-4,1.5267175572519001E-3]
[10,"Valles",75,"San Marcos",0.38179952104002701,0.56924147529575497,0.20053835800807501,0.92562724014336895,0.90464547677261609,0.98322147651006697,7.4372759856630791E-2,9.5354523227383789E-2,1.6778523489932799E-2,0.61648990762914802,0.42797494780793299,0.79878869448182999,1.7105713308243999E-3,2.7835768963117001E-3,6.7294751009420008E-4]
[1,"Norte",76,"San Martín de Bolaños",0.43414429530201304,0.68139337298215807,0.19304059652029801,0.88212560386473404,0.87406483790523692,0.90987124463519298,0.117874396135265,0.12593516209476299,9.0128755364806801E-2,0.56333892617449599,0.31860662701784198,0.80198840099419999,2.5167785234898998E-3,0,4.9710024855012004E-3]
[11,"Lagunas",77,"San Martín Hidalgo",0.40210545671861297,0.59502326906638803,0.22113328581610803,0.93071910369269406,0.91284916201117294,0.97582594681708301,6.9280896307305301E-2,8.7150837988826807E-2,2.4174053182917002E-2,0.59380315358800995,0.40193750593598598,0.77378831076265098,4.0913896933756E-3,3.0392249976256003E-3,5.0784034212401994E-3]
[3,"Altos Sur",78,"San Miguel el Alto",0.56858285624656901,0.75480059084194906,0.39816761790327398,0.97165517241379307,0.962056968906284,0.98830629950961901,2.8344827586206801E-2,3.7943031093716002E-2,1.16937004903809E-2,0.42886832405301495,0.24306581322829399,0.59890357464704103,2.5488197004156E-3,2.1335959297554001E-3,2.9288074496845E-3]
[6,"Sur",79,"Gómez Farías",0.50346020761245602,0.69691681210005796,0.33218884120171599,0.98770121179236692,0.98441847523650494,0.99379844961240293,1.2298788207632401E-2,1.5581524763494701E-2,6.2015503875969E-3,0.49389910763066802,0.30211363195656299,0.66369098712446306,2.6406847568747997E-3,9.6955594337789998E-4,4.1201716738196994E-3]
[9,"Costa-Sierra Occidental",80,"San Sebastián del Oeste",0.41144234984655803,0.61422149570903106,0.17683215130023602,0.99413958444326,0.99401197604790392,0.99465240641711206,5.8604155567394001E-3,5.9880239520958001E-3,5.3475935828876994E-3,0.58614642700569908,0.38332652227216996,0.82080378250591002,2.4112231477422001E-3,2.4519820187985002E-3,2.3640661938534001E-3]
[1,"Norte",81,"Santa María de los Ángeles",0.31324313243132401,0.48910200523103697,0.15712074303405499,0.913612565445026,0.88591800356506201,0.99014778325123098,8.6387434554973802E-2,0.11408199643493701,9.8522167487684002E-3,0.68265682656826498,0.50653879686137704,0.83900928792569607,4.1000410004100006E-3,4.3591979075849998E-3,3.8699690402476E-3]
[11,"Lagunas",82,"Sayula",0.51317153375987401,0.71608381067229399,0.330138010741722,0.97750226370411597,0.97505525734133203,0.98228995057660595,2.2497736295883503E-2,2.4944742658667498E-2,1.7710049423393701E-2,0.48632805518819,0.28331323485076804,0.66945407573594395,5.0041105193551901E-4,6.0295447693699104E-4,4.07913522333265E-4]
[10,"Valles",83,"Tala",0.50703529992594398,0.69348230912476694,0.33070765289785398,0.97874066861408593,0.97178009959964795,0.99254453911696305,2.1259331385913599E-2,2.8219900400351498E-2,7.4554608830363998E-3,0.49207603060972605,0.30506179109531001,0.66894012167787298,8.8866946432969993E-4,1.4558997799220999E-3,3.5222542427153399E-4]
[9,"Costa-Sierra Occidental",84,"Talpa de Allende",0.44450084602368795,0.59501610442447794,0.29454484039858103,0.95964979063570599,0.95071225071224996,0.97763761467889909,4.0350209364293795E-2,4.9287749287749198E-2,2.2362385321100898E-2,0.552876480541455,0.40108492964909304,0.70410403648032405,2.6226734348560998E-3,3.8989659264282001E-3,1.3511231210944E-3]
[6,"Sur",85,"Tamazula de Gordiano",0.4363928091948,0.63599431241113102,0.24946100190234599,0.95565393561941903,0.945810710103268,0.97915607524148396,4.4346064380580703E-2,5.4189289896731593E-2,2.08439247585155E-2,0.56252660532433896,0.36285462793689399,0.74952441344324594,1.0805854808605001E-3,1.1510596519736999E-3,1.0145846544070999E-3]
[11,"Lagunas",86,"Tapalpa",0.46152757131733502,0.71353933422898908,0.23424878836833599,0.97914110429447798,0.9769874476987449,0.98505747126436805,2.0858895705521401E-2,2.3012552301255196E-2,1.4942528735632099E-2,0.53521625256600802,0.28452007762352499,0.76130856219709198,3.2561761166559999E-3,1.9405881474846001E-3,4.4426494345717995E-3]
[6,"Sur",87,"Tecalitlán",0.43559427504666998,0.64484769928710306,0.24236983842010701,0.95267857142857093,0.94522613065326599,0.97098765432098699,4.7321428571428494E-2,5.4773869346733603E-2,2.90123456790123E-2,0.56370566272557499,0.35434219053791305,0.75703171753441001,7.0006222775349997E-4,8.1011017498370001E-4,5.9844404548174798E-4]
[7,"Sierra de Amula",88,"Tecolotlán",0.46105263157894699,0.66569140745303301,0.26579488686453101,0.97243966079582511,0.96645847790885897,0.98673300165837508,2.7560339204174798E-2,3.3541522091140398E-2,1.3266998341625201E-2,0.53488721804511197,0.33153680320295598,0.72891566265060204,4.0601503759398003E-3,2.7717893440098E-3,5.2894504848662004E-3]
[11,"Lagunas",89,"Techaluta de Montenegro",0.43590639189661201,0.65874730021598193,0.22591587516960601,0.97916666666666596,0.97377049180327901,0.99399399399399402,2.0833333333333301E-2,2.6229508196721301E-2,6.0060060060060007E-3,0.56269647223192398,0.33981281497480198,0.77272727272727193,1.3971358714635E-3,1.4398848092152001E-3,1.3568521031207001E-3]
[7,"Sierra de Amula",90,"Tenamaxtlán",0.442640692640692,0.60896501457725893,0.27964285714285703,0.96617766911165404,0.955116696588869,0.98978288633461009,3.3822330888345499E-2,4.4883303411130997E-2,1.0217113665389499E-2,0.55465367965367907,0.38957725947521804,0.71642857142857097,2.7056277056276999E-3,1.4577259475217999E-3,3.9285714285714002E-3]
[2,"Altos Norte",91,"Teocaltiche",0.417235359466751,0.63600161987040993,0.22302115165677899,0.936325599087105,0.92550143266475604,0.96372917786136503,6.3674400912894599E-2,7.4498567335243501E-2,3.6270822138635105E-2,0.57895572131407702,0.36102861771058303,0.77242495056624094,3.8089192191715E-3,2.9697624190063998E-3,4.5538977769788002E-3]
[11,"Lagunas",92,"Teocuitatlán de Corona",0.40421104174317501,0.63475000000000004,0.18301751019429102,0.95578437310720699,0.94564789287120898,0.9895150720838789,4.4215626892792202E-2,5.4352107128790801E-2,1.0484927916120499E-2,0.59334067817358305,0.36249999999999999,0.81482369872871208,2.4482800832414998E-3,2.7500000000000003E-3,2.1587910769967997E-3]
[3,"Altos Sur",93,"Tepatitlán de Morelos",0.55681118109512195,0.74215054988888196,0.38290439865972703,0.96973049739084505,0.9623259623259619,0.9831967976168311,3.0269502609155098E-2,3.7674037674037597E-2,1.6803202383168802E-2,0.44115672842627901,0.25566509012859201,0.61520638768090097,2.0320904785985998E-3,2.1843599825251002E-3,1.8892136593712E-3]
[10,"Valles",94,"Tequila",0.51360717237871101,0.69771677616600503,0.337603382874199,0.95716496440730392,0.94695133320902403,0.97734389390311305,4.2835035592695699E-2,5.3048666790975203E-2,2.2656106096887001E-2,0.48528009156228102,0.30163273271319802,0.66084198743859202,1.1127360590067999E-3,6.5049112079619998E-4,1.5546296872085E-3]
[10,"Valles",95,"Teuchitlán",0.45615659304324802,0.637326813365933,0.28427835051546302,0.92954479559292491,0.91474850809889108,0.96101541251133193,7.0455204407074493E-2,8.5251491901108201E-2,3.8984587488667198E-2,0.54291760349160101,0.36212985601738601,0.714432989690721,9.2580346515009997E-4,5.4333061668025001E-4,1.2886597938144E-3]
[5,"Sureste",96,"Tizapán el Alto",0.464454976303317,0.65258586656138906,0.29066374908825598,0.96435374149659792,0.95341802782819096,0.98703471350899208,3.56462585034013E-2,4.6581972171808796E-2,1.2965286491007899E-2,0.52593996840442303,0.33543887353599094,0.70192073911986297,9.6050552922590012E-3,1.1975259902618701E-2,7.4155117918794002E-3]
[12,"Centro",97,"Tlajomulco de Zúñiga",0.555795509270406,0.74623055035759089,0.37338250676462004,0.96616258027248603,0.96090851630987406,0.97622085147238702,3.3837419727513501E-2,3.9091483690126098E-2,2.3779148527612998E-2,0.43939872782727302,0.249878239470918,0.62093570295580702,4.8057629023196E-3,3.8912101714900001E-3,5.6817902795715004E-3]
[12,"Centro",98,"Tlaquepaque",0.56045289359540396,0.73113606952854093,0.39700055077873897,0.95528340497331299,0.94677585001311004,0.97028758610722998,4.4716595026686304E-2,5.3224149986889201E-2,2.97124138927694E-2,0.43706576530811603,0.26667518732126599,0.600237905816835,2.4813410964791998E-3,2.1887431501924999E-3,2.7615434044245004E-3]
[6,"Sur",99,"Tolimán",0.41795001262307502,0.65097024579560103,0.19595760414099,0.97583811537299892,0.96979332273449903,0.99496855345911894,2.4161884627000897E-2,3.02066772655008E-2,5.0314465408804994E-3,0.57914668013128001,0.34644243208279396,0.80083805767808702,2.9033072456449999E-3,2.5873221216040996E-3,3.2043381809218003E-3]
[8,"Costa Sur",100,"Tomatlán",0.47088523623498196,0.69871102469935908,0.23205254019777999,0.96102371448696799,0.954653200041224,0.9811320754716979,3.89762855130312E-2,4.5346799958775594E-2,1.8867924528301799E-2,0.52509766344807196,0.29876863253402403,0.76236128934853098,4.0171003169455002E-3,2.5203427666161998E-3,5.5861704536876002E-3]
[12,"Centro",101,"Tonalá",0.57624813220744497,0.74850238292053206,0.41309012875536405,0.96667815299793203,0.96071306837548609,0.976915876915877,3.3321847002067501E-2,3.9286931624514201E-2,2.3084123084122998E-2,0.42041590341588803,0.248823847574727,0.58294668058616506,3.3359643766661001E-3,2.6737695047402998E-3,3.9631906584696001E-3]
[7,"Sierra de Amula",102,"Tonaya",0.47578589634664398,0.68621444201312898,0.27734213784564499,0.98660714285714302,0.98278061224489799,0.99553571428571397,1.33928571428571E-2,1.7219387755102001E-2,4.4642857142857002E-3,0.51869158878504595,0.30678336980306303,0.71853074700784103,5.5225148683091998E-3,7.0021881838073993E-3,4.1271151465124998E-3]
[6,"Sur",103,"Tonila",0.45856529346270003,0.65775056397035103,0.26444723618090399,0.98543184183142496,0.98579127878490891,0.98456057007125908,1.45681581685744E-2,1.42087212150906E-2,1.5439429928741E-2,0.53459519643709197,0.33805994199162098,0.72613065326633108,6.8395101002067006E-3,4.1894940380277001E-3,9.4221105527638009E-3]
[1,"Norte",104,"Totatiche",0.37273755656108598,0.53647329121194698,0.213927576601671,0.963581183611532,0.965738758029978,0.95833333333333304,3.64188163884673E-2,3.4261241970021401E-2,4.1666666666666602E-2,0.62386877828054299,0.45950603101665699,0.78328690807799406,3.3936651583709996E-3,4.0206777713957002E-3,2.7855153203341998E-3]
[4,"Ciénega",105,"Tototlán",0.46931837497875201,0.69357266936884698,0.25449301087197601,0.97199082458046604,0.96610452496243093,0.987358326068003,2.8009175419533898E-2,3.3895475037568804E-2,1.26416739319965E-2,0.52586548812963896,0.302142443543717,0.74018193920567998,4.8161368916085001E-3,4.2848870874348001E-3,5.3250499223430007E-3]
[7,"Sierra de Amula",106,"Tuxcacuesco",0.42528382939552001,0.61407766990291202,0.23215394165114803,0.96176046176046204,0.95553359683794392,0.978609625668449,3.8239538239538205E-2,4.4466403162055294E-2,2.1390374331550797E-2,0.571340902117214,0.38349514563106801,0.76350093109869599,3.375268487266E-3,2.4271844660193999E-3,4.3451272501551005E-3]
[5,"Sureste",107,"Tuxcueca",0.47377622377622303,0.68576625738972197,0.27766091712242302,0.99584870848708507,0.99469496021220094,0.99848484848484798,4.1512915129150998E-3,5.3050397877984004E-3,1.5151515151515E-3,0.52600524475524402,0.31423374261027698,0.72191838451829993,2.1853146853146902E-4,0,4.20698359276399E-4]
[6,"Sur",108,"Tuxpan",0.48695421668496996,0.664535209016066,0.32707253886010301,0.97775876817793006,0.97546307433245105,0.98195819581958199,2.22412318220701E-2,2.4536925667548698E-2,1.8041804180417998E-2,0.51209906464195099,0.33498521301254897,0.67156016119746598,9.4671867307909998E-4,4.7957797138518103E-4,1.3672999424293999E-3]
[2,"Altos Norte",109,"Unión de San Antonio",0.514873140857392,0.72652564297671607,0.32022393282015399,0.96998017558765204,0.96145789694176798,0.98776223776223804,3.0019824412347698E-2,3.8542103058232101E-2,1.22377622377622E-2,0.48403324584426899,0.272561253994825,0.67851644506648001,1.0936132983377E-3,9.1310302845830002E-4,1.2596221133659E-3]
[7,"Sierra de Amula",110,"Unión de Tula",0.43387250237868696,0.60223642172523906,0.28062522719011196,0.98508771929824501,0.98143236074270501,0.99222797927461104,1.4912280701754299E-2,1.8567639257294398E-2,7.7720207253886E-3,0.56365366317792498,0.39496805111820998,0.71719374772809796,2.4738344433872001E-3,2.7955271565494998E-3,2.1810250817883999E-3]
[3,"Altos Sur",111,"Valle de Guadalupe",0.53088512241054597,0.73726235741444801,0.32835820895522305,0.98652004256828607,0.98349664775657497,0.99318181818181794,1.3479957431713301E-2,1.6503352243424401E-2,6.8181818181817996E-3,0.46290018832391699,0.26007604562737602,0.66194029850746205,6.2146892655367001E-3,2.6615969581749001E-3,9.7014925373133994E-3]
[5,"Sureste",112,"Valle de Juárez",0.489676208352886,0.68870251603354704,0.30917225950783001,0.97077144226161904,0.96418338108882495,0.98408104196816193,2.9228557738380401E-2,3.58166189111747E-2,1.5918958031837901E-2,0.50516189582355697,0.30587074494326599,0.68590604026845592,5.1618958235570001E-3,5.4267390231868993E-3,4.9217002237135999E-3]
[6,"Sur",113,"San Gabriel",0.46023840627041102,0.66875211362867704,0.26555099463214399,0.97782508426467996,0.97522123893805301,0.98394768133174793,2.21749157353202E-2,2.4778761061946902E-2,1.6052318668251998E-2,0.53682233834095294,0.32803517078119698,0.73176507736027796,2.9392553886348001E-3,3.2127155901250999E-3,2.6839280075781004E-3]
[11,"Lagunas",114,"Villa Corona",0.44890457285693203,0.63955440256371099,0.271669740388707,0.97248607926629504,0.96564065855404391,0.98746736292428194,2.7513920733704501E-2,3.43593414459556E-2,1.2532637075718001E-2,0.54352301132186398,0.35388371738135199,0.71981841395942692,7.5724158212027003E-3,6.5618800549365995E-3,8.5118456518654996E-3]
[1,"Norte",115,"Villa Guerrero",0.34220251293422005,0.49922640536358898,0.19858490566037698,0.93376529877609793,0.91219008264462798,0.98337292161520196,6.6234701223902098E-2,8.78099173553719E-2,1.66270783847981E-2,0.64991377186499089,0.494584837545126,0.79198113207547094,7.8837152007883004E-3,6.1887570912840997E-3,9.4339622641508997E-3]
[2,"Altos Norte",116,"Villa Hidalgo",0.47313737094759001,0.66074403109383595,0.304260902161689,0.94384989576094502,0.93298319327731094,0.96509240246406502,5.61501042390549E-2,6.7016806722689004E-2,3.4907597535934198E-2,0.52140461629512702,0.33606329816768399,0.68824190928401807,5.4580127572827998E-3,3.1926707384786002E-3,7.4971885542921002E-3]
[3,"Altos Sur",117,"Cañadas de Obregón",0.42922935216456798,0.62349206349206299,0.24732461355529101,0.984978540772532,0.98065173116089599,0.99519230769230804,1.5021459227467799E-2,1.9348268839103799E-2,4.8076923076923002E-3,0.56984955480503496,0.37650793650793601,0.75089179548156904,9.2109303039599995E-4,0,1.7835909631391E-3]
[3,"Altos Sur",118,"Yahualica de González Gallo",0.430531248235759,0.60623127621330097,0.27401793339026403,0.95135064253868296,0.93437438228898995,0.98480716790027301,4.8649357461316496E-2,6.5625617711010109E-2,1.5192832099727301E-2,0.56636368768700895,0.39089275014979002,0.72267292912041003,3.1050640772313999E-3,2.8759736369083E-3,3.3091374893253001E-3]
[11,"Lagunas",119,"Zacoalco de Torres",0.43661197176643102,0.639632107023411,0.23891803871901501,0.97239134998950205,0.966739288307916,0.98712608860280193,2.7608650010497501E-2,3.3260711692084201E-2,1.2873911397197998E-2,0.56164634705289207,0.35860274990709695,0.75936312647005588,1.7416811806765002E-3,1.7651430694907999E-3,1.7188348109280999E-3]
[12,"Centro",120,"Zapopan",0.56467966185640006,0.71651262996846399,0.423115272506286,0.96471121827419593,0.95867241886459398,0.97424584489023602,3.5288781725803603E-2,4.1327581135405397E-2,2.5754155109763702E-2,0.432760156454501,0.28083726230992601,0.57440839007136002,2.5601816890984002E-3,2.6501077216098002E-3,2.4763374223528999E-3]
[6,"Sur",121,"Zapotiltic",0.48786734383817298,0.67600684746373507,0.31295024292176199,0.98469614734407007,0.98107423697187801,0.99197002141327606,1.5303852655930199E-2,1.8925763028121999E-2,8.0299785867236993E-3,0.50879020705820999,0.32129020632489402,0.68311274920422094,3.3424491036158997E-3,2.7029462113703001E-3,3.9370078740157003E-3]
[6,"Sur",122,"Zapotitlán de Vadillo",0.44586340921710099,0.64751098096632509,0.23961063272182698,0.94105437941054304,0.92707744488411503,0.97968750000000004,5.8945620589456196E-2,7.2922555115884607E-2,2.0312500000000001E-2,0.55265593188968998,0.35029282576866699,0.75964058405091706,1.4806588932073999E-3,2.1961932650072999E-3,7.4878322725570009E-4]
[4,"Ciénega",123,"Zapotlán del Rey",0.44997796386073097,0.70613515115589809,0.19822312845907303,0.93601044727391391,0.93137460650577097,0.95224099926524597,6.3989552726085502E-2,6.8625393494228706E-2,4.7759000734753795E-2,0.54576171588071098,0.28927089508002302,0.79784445091756395,4.2603202585573003E-3,4.5939537640782005E-3,3.9324206233613997E-3]
[12,"Centro",124,"Zapotlanejo",0.54251778746844104,0.73212463699866503,0.36224908588911198,0.95794112462541803,0.94698756432247,0.978988567308682,4.2058875374581299E-2,5.3012435677529994E-2,2.1011432691317302E-2,0.45321704536760699,0.2650890824896,0.63207969554510801,4.2651671639506996E-3,2.7862805117336996E-3,5.6712185657785998E-3]
[3,"Altos Sur",125,"San Ignacio Cerro Gordo",0.48310690660786698,0.72902735562309995,0.26674689129562701,0.97703180212014107,0.97081509276631195,0.99197994987468707,2.2968197879858598E-2,2.9184907233687701E-2,8.0200501253131998E-3,0.51525713066363199,0.26930091185410299,0.73164861612514998,1.6359627285013E-3,1.6717325227963002E-3,1.6044925792218002E-3]

{"sheet":"PNEA","index":31,"n_rows":139,"n_cols":17,"rows_kept":139,"cut":false,"hidden":true,"merged":[]}
["Clave","Región","Clave","Municipio","Estudiantes","Personas dedicadas a los quehaceres del hogar","Pensionados o jubilados","Personas con alguna limitación física o mental permanente que les impide trabajar","Personas en otras actividades no económicas"]
[null,null,14,"Jalisco",0.34399223925439992,0.52013439178709509,5.9976797089389876E-2,2.6404466064503761E-2,4.949210580461133E-2,null,{"$f":"VLOOKUP(Datos!E141,C2:I139,1,FALSE)","v":1},null,{"$f":"VLOOKUP(DatosR!F142,C2:I14,1,FALSE)","v":14}]
[1,"Norte",1,"Norte",0.28224780369584973,0.54859133595880039,1.2238715540745229E-2,4.3895789154801565E-2,0.1130263556498031,null,null,null,null,null,"max","min","val"]
[2,"Altos Norte",2,"Altos Norte",0.30081288608336021,0.5901793153142334,2.6105427497016415E-2,3.5082452018704635E-2,4.7819919086685328E-2,null,{"$f":"VLOOKUP(K$2,C$15:I$139,3,FALSE)","v":0.22703207723450639},null,{"$f":"VLOOKUP(M$2,C$2:I$14,3,FALSE)","v":0.34399223925439992},null,{"$f":"IF(M4=MAX(M4:M8), M4, NA())","v":{"$error":"#N/A"}},{"$f":"IF(M4=MIN($M$4:$M$8), M4, NA())","v":{"$error":"#N/A"}},{"$f":"IF(AND(ISNA(O4), ISNA(P4)), M4, NA())","v":0.34399223925439992}]
[3,"Altos Sur",3,"Altos Sur",0.27615995212146027,0.59847387154691778,2.9388603647588753E-2,4.1051122940750313E-2,5.4926449743282833E-2,null,{"$f":"VLOOKUP(K$2,C$15:I$139,4,FALSE)","v":0.64761756462161335},null,{"$f":"VLOOKUP(M$2,C$2:I$14,4,FALSE)","v":0.52013439178709509},null,{"$f":"IF(M5=MAX(M4:M8), M5, NA())","v":0.52013439178709509},{"$f":"IF(M5=MIN($M$4:$M$8), M5, NA())","v":{"$error":"#N/A"}},{"$f":"IF(AND(ISNA(O5), ISNA(P5)), M5, NA())","v":{"$error":"#N/A"}}]
[4,"Ciénega",4,"Ciénega",0.2840192118764327,0.56614452570680052,5.1659207510097144E-2,3.318415020194302E-2,6.4992904704726559E-2,null,{"$f":"VLOOKUP(K$2,C$15:I$139,5,FALSE)","v":2.1644347555278731E-2},null,{"$f":"VLOOKUP(M$2,C$2:I$14,5,FALSE)","v":5.9976797089389876E-2},null,{"$f":"IF(M6=MAX(M4:M8), M6, NA())","v":{"$error":"#N/A"}},{"$f":"IF(M6=MIN($M$4:$M$8), M6, NA())","v":{"$error":"#N/A"}},{"$f":"IF(AND(ISNA(O6), ISNA(P6)), M6, NA())","v":5.9976797089389876E-2}]
[5,"Sureste",5,"Sureste",0.25090601332436363,0.59779518673639898,4.5420021266899591E-2,4.4334975369458129E-2,6.1543803302879709E-2,null,{"$f":"VLOOKUP(K$2,C$15:I$139,6,FALSE)","v":5.0295857988165688E-2},null,{"$f":"VLOOKUP(M$2,C$2:I$14,6,FALSE)","v":2.6404466064503761E-2},null,{"$f":"IF(M7=MAX(M4:M8), M7, NA())","v":{"$error":"#N/A"}},{"$f":"IF(M7=MIN($M$4:$M$8), M7, NA())","v":2.6404466064503761E-2},{"$f":"IF(AND(ISNA(O7), ISNA(P7)), M7, NA())","v":{"$error":"#N/A"}}]
[6,"Sur",6,"Sur",0.3227684399812788,0.539326857546372,5.1409427935658156E-2,3.6325716209447641E-2,5.0169558327243464E-2,null,{"$f":"VLOOKUP(K$2,C$15:I$139,7,FALSE)","v":5.3410152600436002E-2},null,{"$f":"VLOOKUP(M$2,C$2:I$14,7,FALSE)","v":4.949210580461133E-2},null,{"$f":"IF(M8=MAX(M4:M8), M8, NA())","v":{"$error":"#N/A"}},{"$f":"IF(M8=MIN($M$4:$M$8), M8, NA())","v":{"$error":"#N/A"}},{"$f":"IF(AND(ISNA(O8), ISNA(P8)), M8, NA())","v":4.949210580461133E-2}]
[7,"Sierra de Amula",7,"Sierra de Amula",0.27106612330747998,0.54626002366241622,3.3022216379650325E-2,5.4581306691205471E-2,9.5070329959248065E-2]
[9,"Costa Norte",8,"Costa Norte",0.38657804706668358,0.49227650236715698,4.4221487565226397E-2,2.4086254362825844E-2,5.2837708638107196E-2]
[10,"Costa Sur",9,"Costa Sur",0.32003286770747741,0.5399178307313065,4.4765817584223502E-2,3.8898931799506986E-2,5.6384552177485621E-2]
[10,"Sierra Occidental",10,"Sierra Occidental",0.27276034928848641,0.57915588615782665,2.4296571798188876E-2,5.3606080206985769E-2,7.0181112548512295E-2]
[11,"Valles",11,"Valles",0.30515341441311084,0.54263542277493892,5.98122015672716E-2,3.4490636732642355E-2,5.7908324512036306E-2]
[12,"Centro",12,"Centro",0.37304002019066795,0.49311174725968854,7.2131440132856828E-2,1.9268283500403674E-2,4.2448508916383035E-2]
[3,"Altos Sur",1,"Acatic",0.22703207723450639,0.64761756462161335,2.1644347555278731E-2,5.0295857988165688E-2,5.3410152600436002E-2]
[12,"Centro",2,"Acatlán de Juárez",0.425414364640884,0.44886896695507139,6.8174710726571455E-2,1.1466694464713854E-2,4.6075263212759301E-2]
[11,"Valles",3,"Ahualulco de Mercado",0.33317061264339753,0.50158652672687332,7.6031242372467653E-2,3.6856236270441788E-2,5.2355381986819625E-2]
[6,"Sur",4,"Amacueca",0.29170931422722618,0.57727737973387927,2.0470829068577282E-2,6.6018423746161722E-2,4.4524053224155577E-2]
[11,"Valles",5,"Amatitán",0.31656860884418297,0.55456443347883844,3.2074397418865058E-2,3.9286392104763715E-2,5.7506168153349781E-2]
[11,"Valles",6,"Ameca",0.28573316884032429,0.55617729996475151,8.0278463165315478E-2,3.4191046880507579E-2,4.3620021149101164E-2]
[11,"Valles",7,"San Juanito de Escobedo",0.29869762174405434,0.5305775764439411,4.7281993204983011E-2,4.1053227633069088E-2,8.2389580973952437E-2]
[3,"Altos Sur",8,"Arandas",0.30972575020450338,0.59822620226460588,2.0880871399664182E-2,3.9910449046368451E-2,3.1256727084858139E-2]
[11,"Valles",9,"El Arenal",0.32337662337662337,0.5316558441558441,5.2435064935064932E-2,3.3928571428571426E-2,5.8603896103896103E-2]
[6,"Sur",10,"Atemajac de Brizuela",0.30109335576114382,0.59419680403700592,5.0462573591253156E-3,4.6257359125315388E-2,5.3406223717409586E-2]
[7,"Sierra de Amula",11,"Atengo",0.25254394079555964,0.60360777058279369,1.4801110083256247E-2,6.66049953746531E-2,6.2442183163737279E-2]
[10,"Sierra Occidental",12,"Atenguillo",0.24304372515616127,0.57240204429301533,3.0664395229982967E-2,6.8710959681998862E-2,8.5178875638841578E-2]
[4,"Ciénega",13,"Atotonilco el Alto",0.28188244407862884,0.60443497627578191,3.1325651205577613E-2,3.3843323327200539E-2,4.8513605112811081E-2]
[6,"Sur",14,"Atoyac",0.22299651567944254,0.62686094393411462,1.8055115616091227E-2,6.9052898321191006E-2,6.3034526449160591E-2]
[10,"Costa Sur",15,"Autlán de Navarro",0.34382191095547776,0.50855427713856927,6.1330665332666331E-2,3.9019509754877439E-2,4.7273636818409202E-2]
[4,"Ciénega",16,"Ayotlán",0.23432792999569646,0.63104289198106445,1.3699612681107445E-2,4.5187204131401523E-2,7.5742361210730164E-2]
[10,"Sierra Occidental",17,"Ayutla",0.26027667984189723,0.58853754940711467,2.6284584980237155E-2,4.7233201581027666E-2,7.7667984189723316E-2]
[4,"Ciénega",18,"La Barca",0.28728382502543237,0.58319430315361143,2.6693794506612408E-2,3.8290946083418105E-2,6.4537131230925734E-2]
[1,"Norte",19,"Bolaños",0.29097796143250687,0.50309917355371903,9.9862258953168047E-3,1.6528925619834711E-2,0.17940771349862261]
[9,"Costa Norte",20,"Cabo Corrientes",0.29436981994855671,0.57987996570448697,2.2577879394112602E-2,4.3726779079737065E-2,5.9445555873106605E-2]
[10,"Costa Sur",21,"Casimiro Castillo",0.28117135666895449,0.53008464882177986,6.9320521619766651E-2,3.6719286204529855E-2,8.2704186684969108E-2]
[10,"Costa Sur",22,"Cihuatlán",0.33541531473069436,0.53885463984425697,4.2504866969500323E-2,3.0337443218689163E-2,5.2887735236859183E-2]
[6,"Sur",23,"Zapotlán el Grande",0.3890704429920116,0.46196441539578792,8.0367949648995407E-2,2.9109174534011135E-2,3.9488017429193903E-2]
[11,"Valles",24,"Cocula",0.27190709281121028,0.58690853248872255,5.6435358479700548E-2,3.8871292830405989E-2,4.5877723389960649E-2]
[1,"Norte",25,"Colotlán",0.36019501003728133,0.48838543160309716,2.0934901061084026E-2,5.4918267852021793E-2,7.5566389446515628E-2]
[5,"Sureste",26,"Concepción de Buenos Aires",0.23543015726179464,0.63459759481961142,1.6188714153561518E-2,6.2442183163737279E-2,5.1341350601295098E-2]
[10,"Costa Sur",27,"Cuautitlán de García Barragán",0.31937406855439643,0.59239940387481371,1.3263785394932937E-2,2.8464977645305513E-2,4.6497764530551419E-2]
[10,"Sierra Occidental",28,"Cuautla",0.20039682539682541,0.57539682539682535,5.9523809523809521E-3,3.1746031746031744E-2,0.18650793650793651]
[12,"Centro",29,"Cuquío",0.22479403687720675,0.61788936837975672,6.9308225447888058E-3,5.0215770890545318E-2,0.10017000130770237]
[4,"Ciénega",30,"Chapala",0.2895795448283463,0.42585551330798471,0.16344299333223122,2.5073014823386787E-2,9.6048933708050926E-2]
[1,"Norte",31,"Chimaltitán",0.22543701024713683,0.51778179626280896,3.0138637733574444E-3,7.6552139843279091E-2,0.17721518987341769]
[7,"Sierra de Amula",32,"Chiquilistlán",0.25311526479750779,0.48792834890965731,2.7258566978193145E-3,3.5825545171339561E-2,0.22040498442367601]
[4,"Ciénega",33,"Degollado",0.22029057494101578,0.63218676269713148,1.6267229603874334E-2,3.4521296411275298E-2,9.6734136346703095E-2]
[7,"Sierra de Amula",34,"Ejutla",0.2215508559919436,0.52165156092648535,4.6324269889224577E-2,4.9345417925478349E-2,0.16112789526686808]
[2,"Altos Norte",35,"Encarnación de Díaz",0.25365723438334226,0.63625200213561128,2.07688200747464E-2,3.9348638547784302E-2,4.9973304858515748E-2]
[11,"Valles",36,"Etzatlán",0.33899272364103294,0.51105721215579969,4.380082750749037E-2,3.581110001426737E-2,7.0338136681409619E-2]
[7,"Sierra de Amula",37,"El Grullo",0.31811611659841005,0.52204288123343767,4.962659600096362E-2,5.0710672127198271E-2,5.9503734039990361E-2]
[10,"Sierra Occidental",38,"Guachinango",0.20533333333333334,0.59413333333333329,4.7999999999999996E-3,7.7333333333333337E-2,0.11840000000000001]
[12,"Centro",39,"Guadalajara",0.35967718761446255,0.46248257132854531,0.10917785238294712,2.3247672298480036E-2,4.5414716375564851E-2]
[11,"Valles",40,"Hostotipaquillo",0.25761624799572419,0.63522180652057725,6.6809192944949228E-3,3.5542490646712985E-2,6.4938535542490641E-2]
[1,"Norte",41,"Huejúcar",0.24367088607594936,0.6040787623066104,1.8987341772151899E-2,5.8016877637130794E-2,7.5246132208157526E-2]
[1,"Norte",42,"Huejuquilla el Alto",0.28700310121229206,0.57879898505779537,5.3566394135889485E-3,5.1029038624189456E-2,7.7812235692134205E-2]
[10,"Costa Sur",43,"La Huerta",0.30570071258907361,0.55914489311163895,2.7672209026128266E-2,5.1187648456057007E-2,5.6294536817102135E-2]
[12,"Centro",44,"Ixtlahuacán de los Membrillos",0.3341700897611441,0.55134641716111366,3.8871139510117149E-2,2.2288148486231552E-2,5.3324205081393579E-2]
[12,"Centro",45,"Ixtlahuacán del Río",0.24169602415702063,0.61336185203824867,8.6814292903875188E-3,5.0452944136889784E-2,8.5807750377453432E-2]
[3,"Altos Sur",46,"Jalostotitlán",0.2700135685210312,0.59604574529947663,2.5586353944562899E-2,3.5375072688505524E-2,7.297925954642373E-2]
[4,"Ciénega",47,"Jamay",0.27419165196942974,0.56402116402116398,3.292181069958848E-2,4.0564373897707229E-2,8.8300999412110504E-2]
[3,"Altos Sur",48,"Jesús María",0.20761931737714204,0.64254354907236932,1.6003398951989802E-2,5.1550771845347683E-2,8.2282962753151112E-2]
[5,"Sureste",49,"Jilotlán de los Dolores",0.21865732003235375,0.61202480452952279,4.3138312213534648E-3,6.1472094904286873E-2,0.10353194931248315]
[4,"Ciénega",50,"Jocotepec",0.28721879925490756,0.56010889812294029,4.4418971199312221E-2,3.3457515403352914E-2,7.4795816019487038E-2]
[12,"Centro",51,"Juanacatlán",0.330899228040893,0.53745044857083246,6.5094930106405172E-2,2.3784686000417277E-2,4.2770707281452117E-2]
[7,"Sierra de Amula",52,"Juchitlán",0.24216027874564461,0.57621951219512191,2.1777003484320559E-2,5.6620209059233456E-2,0.10322299651567944]
[2,"Altos Norte",53,"Lagos de Moreno",0.33897251370546899,0.55929617000433296,3.7979691415007254E-2,2.8277538102145776E-2,3.547408677304497E-2]
[7,"Sierra de Amula",54,"El Limón",0.24710743801652893,0.51115702479338843,5.9917355371900828E-2,6.7355371900826452E-2,0.11446280991735538]
[11,"Valles",55,"Magdalena",0.32405190878165546,0.53559279324681874,2.0284742345974549E-2,3.641174247196674E-2,8.3658813153584463E-2]
[5,"Sureste",56,"Santa María del Oro",0.23957409050576753,0.57409050576752441,1.7746228926353151E-3,4.0816326530612249E-2,0.14374445430346053]
[5,"Sureste",57,"La Manzanilla de la Paz",0.21645021645021642,0.58441558441558439,2.813852813852814E-2,6.2770562770562768E-2,0.10822510822510821]
[10,"Sierra Occidental",58,"Mascota",0.3028057173107464,0.54561496382565733,4.3762131639315333E-2,5.6820187047820714E-2,5.0997000176460208E-2]
[5,"Sureste",59,"Mazamitla",0.28202923473774721,0.58147033533963888,2.4290627687016338E-2,3.2674118658641442E-2,7.9535683576956145E-2]
[3,"Altos Sur",60,"Mexticacán",0.18766653977921582,0.64217738865626184,9.1358964598401218E-3,6.8899885801294247E-2,9.2120289303387892E-2]
[1,"Norte",61,"Mezquitic",0.31325117906587557,0.60292104062072116,6.5419138901567017E-3,1.5061615700593339E-2,6.2224250722653279E-2]
[10,"Sierra Occidental",62,"Mixtlán",0.21157684630738521,0.6014637391882901,1.1976047904191617E-2,7.5182967398536263E-2,9.9800399201596821E-2]
[4,"Ciénega",63,"Ocotlán",0.32885681222973384,0.52146902978256893,8.5388878738047402E-2,2.5245142822339969E-2,3.9040136427309823E-2]
[2,"Altos Norte",64,"Ojuelos de Jalisco",0.26876513317191281,0.59994619316653219,5.4703614025647914E-3,3.5960900367680029E-2,8.985741189131019E-2]
[5,"Sureste",65,"Pihuamo",0.24487823734054889,0.59393119443370701,3.8848086586780052E-2,5.1990722844994203E-2,7.0351758793969849E-2]
[4,"Ciénega",66,"Poncitlán",0.30542099192618222,0.56828143021914646,3.7427912341407153E-2,2.9584775086505189E-2,5.928489042675894E-2]
[9,"Costa Norte",67,"Puerto Vallarta",0.40351175304446335,0.47160860945907673,5.0240725007080149E-2,1.8847352024922118E-2,5.5791560464457664E-2]
[10,"Costa Sur",68,"Villa Purificación",0.27703862660944206,0.58540772532188845,9.8712446351931337E-3,5.793991416309012E-2,6.974248927038626E-2]
[5,"Sureste",69,"Quitupan",0.1875,0.66486625514403297,1.1574074074074075E-2,5.7613168724279837E-2,7.8446502057613166E-2]
[12,"Centro",70,"El Salto",0.35530802455103433,0.55087519890884296,4.7056149124801092E-2,1.4003182541486702E-2,3.2757444873834959E-2]
[12,"Centro",71,"San Cristóbal de la Barranca",0.22493036211699163,0.56615598885793872,6.267409470752089E-3,5.2228412256267412E-2,0.15041782729805014]
[2,"Altos Norte",72,"San Diego de Alejandría",0.24585987261146497,0.56942675159235667,1.4861995753715501E-2,5.6900212314225061E-2,0.11295116772823781]
[2,"Altos Norte",73,"San Juan de los Lagos",0.31076803194857061,0.5939219792529099,2.2987386158866214E-2,3.5357716846052697E-2,3.6964885793600542E-2]
[3,"Altos Sur",74,"San Julián",0.2437637564196625,0.62362435803374905,1.5223771093176817E-2,5.8143800440205423E-2,5.9244314013206158E-2]
[11,"Valles",75,"San Marcos",0.31155778894472363,0.49685929648241206,2.0728643216080402E-2,4.2713567839195977E-2,0.12814070351758794]
[1,"Norte",76,"San Martín de Bolaños",0.19721577726218098,0.53828306264501158,9.8607888631090483E-3,3.0162412993039442E-2,0.22447795823665892]
[11,"Valles",77,"San Martín Hidalgo",0.28092261642750244,0.54036446870323096,6.9548375737300813E-2,4.525046218857294E-2,6.3914076943392906E-2]
[3,"Altos Sur",78,"San Miguel el Alto",0.28583028826634188,0.59754364596021114,2.466504263093788E-2,4.7401542833942351E-2,4.4559480308566796E-2]
[6,"Sur",79,"Gómez Farías",0.31128697946108913,0.55379687205577544,3.0902581496137178E-2,3.8062935745242131E-2,6.5950631241756166E-2]
[10,"Sierra Occidental",80,"San Sebastián del Oeste",0.27231025854879065,0.61092577147623017,8.7572977481234354E-3,6.8390325271059219E-2,3.9616346955796494E-2]
[1,"Norte",81,"Santa María de los Ángeles",0.21414038657171922,0.57629704984740593,5.5951169888097648E-3,3.4587995930824011E-2,0.1693794506612411]
[6,"Sur",82,"Sayula",0.34991146354607744,0.54130418046038953,4.473015628608823E-2,2.9794441450458078E-2,3.4259758256986683E-2]
[11,"Valles",83,"Tala",0.29580933465739823,0.53426017874875864,7.6901688182720959E-2,2.6057596822244289E-2,6.6971201588877857E-2]
[10,"Sierra Occidental",84,"Talpa de Allende",0.31625183016105418,0.5829062957540263,2.049780380673499E-2,3.4773060029282578E-2,4.5571010248901894E-2]
[5,"Sureste",85,"Tamazula de Gordiano",0.26967250771149176,0.58003544004725338,8.1052700662860133E-2,3.4258712344949795E-2,3.4980639233444903E-2]
[6,"Sur",86,"Tapalpa",0.29456538285888262,0.64043233368853703,1.4766326685949153E-2,1.9942152534632364E-2,3.0293804231998778E-2]
[5,"Sureste",87,"Tecalitlán",0.26683898433936443,0.59084689067964113,5.7625057016876993E-2,4.3180781511327343E-2,4.1508286452790026E-2]
[7,"Sierra de Amula",88,"Tecolotlán",0.28201892744479495,0.5927444794952681,3.0126182965299685E-2,4.7634069400630911E-2,4.747634069400631E-2]
[6,"Sur",89,"Techaluta de Montenegro",0.24297043979812544,0.55515501081470797,3.6770007209805333E-2,5.9120403749098764E-2,0.10598413842826243]
[7,"Sierra de Amula",90,"Tenamaxtlán",0.25567219776498479,0.54927192685404669,3.8266169996613614E-2,4.6054859464950901E-2,0.110734845919404]
[2,"Altos Norte",91,"Teocaltiche",0.27113173290296549,0.6086342545894694,2.1989106314303005E-2,4.5255867123932488E-2,5.2989039069329565E-2]
[6,"Sur",92,"Teocuitatlán de Corona",0.21701546860782531,0.64058234758871702,2.4340309372156504E-2,5.5277525022747943E-2,6.2784349408553236E-2]
[3,"Altos Sur",93,"Tepatitlán de Morelos",0.30303170135203727,0.56997831202990168,4.4829495639333673E-2,3.1378339716672053E-2,5.0782151262055278E-2]
[11,"Valles",94,"Tequila",0.35460114254250125,0.54139995870328306,3.6478766604721588E-2,2.7599972468855392E-2,3.9920159680638723E-2]
[11,"Valles",95,"Teuchitlán",0.29989183342347214,0.5083829096809086,0.10275824770146025,4.678204434829638E-2,4.2184964845862628E-2]
[4,"Ciénega",96,"Tizapán el Alto",0.25427623181005871,0.63275465917794227,1.7743170793974982E-2,3.7273423538422265E-2,5.7952514679601733E-2]
[12,"Centro",97,"Tlajomulco de Zúñiga",0.35195019227247765,0.57390500606028894,2.9263783887479178E-2,1.3149519100810074E-2,3.1731498678944203E-2]
[12,"Centro",98,"Tlaquepaque",0.36527710972155414,0.52217946662391101,5.3423120089786759E-2,1.5963871519427075E-2,4.3156432045320943E-2]
[6,"Sur",99,"Tolimán",0.28092577813248204,0.60627826549614261,7.1827613727055064E-3,5.3471667996807665E-2,5.2141527001862198E-2]
[9,"Costa Norte",100,"Tomatlán",0.31778793130612887,0.58311013077044271,1.6700803529226406E-2,4.7817866708681267E-2,3.4583267685520717E-2]
[12,"Centro",101,"Tonalá",0.37236632984850471,0.52900864645757695,3.6291792426694662E-2,1.8758292871411283E-2,4.357493839581237E-2]
[7,"Sierra de Amula",102,"Tonaya",0.22484689413823272,0.59186351706036744,2.5371828521434821E-2,8.0489938757655283E-2,7.7427821522309717E-2]
[6,"Sur",103,"Tonila",0.27145776566757496,0.56607629427792916,7.3910081743869205E-2,3.4059945504087197E-2,5.4495912806539509E-2]
[1,"Norte",104,"Totatiche",0.21569506726457399,0.53811659192825112,9.8654708520179366E-3,6.1434977578475339E-2,0.17488789237668162]
[4,"Ciénega",105,"Tototlán",0.24753799392097264,0.61920972644376904,2.5167173252279636E-2,2.8936170212765958E-2,7.9148936170212764E-2]
[7,"Sierra de Amula",106,"Tuxcacuesco",0.20211693548387097,0.50856854838709675,3.0241935483870967E-3,5.7459677419354843E-2,0.22883064516129031]
[4,"Ciénega",107,"Tuxcueca",0.28440366972477066,0.5508955875928353,3.9755351681957186E-2,4.8929663608562685E-2,7.6015727391874177E-2]
[6,"Sur",108,"Tuxpan",0.34295916783108216,0.51428349635149817,7.0641204781866168E-2,3.2836516068933397E-2,3.9279614966620087E-2]
[2,"Altos Norte",109,"Unión de San Antonio",0.24282770645110163,0.6501822792835632,1.6008876208590903E-2,4.3905531779996829E-2,4.7075606276747506E-2]
[7,"Sierra de Amula",110,"Unión de Tula",0.28633746292095619,0.53481067876461352,3.4199965102076429E-2,5.9500959692898273E-2,8.5150933519455588E-2]
[3,"Altos Sur",111,"Valle de Guadalupe",0.26578225068618483,0.57639524245196705,3.4309240622140899E-2,3.9341262580054895E-2,8.4172003659652328E-2]
[5,"Sureste",112,"Valle de Juárez",0.2305209774089442,0.62747810050714614,1.2909174734900875E-2,4.4260027662517291E-2,8.4831719686491475E-2]
[6,"Sur",113,"San Gabriel",0.27139409689994431,0.62539446816409872,1.9305736031186189E-2,3.5826990904028216E-2,4.8078708000742522E-2]
[12,"Centro",114,"Villa Corona",0.26270818247646632,0.535264301230992,7.9652425778421437E-2,2.939898624185373E-2,9.2976104272266477E-2]
[1,"Norte",115,"Villa Guerrero",0.22170722286597142,0.53611432985708762,2.2402471996910003E-2,7.3001158748551565E-2,0.14677481653147934]
[2,"Altos Norte",116,"Villa Hidalgo",0.29230521051782543,0.58799806420390388,1.2421358283594128E-2,3.6296176802710113E-2,7.097919019196644E-2]
[3,"Altos Sur",117,"Cañadas de Obregón",0.16117647058823528,0.62470588235294122,1.9411764705882354E-2,8.6470588235294119E-2,0.10823529411764704]
[3,"Altos Sur",118,"Yahualica de González Gallo",0.22975929978118162,0.61349763906483934,3.1555913854658529E-2,5.0328227571115977E-2,7.4858919728204534E-2]
[6,"Sur",119,"Zacoalco de Torres",0.28080752717639534,0.57193751712798024,3.0419292956974514E-2,4.3208184890837671E-2,7.3627477847812192E-2]
[12,"Centro",120,"Zapopan",0.41560598679505384,0.46163672923641413,6.854859606753802E-2,1.5780636200623969E-2,3.8428051700370031E-2]
[6,"Sur",121,"Zapotiltic",0.28688593187714451,0.53535860741484642,7.2893129132144949E-2,3.5149384885764502E-2,6.9712946690099586E-2]
[6,"Sur",122,"Zapotitlán de Vadillo",0.29285193289569655,0.56163384390955506,1.2399708242159009E-2,5.4704595185995623E-2,7.8409919766593728E-2]
[4,"Ciénega",123,"Zapotlán del Rey",0.25437317784256558,0.64023323615160355,1.2244897959183675E-2,4.0962099125364429E-2,5.2186588921282799E-2]
[12,"Centro",124,"Zapotlanejo",0.28647041032362131,0.60671438653090026,2.5052928722653495E-2,4.0074604294787791E-2,4.1687670128037098E-2]
[3,"Altos Sur",125,"San Ignacio Cerro Gordo",0.2522066034651847,0.64253023864007841,9.1533180778032037E-3,3.9065053939195814E-2,5.7044785877737827E-2]

{"sheet":"Sit cony","index":32,"n_rows":139,"n_cols":11,"rows_kept":139,"cut":false,"hidden":true,"merged":[]}
["Clave","Región","Clave","Municipio","En unión libre","Casada","Separada","Divorciada","Viuda","Soltera","No especificado"]
[null,null,14,"Jalisco",9.7688016692010571,43.624042665690155,3.0528012064151353,1.5101274066940327,4.2187225738970717,37.605536995661566,0.21996748244098668]
[1,"Norte",null,{"$f":"+B3","v":"Norte"},19.467876877240997,34.617449896935788,2.615579151582339,0.52138365869290326,5.6520760076908418,36.768807053402853,0.35682735445427938]
[2,"Altos Norte",null,"Altos Norte",5.4435085640113998,48.558791162278844,1.9212590648720336,0.6733401055334518,4.1356274161234792,39.066071277406245,0.20140240977454216]
[3,"Altos Sur",null,"Altos Sur",4.4175659941261314,48.816015849017255,1.7232330604938915,0.6961750343221591,4.1791356029404101,39.990268147298544,0.17760631180160924]
[4,"Ciénega",null,"Ciénega",8.2528734424576076,48.158790527620774,2.5553676115231871,0.93216154314891464,4.6077514656132461,35.316026139396108,0.17702927024017145]
[5,"Sureste",null,"Sureste",7.9809694417625368,47.298381937254987,2.3450859050565915,0.8759175032279829,5.6835762560052112,35.719520281038072,9.6548675654611657E-2]
[6,"Sur",null,"Sur",8.1985907074774289,46.140174274119978,2.3361068294063982,1.0750574097958412,5.3454024977193368,36.694689987102457,0.20997829437855864]
[7,"Sierra de Amula",null,"Sierra de Amula",9.4413783820164223,45.14066496163683,2.4727419571947773,0.79149279849239462,5.6939022748687576,36.36020998788532,9.9609637905505463E-2]
[8,"Costa Sur",null,"Costa Sur",15.689635115747025,39.934855946333705,3.2959789057350033,1.110551010120594,4.6942494862150523,35.132808561789908,0.14192097405870718]
[9,"Costa Norte",null,"Costa Norte",20.245497427101199,34.588961549456833,4.4373570611778153,1.581260720411664,2.9959083762149801,35.942860205831906,0.20815465980560319]
[10,"Sierra Occidental",null,"Sierra Occidental",12.496320901484253,41.920699659420599,2.1801286633309505,0.67064710087036961,5.6195601900517183,36.990707648320232,0.12193583652188539]
[11,"Valles",null,"Valles",9.1989054321006645,47.094859989085066,2.3874493647047972,0.76289230343512915,4.9516898929260478,35.44778127089787,0.15642174685042698]
[12,"Centro",null,"Centro",9.8467742633877666,42.616153364297944,3.3638360704007018,1.8672293796205151,3.9985046923216818,38.063894092957334,0.24360813701406109]
[3,"Altos Sur",1,"Acatic",7.0588235294117645,48.113146898103501,2.423657987785278,0.40501446480231434,3.8829958212793314,37.994214079074254,0.12214721954355513]
[12,"Centro",2,"Acatlán de Juárez",8.6034772854739199,44.189568143578242,2.3499719573752103,0.85249579360628158,4.038137969713965,39.80370162647224,0.16264722378014582]
[11,"Valles",3,"Ahualulco de Mercado",8.2044182266899419,48.666706795882739,2.0947450791548787,1.0172756275206163,5.032203695900801,34.864262926623731,0.12038764822729188]
[6,"Sur",4,"Amacueca",8.0467836257309937,42.877192982456144,1.9883040935672516,0.51461988304093564,6.6198830409356733,39.76608187134503,0.18713450292397663]
[11,"Valles",5,"Amatitán",8.6992928917007806,47.20878302940082,2.4841831038332716,0.55824339411983626,4.5868998883513212,36.295124674358021,0.16747301823595087]
[11,"Valles",6,"Ameca",8.6784160927872414,48.43240304458137,2.5303552011598405,0.93783979702790865,5.332548024646611,34.006886553098944,8.1551286698079012E-2]
[11,"Valles",7,"San Juanito de Escobedo",10.187265917602996,45.198501872659172,2.3220973782771535,0.83895131086142316,5.9925093632958806,35.220973782771537,0.23970037453183521]
[3,"Altos Sur",8,"Arandas",4.3662702382275569,49.781408617687376,1.4949427586973436,0.59834759734726384,3.7920047423215149,39.752139602089585,0.21488644362935794]
[11,"Valles",9,"El Arenal",8.6463223787167447,47.143974960876363,2.3552425665101722,0.71205007824726141,4.9374021909233177,36.103286384976521,0.10172143974960877]
[6,"Sur",10,"Atemajac de Brizuela",11.820680905053923,44.322266864030453,1.4167900190315077,0.29604567561852402,5.0750687248889825,36.942271093254384,0.12687671812222456]
[7,"Sierra de Amula",11,"Atengo",9.6414728682170541,43.968023255813954,2.4951550387596897,0.26647286821705424,5.3052325581395348,38.178294573643413,0.14534883720930233]
[10,"Sierra Occidental",12,"Atenguillo",9.5869761832981606,41.03105215556225,2.140488393126319,0.96472716309918605,7.1148628278564967,39.041302381670185,0.12059089538739826]
[4,"Ciénega",13,"Atotonilco el Alto",5.4641287085414412,48.838815108062697,1.9610099661656732,0.64216171427256197,4.3409211222869244,38.513591272124657,0.23937210854604463]
[6,"Sur",14,"Atoyac",8.0947221792292225,45.426404581334154,2.7085590465872156,0.63457669091471902,7.3053706856523766,35.706546974152609,0.12381984212970129]
[8,"Costa Sur",15,"Autlán de Navarro",12.517790579464588,42.003840506043147,2.8848977747656162,1.5610527504800633,4.6854173726420427,36.258895289732294,8.8105726872246701E-2]
[4,"Ciénega",16,"Ayotlán",6.9402085254273356,49.950351088729697,2.1916447975033693,0.38655223774735797,4.1882403007305484,36.22597347329598,0.11702957656571389]
[10,"Sierra Occidental",17,"Ayutla",10.119047619047619,45.463875205254517,1.9293924466338259,0.51313628899835795,5.3571428571428568,36.576354679802961,4.1050903119868636E-2]
[4,"Ciénega",18,"La Barca",6.2063313185124471,50.691527507427516,2.2210839053375677,0.71713963733224051,4.8847454154287471,35.156233992418812,0.12293822354266981]
[1,"Norte",19,"Bolaños",37.975513773502406,19.042413642326192,1.9457804984696108,0.34980323567993005,4.0883253170091827,36.204634892872761,0.39352864013992128]
[9,"Costa Norte",20,"Cabo Corrientes",29.177257525083611,29.471571906354516,2.8361204013377925,0.53511705685618727,4.3478260869565215,33.418060200668897,0.21404682274247491]
[8,"Costa Sur",21,"Casimiro Castillo",12.361186965228473,43.867953152497122,2.7489532131804113,0.90418107894896538,5.425086473693792,34.61375083439529,7.8888282055949999E-2]
[8,"Costa Sur",22,"Cihuatlán",22.448486521934214,34.646049770475962,4.5110965381562149,1.1251855175508232,3.9381493114278814,33.110137024125912,0.22089531632899598]
[6,"Sur",23,"Zapotlán el Grande",7.3835614674409928,45.466719890804676,2.620430342909386,1.8503972495139007,4.8133506741008771,37.790854891255357,7.4685483974812963E-2]
[11,"Valles",24,"Cocula",7.1848013816925738,49.30175178879842,2.0577350111028867,0.72538860103626945,5.6550703182827542,34.863064396743155,0.21218850234394274]
[1,"Norte",25,"Colotlán",8.3429146306409887,44.588962345501585,2.7665995975855133,0.99166427134233981,5.0948548433457894,37.906007473411904,0.30899683817188844]
[5,"Sureste",26,"Concepción de Buenos Aires",8.5893552574643017,46.451752488100389,2.2933794893985291,0.64906966681090439,6.122890523582865,35.871916919082651,2.1635655560363478E-2]
[8,"Costa Sur",27,"Cuautitlán de García Barragán",15.228386281017862,38.857278330962544,2.5841631104789,0.4899636478583847,5.1683262209578,37.379484747905799,0.29239766081871343]
[10,"Sierra Occidental",28,"Cuautla",8.0813953488372086,43.662790697674417,1.7441860465116279,0.40697674418604651,6.395348837209303,39.476744186046517,0.23255813953488372]
[12,"Centro",29,"Cuquío",4.7488313422868593,50.493433256659493,1.2391481783779774,0.25228166505898936,4.2294279142242344,38.732655635527195,0.30422200786525189]
[4,"Ciénega",30,"Chapala",10.996443198965295,44.608212976934688,3.3250700582021988,2.0559387799094631,5.1142487605087297,33.671049795214486,0.22903643026514334]
[1,"Norte",31,"Chimaltitán",18.584729981378025,34.86033519553073,2.8677839851024212,0.14897579143389197,6.7039106145251397,36.536312849162009,0.29795158286778395]
[7,"Sierra de Amula",32,"Chiquilistlán",9.854868913857679,42.602996254681649,2.0599250936329585,0.44475655430711608,5.5009363295880149,39.442883895131089,9.3632958801498134E-2]
[4,"Ciénega",33,"Degollado",5.9593480586495504,50.07236800704802,1.9507897552073501,0.38386508086338178,4.5434522685796992,37.002076647158773,8.810018249323516E-2]
[7,"Sierra de Amula",34,"Ejutla",5.4354178842782002,44.827586206896555,2.8053769725306839,0.35067212156633548,6.3120981881940388,40.09351256575102,0.17533606078316774]
[2,"Altos Norte",35,"Encarnación de Díaz",3.9300970873786407,50.125566343042074,1.2478964401294499,0.62653721682847896,4.3857605177993531,39.461488673139158,0.22265372168284789]
[11,"Valles",36,"Etzatlán",9.6483765773429742,44.087622288387919,2.4103218488586418,0.68056146320714594,5.5224727066496522,37.452148022118251,0.19849709343541755]
[7,"Sierra de Amula",37,"El Grullo",11.232338661284164,43.39097703344062,3.245867655883476,1.047406033495172,5.1170148928045389,35.906388085756369,6.0007637335660904E-2]
[10,"Sierra Occidental",38,"Guachinango",13.780918727915195,42.255594817432275,2.1495877502944643,0.64782096584216731,6.5371024734982335,34.51118963486455,0.11778563015312131]
[12,"Centro",39,"Guadalajara",7.3057990053644222,40.305844538020615,3.5515471827933776,2.3638194141127626,5.3465456734701444,40.915897811228355,0.21054637501032916]
[11,"Valles",40,"Hostotipaquillo",15.297596092042678,40.905000642756143,1.4140635043064662,0.46278441959120714,4.5250032137806917,37.254145777092177,0.14140635043064662]
[1,"Norte",41,"Huejúcar",7.5409156826186043,47.130723016366275,2.6724673710379117,0.53863683447275734,6.5257924176507149,35.529314273876111,6.2150403977625848E-2]
[1,"Norte",42,"Huejuquilla el Alto",14.993143379552034,39.082736553405454,2.3007770836507695,0.19808014627456955,5.5614810300167603,37.680938595154657,0.18284321194575653]
[8,"Costa Sur",43,"La Huerta",17.524079320113316,39.518413597733712,3.4787535410764874,0.83286118980169976,4.6458923512747878,33.892351274787536,0.10764872521246459]
[12,"Centro",44,"Ixtlahuacán de los Membrillos",15.18177509985783,44.29625617764539,3.0668201205063976,1.0764335522307222,3.154830410940356,32.970008801029046,0.25387583779026468]
[12,"Centro",45,"Ixtlahuacán del Río",6.0046987285793252,48.756218905472636,1.6238253178551685,0.78772802653399676,4.4914317302377,38.170259812050858,0.16583747927031509]
[3,"Altos Sur",46,"Jalostotitlán",4.8243359040274205,47.819194515852615,1.8423307626392458,0.61696658097686374,4.1988003427592115,40.539845758354751,0.15852613538988861]
[4,"Ciénega",47,"Jamay",5.8018481693765356,52.77810270207042,1.9592934846180841,0.57901508948415026,4.6496666276757521,34.132647093227284,9.9426833547783366E-2]
[3,"Altos Sur",48,"Jesús María",4.2711767235201377,50.11466246237638,1.3687831446180307,0.45148344560699444,4.572165687258134,39.071234054751322,0.15049448186899814]
[5,"Sureste",49,"Jilotlán de los Dolores",13.943112102621305,41.689905186837699,3.318460680423871,0.4461795872838818,5.0055772448410485,35.554935861684328,4.1829336307863917E-2]
[4,"Ciénega",50,"Jocotepec",10.152597402597403,46.555194805194802,2.2305194805194803,0.79545454545454541,4.5259740259740253,35.584415584415588,0.15584415584415584]
[12,"Centro",51,"Juanacatlán",8.2980866062437055,46.515609264853978,4.5720040281973819,0.90634441087613304,3.7865055387713999,35.850956696878143,7.0493454179254789E-2]
[7,"Sierra de Amula",52,"Juchitlán",8.9323591798255961,46.759368371435308,2.2389818524628802,0.82488805090737694,5.7977845863775626,35.446617958991276,0]
[2,"Altos Norte",53,"Lagos de Moreno",5.3554705619786969,47.810637422652441,2.1364117734580814,0.8078279667766527,3.9673718021652942,39.720979896198919,0.20130057676991342]
[7,"Sierra de Amula",54,"El Limón",8.2574916759156487,47.103218645948949,1.8423973362930077,0.71032186459489455,7.3473917869034402,34.605993340732525,0.13318534961154271]
[11,"Valles",55,"Magdalena",11.941433732648793,41.833048108005322,2.5670279520821451,0.65284908410978004,4.9946124104709391,37.80186347214299,0.20916524054002661]
[5,"Sureste",56,"Santa María del Oro",5.3251408090117769,46.441372247823857,1.5873015873015872,0.61443932411674351,5.7859703020993347,40.092165898617509,0.15360983102918588]
[5,"Sureste",57,"La Manzanilla de la Paz",5.342237061769616,47.712854757929883,2.2370617696160267,1.0350584307178632,6.010016694490818,37.56260434056761,0.10016694490818029]
[10,"Sierra Occidental",58,"Mascota",10.776445125800342,44.03462891153395,1.9839480566326992,1.0460817025881504,5.51898277572369,36.576787807737396,6.31256199837677E-2]
[5,"Sureste",59,"Mazamitla",7.8118732450862414,48.275170477336545,2.1560369033293223,0.97272362615322905,4.7533092659446448,35.920577617328519,0.11030886482150019]
[3,"Altos Sur",60,"Mexticacán",4.1569951466554125,48.997678835197298,2.1101498206372651,0.56974045157206166,6.7313779278328765,37.244144334247729,0.18991348385735388]
[1,"Norte",61,"Mezquitic",42.929893057205909,13.664912578509592,2.3510439653709048,0.32252588694618911,5.3895773213376339,34.82430826684773,0.51773892378204045]
[10,"Sierra Occidental",62,"Mixtlán",13.820264948084496,41.997851772287866,2.0050125313283207,0.35803795202291444,6.0866451843895453,35.445757250268528,0.28643036161833157]
[4,"Ciénega",63,"Ocotlán",8.5372083782709893,48.404949764432082,3.1631378781858435,1.4843616960890049,4.1522393142986891,34.072202985752398,0.18589998297099392]
[2,"Altos Norte",64,"Ojuelos de Jalisco",8.31731445449857,48.27699376435838,1.9879037929579446,0.32819166393173616,3.90548080078766,37.052838857893008,0.13127666557269443]
[5,"Sureste",65,"Pihuamo",8.4158932109709035,46.344770049014492,2.4820106371884454,0.58400250286786948,6.3405986025654393,35.759724684534362,7.3000312858483685E-2]
[4,"Ciénega",66,"Poncitlán",12.090467746155412,44.036163841972147,2.8140352917235965,0.7703712317218524,4.3634989389226426,35.785924009418878,0.13953894008546761]
[9,"Costa Norte",67,"Puerto Vallarta",20.043345472864473,34.245022617310902,4.6557026059760078,1.7758000020990543,2.7880689749267953,36.279006307658399,0.21305401916436648]
[8,"Costa Sur",68,"Villa Purificación",12.651277454056478,41.931869116987897,3.0479605558045719,0.63872702823845806,5.2666965486329005,36.340206185567006,0.12326311071268489]
[5,"Sureste",69,"Quitupan",5.7506584723441616,50.336552531460342,1.5949663447468541,0.46824700029265437,6.1896400351185248,35.645302897278313,1.4632718759145449E-2]
[12,"Centro",70,"El Salto",16.036771182408149,41.804946695959423,3.8269567594383083,1.086329260020451,2.9390622943516953,33.919188442185614,0.38674536563635808]
[12,"Centro",71,"San Cristóbal de la Barranca",4.3866774979691305,47.400487408610886,1.2997562956945572,0.3249390739236393,5.1990251827782288,41.226645004061737,0.16246953696181965]
[2,"Altos Norte",72,"San Diego de Alejandría",2.8908794788273613,48.045602605863195,1.24185667752443,0.38680781758957655,4.2956026058631922,42.772801302931597,0.36644951140065146]
[2,"Altos Norte",73,"San Juan de los Lagos",5.0551871791140952,47.991020391194994,1.9622108129456028,0.69217817871915854,4.0034089255648633,40.150491592009814,0.14550292045147478]
[3,"Altos Sur",74,"San Julián",2.756598240469208,48.512777545035604,1.1730205278592376,0.5613741097612065,4.4574780058651031,42.2622538751571,0.27649769585253459]
[11,"Valles",75,"San Marcos",11.506276150627615,42.817294281729431,1.8479776847977685,0.34867503486750351,5.02092050209205,38.179916317991633,0.2789400278940028]
[1,"Norte",76,"San Martín de Bolaños",14.717273431448488,38.109992254066619,1.6266460108443066,0.34856700232378002,5.344694035631294,39.697908597986057,0.15491866769945781]
[11,"Valles",77,"San Martín Hidalgo",6.3877293466653722,51.106688671002821,1.8978739928162316,0.56790602854091843,5.5722745364527722,34.336472187166294,0.13105523735559654]
[3,"Altos Sur",78,"San Miguel el Alto",3.852717808686748,48.084307534772591,1.4762351736496289,0.59732059049406949,4.1343118013482378,41.684444065193276,0.17066302585544843]
[6,"Sur",79,"Gómez Farías",6.9875189107413016,48.761346444780635,1.8910741301059002,0.53895612708018148,5.5597579425113466,36.110060514372158,0.15128593040847202]
[10,"Sierra Occidental",80,"San Sebastián del Oeste",17.533761346026125,38.609696701350451,2.2581359309276068,0.42063316360416203,5.5789240646446752,35.377462917865842,0.22138587558113793]
[1,"Norte",81,"Santa María de los Ángeles",8.1478945566586791,46.080109551523449,2.6360835330366315,0.58199246833276275,6.6073262581307777,35.878123930160903,6.8469702156795612E-2]
[6,"Sur",82,"Sayula",9.1414523449319223,45.960665658093795,2.5983358547655069,1.1875945537065054,4.9319213313161878,36.051437216338883,0.12859304084720122]
[11,"Valles",83,"Tala",9.7373816264766191,48.798203651274044,2.8565849848677147,0.79468905594064243,4.2038465293371079,33.435516938396951,0.17377721370692181]
[10,"Sierra Occidental",84,"Talpa de Allende",15.104640582347589,37.879890809827117,2.7024567788898999,0.57324840764331209,4.9954504094631478,38.589626933575978,0.15468607825295724]
[5,"Sureste",85,"Tamazula de Gordiano",8.1374382262588494,47.46226793108054,2.5477494323494057,1.1319620675838118,5.7332710030719918,34.880459463069322,0.10685187658608253]
[6,"Sur",86,"Tapalpa",9.4423563703305966,47.464907570760147,1.4804019329600369,0.29914857712663956,4.5409219912556571,35.475953056684823,1.2963105008821048]
[5,"Sureste",87,"Tecalitlán",7.272446537481664,46.946653284953292,2.1076198564039217,0.73342082915154794,5.666640932602486,37.134254612831,0.13896394657608277]
[7,"Sierra de Amula",88,"Tecolotlán",9.8600359684103527,46.227226522793025,2.5412463836109156,0.74282586597857525,5.4969114082414574,34.93627335991868,0.19548049104699353]
[6,"Sur",89,"Techaluta de Montenegro",7.5925925925925926,48.925925925925931,2.5185185185185186,0.70370370370370372,6.5185185185185182,33.370370370370374,0.37037037037037041]
[7,"Sierra de Amula",90,"Tenamaxtlán",10.111131353616324,44.325013663691024,2.4412461286208784,1.1477500455456366,6.1395518309345958,35.780652213517946,5.4654764073601751E-2]
[2,"Altos Norte",91,"Teocaltiche",7.1890605623889794,47.97734356671247,2.1919093742668498,0.68371485068874216,5.0541274256795257,36.689345443576762,0.2144987766866642]
[6,"Sur",92,"Teocuitatlán de Corona",8.2512892639474913,48.874824191279885,2.4964838255977497,0.63291139240506333,6.9034224097515233,32.723863103609943,0.11720581340834506]
[3,"Altos Sur",93,"Tepatitlán de Morelos",4.0579880612815007,48.621362268552552,1.7398378765156195,0.90569588614108854,3.8942962723360877,40.66319679281716,0.11762284235598552]
[11,"Valles",94,"Tequila",10.408984811068638,42.799634653766788,2.3273908189844725,0.79834917627955759,4.3063495822198163,39.156320828118126,0.20297012956259938]
[11,"Valles",95,"Teuchitlán",5.9481659821555022,50.474437048576689,2.2234810933295566,0.60897889817306328,5.4808100835575697,35.193315394420054,7.0811499787565499E-2]
[4,"Ciénega",96,"Tizapán el Alto",9.7318642124705441,47.022482644417551,2.9615948028787975,0.64964015030889755,5.5092032354627092,33.532895993885745,0.5923189605757595]
[12,"Centro",97,"Tlajomulco de Zúñiga",14.441358835770648,47.938166296156879,3.0710881623898239,1.1786472723140409,2.3789569380029403,30.756692259068018,0.23509023629764836]
[12,"Centro",98,"Tlaquepaque",11.603656678065049,43.309031122699835,3.6862678790332808,1.4258730663724,3.506059237472718,36.150298456657595,0.31881355969911829]
[6,"Sur",99,"Tolimán",11.36710617626648,44.843858431644691,1.7904233171408743,0.263705759888966,5.3157529493407356,36.32199861207495,9.7154753643303268E-2]
[9,"Costa Norte",100,"Tomatlán",19.15231275401587,38.606541513450743,3.2901103154635187,0.44900329011031542,4.1377975614476492,34.193922972711441,0.17031159280046448]
[12,"Centro",101,"Tonalá",13.001758236706925,42.942920511612407,3.731656304944897,1.3362024385479032,2.9835438237626266,35.788161206173363,0.21575747825187599]
[7,"Sierra de Amula",102,"Tonaya",6.4420428056791694,47.022674295401565,1.9707565162110616,0.48739139648230556,5.9546514091968632,37.952956134774318,0.169527442254715]
[6,"Sur",103,"Tonila",9.0667139815471955,48.84669978708304,2.1823988644428671,0.72746628814762238,5.6068133427963094,33.463449254790632,0.10645848119233499]
[1,"Norte",104,"Totatiche",6.8660022148394244,43.106312292358808,3.5714285714285712,0.44296788482834992,7.0598006644518279,37.48615725359911,1.4673311184939091]
[4,"Ciénega",105,"Tototlán",7.2105327919281414,49.366309831426108,2.608588655100283,0.50449120216562071,4.6573151224314016,35.535868094007625,0.11689430294081456]
[7,"Sierra de Amula",106,"Tuxcacuesco",10.929458068422646,44.323342415985465,1.6954283984256735,0.12110202845897669,6.5092340296699973,36.391159551922499,3.0275507114744173E-2]
[4,"Ciénega",107,"Tuxcueca",10.974315431967735,44.003396306516663,2.823179791976226,0.6792613033326258,6.4742092973890903,34.790914880067923,0.25472298874973465]
[6,"Sur",108,"Tuxpan",6.3345493236054109,48.130414956680347,2.1013831889344887,0.85879312965496268,5.4035567715458273,36.741906064751483,0.42939656482748134]
[2,"Altos Norte",109,"Unión de San Antonio",4.449501687200816,49.87051714666876,1.5851840226006435,0.36098250019618611,4.3004002197284787,39.103821706034687,0.32959271757043085]
[7,"Sierra de Amula",110,"Unión de Tula",7.5092592592592586,46.712962962962962,2.0092592592592591,1,5.7129629629629628,36.99074074074074,6.4814814814814811E-2]
[3,"Altos Sur",111,"Valle de Guadalupe",3.4881442288849698,50.342935528120712,1.4305310601606898,0.23515579071134626,4.1936116010190085,40.192043895747595,0.11757789535567313]
[5,"Sureste",112,"Valle de Juárez",5.2515930564711049,51.461217314875853,1.8018018018018018,1.2964183695891012,6.1085475719622062,33.970555921775436,0.10986596352450011]
[6,"Sur",113,"San Gabriel",10.840108401084011,43.224932249322492,1.753048780487805,0.53353658536585369,6.0382791327913274,37.508468834688344,0.10162601626016261]
[12,"Centro",114,"Villa Corona",9.2154611557596624,47.600459242250288,2.4492920015308077,0.76540375047837739,5.3348641408342905,34.236509758897817,0.39800995024875618]
[1,"Norte",115,"Villa Guerrero",13.352073085031623,38.322792223003042,3.6074022019208245,0.56219255094869991,6.6994612321386748,37.409229327711408,4.6849379245724992E-2]
[2,"Altos Norte",116,"Villa Hidalgo",5.3722627737226274,53.043795620437962,1.7445255474452552,0.52554744525547437,3.445255474452555,35.627737226277375,0.24087591240875914]
[3,"Altos Sur",117,"Cañadas de Obregón",6.4016990291262132,48.81674757281553,2.7305825242718447,0.81917475728155342,6.3410194174757279,34.769417475728154,0.12135922330097086]
[3,"Altos Sur",118,"Yahualica de González Gallo",5.2391539820990829,48.144347528647167,2.4399977196282991,0.99766261900689823,6.1855082378427682,36.560059289664217,0.43327062311156722]
[6,"Sur",119,"Zacoalco de Torres",8.4538114907998487,46.216672925272249,2.2671798723244461,0.81674802853924144,5.8017273751408185,36.195080736012017,0.24877957191137817]
[12,"Centro",120,"Zapopan",9.1221320744613266,42.991557003613032,3.0144258583957995,2.0974666810865754,3.506557733358393,39.016597244607496,0.2512634044773816]
[6,"Sur",121,"Zapotiltic",7.6821250496403826,47.019370780567442,2.7798614481754402,0.87367074085513829,5.5200105899483738,36.032299342540711,9.2662048272514674E-2]
[6,"Sur",122,"Zapotitlán de Vadillo",11.567089116877892,38.684369342184674,1.8708509354254677,0.32186682760008045,5.8539529269764632,41.641520820760405,6.0350030175015092E-2]
[4,"Ciénega",123,"Zapotlán del Rey",8.5085463621237327,49.538647708364849,2.1479352594161245,0.65043109968234758,4.8857963999394949,34.200574799576458,6.8068370896989874E-2]
[12,"Centro",124,"Zapotlanejo",8.4993951741261853,45.80760170624562,2.5063135332442013,0.86161159567920886,4.0151949237070523,38.121007618683819,0.18887544831391526]
[3,"Altos Sur",125,"San Ignacio Cerro Gordo",5.1205994848177347,49.41846850362969,1.5689641714151901,0.29662009210834439,3.5438295215049571,39.817344469596435,0.23417375692764028]

{"sheet":"Derechoh","index":33,"n_rows":139,"n_cols":21,"rows_kept":139,"cut":false,"hidden":true,"merged":[]}
["Clave ","Region","Clave","Municipio","Población derechohabiente (%)","No derechohabiente ","IMSS ","ISSSTE ","Seguro Popular **","Otro ","No especificado "]
[null,null,14,"Jalisco",0.80769423939078289,0.18832937999999999,0.52258221999999999,3.4358949999999999E-2,0.40778025000000001,1.5825990000000002E-2,3.9763799999999998E-3]
[1,"Norte",1,"Norte",0.89947096691949768,9.7227356746765248E-2,8.8677560623024704E-2,4.5607222324579429E-2,0.88361513059992347,1.034595161496053E-3,3.3016763337370132E-3,{"$f":"VLOOKUP(Datos!E141,C15:K139,1,FALSE)","v":1},null,{"$f":"VLOOKUP(DatosR!F142,C2:K14,1,FALSE)","v":14}]
[2,"Altos Norte",2,"Altos Norte",0.83523024321518247,0.16177282734888332,0.33709486404123579,3.1978888408901895E-2,0.62275079565190561,1.3006667900918931E-2,2.9969294359341904E-3,null,null,null,null,null,"max","min","val"]
[3,"Altos Sur",3,"Altos Sur",0.78236483173389648,0.21422281374148158,0.39777124036708983,2.8807597608160394E-2,0.55877913855402428,7.1787164646819942E-3,3.4123545246219893E-3,{"$f":"VLOOKUP(L$3,C$15:K$139,4,FALSE)","v":0.18030654999999998},null,{"$f":"VLOOKUP(N$3,C$2:K$14,3,FALSE)","v":0.80769423939078289},null,0.41636209338164853,{"$f":"IF(N5=MAX($N$6:$N$11), N5, NA())","v":{"$error":"#N/A"}},{"$f":"IF(N5=MIN($N$6:$N$11), N5, NA())","v":{"$error":"#N/A"}},{"$f":"IF(AND(ISNA(Q5), ISNA(R5)), N5, NA())","v":0.80769423939078289}]
[4,"Ciénega",4,"Ciénega",0.82343814877709787,0.17264339294727235,0.37708417626348939,3.4373433659635369E-2,0.58302585254207606,7.9683319947099224E-3,3.9184582756297253E-3,{"$f":"VLOOKUP(L$3,C$15:K$139,5,FALSE)","v":0.37595908},null,{"$f":"VLOOKUP(N$3,C$2:K$14,4,FALSE)","v":0.18832937999999999},null,0.28283143821067097,{"$f":"IF(N6=MAX($N$6:$N$11), N6, NA())","v":{"$error":"#N/A"}},{"$f":"IF(N6=MIN($N$6:$N$11), N6, NA())","v":{"$error":"#N/A"}},0.18832937999999999]
[5,"Sureste",5,"Sureste",0.75987957031273856,0.23737839471868186,0.24328929179927347,3.6583405664319925E-2,0.7130067187449769,7.7715626707814964E-3,2.7420349685795768E-3,{"$f":"VLOOKUP(L$3,C$15:K$139,6,FALSE)","v":9.4345000000000002E-3},null,{"$f":"VLOOKUP(N$3,C$2:K$14,5,FALSE)","v":0.52258221999999999},null,2.3254300470656838E-2,0.52258221999999999,{"$error":"#N/A"},{"$error":"#N/A"}]
[6,"Sur",6,"Sur",0.87961618102110206,0.11690059859541133,0.43845290590249042,4.7976391549625734E-2,0.52092756120324502,1.231055238786175E-2,3.4832203834866105E-3,{"$f":"VLOOKUP(L$3,C$15:K$139,7,FALSE)","v":0.62415458999999995},null,{"$f":"VLOOKUP(N$3,C$2:K$14,6,FALSE)","v":3.4358949999999999E-2},null,0.24502009663043026,{"$error":"#N/A"},{"$error":"#N/A"},3.4358949999999999E-2]
[7,"Sierra de Amula",7,"Sierra de Amula",0.86929165939118791,0.12734997962865957,0.29945163471774922,5.0229992032299317E-2,0.65130261862835026,5.7246925070135856E-3,3.3583609801524942E-3,{"$f":"VLOOKUP(L$3,C$15:K$139,8,FALSE)","v":3.4100999999999999E-4},null,{"$f":"VLOOKUP(N$3,C$2:K$14,7,FALSE)","v":0.40778025000000001},null,3.3000645591236617E-2,{"$error":"#N/A"},{"$error":"#N/A"},0.40778025000000001]
[8,"Costa Sur",8,"Costa Sur",0.88791227574237586,0.10398848224675077,0.18949675336694727,3.9322390291937834E-2,0.76670886919437597,3.2651429332977945E-3,8.0992420108734961E-3,{"$f":"VLOOKUP(L$3,C$15:K$139,9,FALSE)","v":2.4616799999999999E-3},null,{"$f":"VLOOKUP(N$3,C$2:K$14,8,FALSE)","v":1.5825990000000002E-2},null,3.7511974676163106E-3,{"$error":"#N/A"},{"$error":"#N/A"},1.5825990000000002E-2]
[9,"Costa Norte",9,"Costa Norte",0.82500195313673752,0.1714583621295801,0.51786319151803439,4.1659534016368065E-2,0.36085504390677414,3.0190232336219171E-2,3.5396847336822941E-3,null,null,{"$f":"VLOOKUP(N$3,C$2:K$14,9,FALSE)","v":3.9763799999999998E-3},null,null,{"$error":"#N/A"},3.9763799999999998E-3,{"$error":"#N/A"}]
[10,"Sierra Occidental",10,"Sierra Occidental",0.85929026823936172,0.13846993466732704,0.44090987521522529,4.3059741766370889E-2,0.53040321011494596,5.3049131939982893E-3,2.2397970933112086E-3]
[11,"Valles",11,"Valles",0.87570751180748185,0.12051596821350925,0.2794052338988855,3.8004890394174332E-2,0.67945445887306921,5.9444506867418955E-3,3.7765199790089211E-3]
[12,"Centro",12,"Centro",0.78978465896708638,0.20598032042556513,0.62203048845648123,3.1718412584838575E-2,0.29522534396180605,1.9237391078546315E-2,4.2350206073485169E-3,null,null,null,null,null,"max","min","val"]
["03","Altos Sur",1,"Acatic",0.81723176962378008,0.18030654999999998,0.37595908,9.4345000000000002E-3,0.62415458999999995,3.4100999999999999E-4,2.4616799999999999E-3,null,null,null,null,null,{"$f":"IF(L5=MAX($L$5:$L$10), L5, NA())","v":{"$error":"#N/A"}},{"$f":"IF(L5=MIN($L$5:$L$10), L5, NA())","v":{"$error":"#N/A"}},{"$f":"IF(AND(ISNA(Q15), ISNA(R15)), L5, NA())","v":0.18030654999999998}]
[11,"Lagunas",2,"Acatlán de Juárez",0.88594402767171299,0.11163021000000001,0.68644154000000002,3.6203220000000001E-2,0.27994118000000001,8.0113600000000004E-3,2.4257699999999998E-3,null,null,null,null,null,{"$error":"#N/A"},{"$error":"#N/A"},0.37595908]
[10,"Valles",3,"Ahualulco de Mercado",0.85806009759438395,0.13851553999999999,0.51915593999999998,6.9340520000000003E-2,0.44941634000000003,1.6961000000000001E-3,3.42436E-3,null,null,null,null,null,{"$error":"#N/A"},{"$error":"#N/A"},9.4345000000000002E-3]
[11,"Lagunas",4,"Amacueca",0.84308263695450292,0.15338904,0.11916299999999999,4.5374449999999997E-2,0.84361233000000002,2.2026400000000001E-3,3.5283199999999997E-3,null,null,null,null,null,0.62415458999999995,{"$error":"#N/A"},{"$error":"#N/A"}," "]
[10,"Valles",5,"Amatitán",0.79790145985401395,0.20086027000000001,0.44115003999999997,4.0757979999999999E-2,0.52176754000000003,2.2053400000000001E-3,1.2382700000000001E-3,null,null,null,null,null,{"$error":"#N/A"},3.4100999999999999E-4,{"$error":"#N/A"},null," "]
[10,"Valles",6,"Ameca",0.86033042936128989,0.13658513,0.33464281999999995,6.6688280000000003E-2,0.59048780999999995,1.3558870000000001E-2,3.0844399999999999E-3,null,null,null,null,null,{"$error":"#N/A"},{"$error":"#N/A"},2.4616799999999999E-3]
[3,"Altos Sur",7,"San Juanito de Escobedo",0.76664568911264896,0.23184393,0.17566901999999998,3.4641270000000002E-2,0.7905105899999999,1.3955E-3,1.51038E-3]
[10,"Valles",8,"Arandas",0.93938428874734603,5.9978770000000001E-2,0.31212565999999997,5.130523E-2,0.71962934000000001,1.1300699999999999E-3,6.3694000000000001E-4]
[7,"Sierra de Amula",9,"El Arenal",0.87987545067191109,0.11848573999999999,9.0147140000000001E-2,3.1290740000000004E-2,0.88396348999999996,1.86254E-3,1.6388100000000001E-3]
[3,"Altos Sur",10,"Atemajac de Brizuela",0.75720991752684197,0.23963899000000002,0.35231962999999999,3.4627439999999995E-2,0.59097836999999998,1.12856E-2,3.1511E-3,null,null,null,null,null,null," "," "]
[10,"Valles",11,"Atengo",0.86412060301507498,0.13241206,0.42922772999999997,1.9423120000000002E-2,0.55100022999999998,1.011863E-2,3.4673399999999997E-3]
[11,"Lagunas",12,"Atenguillo",0.91707607562900095,8.0095279999999991E-2,5.438312E-2,2.1103900000000002E-2,0.93181818000000005,1.78571E-3,2.8286399999999999E-3,null,null,null,null,null,null,null," "]
[7,"Sierra de Amula",13,"Atotonilco el Alto",0.90319634703196305,9.552511000000001E-2,4.9544990000000004E-2,1.8806879999999998E-2,0.91830130999999993,8.0889999999999998E-4,1.2785399999999999E-3]
[9,"Costa-Sierra Occidental",14,"Atoyac",0.83303411131059202,0.16542703,0.10160099,4.5566500000000003E-2,0.85591132999999997,8.6206900000000003E-3,1.53886E-3]
[4,"Ciénega",15,"Autlán de Navarro",0.88677248677248599,0.10901124,0.30190930999999999,3.2760289999999997E-2,0.63523642999999996,1.9876190000000002E-2,4.2162699999999994E-3]
[11,"Lagunas",16,"Ayotlán",0.90186350435624407,9.4143270000000001E-2,0.13846773000000001,1.6369249999999998E-2,0.85817790999999999,1.20757E-3,3.9932200000000004E-3]
[7,"Sierra de Amula",17,"Ayutla",0.86128904444297705,0.13585485,0.47111367000000004,6.9043510000000002E-2,0.46800843000000003,6.9963600000000001E-3,2.8561100000000002E-3]
[9,"Costa-Sierra Occidental",18,"La Barca",0.86030512604481701,0.13739157999999999,0.50226161000000002,3.5551739999999998E-2,0.45576816999999997,2.453253E-2,2.3032999999999999E-3]
[4,"Ciénega",19,"Bolaños",0.71980612701841196,0.27276559,0.16350728,2.8068510000000001E-2,0.80919270999999993,5.4892999999999999E-4,7.4282899999999997E-3]
[7,"Sierra de Amula",20,"Cabo Corrientes",0.86822452421103302,0.12880430000000001,0.13901221,2.7931930000000001E-2,0.83324083999999998,6.2893100000000002E-3,2.9711700000000004E-3]
[1,"Norte",21,"Casimiro Castillo",0.93815556463697003,5.925623E-2,0.17177291,1.8150139999999999E-2,0.84841004999999992,5.8080000000000002E-4,2.5882000000000001E-3]
[6,"Sur",22,"Cihuatlán",0.87029395862382897,0.12552289,0.57391361000000007,8.4251599999999996E-2,0.32857033999999996,2.456703E-2,4.1831500000000001E-3]
[12,"Centro",23,"Zapotlán el Grande",0.67903793108480803,0.31656912999999998,0.29501149999999998,2.819868E-2,0.63810261000000001,1.246588E-2,4.3929400000000006E-3]
[11,"Lagunas",24,"Cocula",0.89249447296436402,0.10375838,0.27008984999999996,3.001931E-2,0.68498614000000002,1.7255860000000001E-2,3.7471399999999999E-3]
[1,"Norte",25,"Colotlán",0.89885250489784496,9.9468230000000005E-2,0.13662972000000001,0.10941587,0.78179101000000006,1.6191300000000001E-3,1.6792599999999999E-3]
[5,"Sureste",26,"Concepción de Buenos Aires",0.85988830486202306,0.13879763000000001,0.1025788,2.0821390000000002E-2,0.88691500000000001,0,1.3140599999999999E-3]
[8,"Costa Sur",27,"Cuautitlán de García Barragán",0.95831955011577907,3.7766019999999997E-2,5.3848809999999997E-2,3.1239210000000003E-2,0.91542974999999993,2.0135800000000001E-3,3.91443E-3]
[7,"Sierra de Amula",28,"Cuautla",0.87877358490565993,0.10801887,7.4074070000000006E-2,1.3419220000000001E-2,0.91733763000000001,5.3677E-4,1.3207549999999998E-2]
[12,"Centro",29,"Cuquío",0.86551724137931008,0.13325918,4.5559700000000002E-2,3.7398790000000001E-2,0.91479243999999993,6.4259999999999998E-5,1.2235799999999999E-3]
[9,"Costa-Sierra Occidental",30,"Chapala",0.87557022226535908,0.12112977000000001,0.21427779999999999,3.5029379999999999E-2,0.74603701999999994,7.3162599999999998E-3,3.3000099999999999E-3]
[8,"Costa Sur",31,"Chimaltitán",0.91428836174944395,8.3256119999999989E-2,0.41922569999999998,2.032026E-2,0.57438937999999995,3.2431300000000003E-3,2.4555200000000001E-3]
[8,"Costa Sur",32,"Chiquilistlán",0.82699757869249391,0.15154963999999999,0.23899868000000002,3.8325279999999996E-2,0.69919484999999992,5.3872099999999999E-3,2.1452779999999998E-2]
[5,"Sureste",33,"Degollado",0.70921203043084002,0.28858054999999999,0.43130279999999999,4.1851930000000002E-2,0.48249222000000003,1.9036239999999999E-2,2.2074199999999999E-3]
[1,"Norte",34,"Ejutla",0.95122672184451607,4.6704109999999993E-2,5.2827840000000001E-2,1.243008E-2,0.94188936999999995,6.2149999999999998E-4,2.06917E-3]
[10,"Valles",35,"Encarnación de Díaz",0.89222552526830201,0.10575906,0.27778405,5.4664560000000001E-2,0.70397560000000003,1.1294300000000001E-3,2.01542E-3]
[7,"Sierra de Amula",36,"Etzatlán",0.8578891082592961,0.13853240999999999,0.32708443000000004,5.5520930000000003E-2,0.60186028999999996,5.3219499999999998E-3,3.5784800000000002E-3]
[4,"Ciénega",37,"El Grullo",0.66837376041715102,0.32911216000000004,0.17107828999999999,2.8002229999999999E-2,0.80112844999999988,7.7319599999999995E-3,2.5140800000000001E-3]
[9,"Costa-Sierra Occidental",38,"Guachinango",0.77393387519621304,0.2230404,0.67825987999999993,3.7388350000000001E-2,0.24857928000000001,2.155907E-2,3.02572E-3]
[9,"Costa-Sierra Occidental",39,"Guadalajara",0.91394324352013101,8.4724930000000004E-2,5.6495910000000003E-2,7.6224600000000002E-3,0.94776369999999999,3.3628999999999999E-4,1.33183E-3]
[9,"Costa-Sierra Occidental",40,"Hostotipaquillo",0.82833303745783693,0.16793893000000001,8.4869269999999997E-2,4.2005999999999995E-2,0.87848263999999998,4.2862999999999999E-4,3.7280299999999998E-3]
[9,"Costa-Sierra Occidental",41,"Huejúcar",0.91407761465801696,8.4101510000000004E-2,4.0587650000000003E-2,4.9800799999999999E-2,0.92243525999999998,1.7430300000000002E-3,1.82087E-3]
[9,"Costa-Sierra Occidental",42,"Huejuquilla el Alto",0.89801734315840909,0.10039490000000001,0.19081512,4.1617550000000003E-2,0.77609031000000006,1.72273E-3,1.58775E-3]
[9,"Costa-Sierra Occidental",43,"La Huerta",0.90778955196133093,8.551774999999999E-2,0.30063486,4.15728E-2,0.63403644999999997,2.0888799999999999E-2,6.6926900000000003E-3]
[9,"Costa-Sierra Occidental",44,"Ixtlahuacán de los Membrillos",0.78408898105382208,0.21108493,0.63293421999999999,5.0394310000000005E-2,0.28440565000000001,1.9042119999999999E-2,4.8260899999999999E-3]
[9,"Costa-Sierra Occidental",45,"Ixtlahuacán del Río",0.81452543261667498,0.18348191,0.15064701,2.8198029999999999E-2,0.84124122999999995,2.3176500000000001E-3,1.9926599999999998E-3]
[9,"Costa-Sierra Occidental",46,"Jalostotitlán",0.71989815554963399,0.27728927999999997,0.31082415000000002,2.8129629999999999E-2,0.66265010999999996,1.3160100000000001E-3,2.81256E-3]
[9,"Costa-Sierra Occidental",47,"Jamay",0.84470569223932401,0.15101200000000001,0.32622315999999996,2.7069679999999999E-2,0.63145057000000004,2.1521800000000001E-3,4.2823100000000001E-3]
[9,"Costa-Sierra Occidental",48,"Jesús María",0.67127227900765307,0.32554316999999999,0.30140025999999998,3.1448469999999999E-2,0.62873976999999992,4.0171400000000003E-2,3.18455E-3]
[9,"Costa-Sierra Occidental",49,"Jilotlán de los Dolores",0.86044166582635795,0.13663406,2.836048E-2,9.1409799999999999E-3,0.97035039999999995,0,2.9242700000000001E-3]
[9,"Costa-Sierra Occidental",50,"Jocotepec",0.74789879839212403,0.24879087,0.26151812000000002,2.97761E-2,0.72646797000000007,2.55799E-3,3.3103300000000002E-3]
[9,"Costa-Sierra Occidental",51,"Juanacatlán",0.84227234753550506,0.15377331999999999,0.67731269999999999,2.2283940000000002E-2,0.27679693,5.88508E-3,3.9543299999999998E-3]
[9,"Costa-Sierra Occidental",52,"Juchitlán",0.80720113515430991,0.19155729000000002,9.6682050000000005E-2,3.537684E-2,0.88529993000000007,2.19732E-3,1.2415799999999999E-3]
[9,"Costa-Sierra Occidental",53,"Lagos de Moreno",0.94428007889546295,4.9802760000000001E-2,1.6710179999999998E-2,1.096606E-2,0.86736292000000004,6.1618800000000001E-2,5.9171600000000003E-3]
[7,"Sierra de Amula",54,"El Limón",0.93931256713211597,5.8002149999999995E-2,5.0886220000000003E-2,2.3441969999999999E-2,0.94396798000000004,5.7175999999999993E-4,2.68528E-3]
[9,"Costa-Sierra Occidental",55,"Magdalena",0.81887201735357906,0.17950108000000001,0.14238410999999998,2.2516560000000001E-2,0.83708609,1.9867499999999998E-3,1.6268999999999999E-3]
[11,"Lagunas",56,"Santa María del Oro",0.86940562292674894,0.12583610000000001,0.30917905000000001,4.9913999999999993E-2,0.61629398000000002,5.78577E-3,4.7582800000000001E-3]
[9,"Costa-Sierra Occidental",57,"La Manzanilla de la Paz",0.898335026277436,9.9677600000000005E-2,0.19728626999999999,6.277961E-2,0.78083673000000009,1.32737E-3,1.98737E-3]
[9,"Costa-Sierra Occidental",58,"Mascota",0.88878911376666392,0.10976031000000001,0.14789771999999998,5.8988110000000003E-2,0.81837258000000002,1.32121E-3,1.4505799999999999E-3]
[9,"Costa-Sierra Occidental",59,"Mazamitla",0.82534966301905899,0.17312849,0.14074985000000001,4.2497150000000004E-2,0.82860654999999994,1.3170599999999999E-3,1.5218499999999999E-3]
[9,"Costa-Sierra Occidental",60,"Mexticacán",0.86851415094339601,0.13011006,2.9644720000000003E-2,2.4666210000000001E-2,0.94138945000000007,1.3577700000000001E-3,1.37579E-3]
[9,"Costa-Sierra Occidental",61,"Mezquitic",0.89229899239152799,0.10117212,2.6444659999999998E-2,1.9588640000000001E-2,0.96145647000000001,4.0329999999999999E-4,6.5288900000000007E-3]
[9,"Costa-Sierra Occidental",62,"Mixtlán",0.911230856494611,8.7918319999999994E-2,6.1002179999999996E-2,2.1786490000000002E-2,0.90507313999999994,1.338313E-2,8.5082000000000007E-4]
[4,"Ciénega",63,"Ocotlán",0.80808558128311603,0.18943103,0.69585556999999998,3.5335249999999999E-2,0.26955570000000001,5.5242400000000006E-3,2.4833900000000003E-3]
[2,"Altos Norte",64,"Ojuelos de Jalisco",0.91358902246808993,8.3938559999999995E-2,0.14434559,4.3266470000000001E-2,0.83928149000000007,3.3490099999999999E-3,2.4724199999999999E-3]
[6,"Sur",65,"Pihuamo",0.90037526804860601,9.694425000000001E-2,0.25523468999999999,1.9351E-2,0.73057457999999997,3.8701999999999999E-3,2.6804899999999998E-3]
[4,"Ciénega",66,"Poncitlán",0.85707685199445505,0.14063222,0.36731806,2.6123090000000002E-2,0.59009433999999994,1.383648E-2,2.29093E-3]
[9,"Costa-Sierra Occidental",67,"Puerto Vallarta",0.81083659846176104,0.1852779,0.60649487999999996,4.2344710000000001E-2,0.25223826999999999,3.6044900000000005E-2,3.8855000000000001E-3]
[3,"Altos Sur",68,"Villa Purificación",0.85790754257907498,0.14014599,0.17300056999999999,5.3885400000000007E-3,0.82614861000000006,2.8361E-4,1.9464699999999998E-3]
[8,"Costa Sur",69,"Quitupan",0.89069506726457404,0.10734305000000001,7.5728970000000007E-2,3.3039649999999997E-2,0.89269980999999998,2.51731E-3,1.96188E-3]
[2,"Altos Norte",70,"El Salto",0.82264961254784796,0.17357856000000002,0.22377828999999999,2.1562979999999999E-2,0.75161721999999997,3.58626E-3,3.7718200000000004E-3]
[5,"Sureste",71,"San Cristóbal de la Barranca",0.77837450769781602,0.21625492000000002,1.425943E-2,1.9472549999999998E-2,0.95676173000000009,3.3732000000000002E-3,5.3705699999999999E-3]
[12,"Centro",72,"San Diego de Alejandría",0.78787267563250596,0.20634876999999999,0.67595225999999997,1.329874E-2,0.27773049999999999,2.2466699999999999E-2,5.7785500000000004E-3]
[2,"Altos Norte",73,"San Juan de los Lagos",0.81263535317318003,0.18439584000000001,0.31962019999999997,3.3444519999999998E-2,0.62700975999999997,3.5474099999999995E-3,2.9688100000000001E-3]
[10,"Valles",74,"San Julián",0.91726143272534999,8.2209889999999994E-2,0.16311239,4.2363109999999995E-2,0.81469740999999996,2.0172899999999997E-3,5.2868000000000001E-4]
[1,"Norte",75,"San Marcos",0.94554772581678403,4.9327349999999999E-2,0.2754065,9.4850899999999998E-3,0.76964770000000005,1.69377E-3,5.1249199999999998E-3]
[11,"Lagunas",76,"San Martín de Bolaños",0.83317132879720601,0.16222054,0.23851704999999998,7.6653849999999996E-2,0.66840945000000007,9.4196899999999997E-3,4.6081299999999993E-3]
[3,"Altos Sur",77,"San Martín Hidalgo",0.76444174757281502,0.23073422000000002,0.35962057000000003,2.301953E-2,0.62359105000000004,6.15177E-3,4.82403E-3]
[6,"Sur",78,"San Miguel el Alto",0.887729373861885,0.10687771,0.38437869999999996,3.061144E-2,0.62532544000000001,6.4694300000000008E-3,5.3929099999999999E-3]
[9,"Costa-Sierra Occidental",79,"Gómez Farías",0.90224665391969394,9.7275329999999993E-2,8.4503309999999998E-2,2.5695359999999997E-2,0.88953641999999999,3.44371E-3,4.7801000000000001E-4]
[9,"Costa-Sierra Occidental",80,"San Sebastián del Oeste",0.940102782208045,5.9365589999999996E-2,3.2987750000000003E-2,3.1479739999999999E-2,0.94665409999999994,5.2780400000000003E-3,5.3163000000000006E-4]
[1,"Norte",81,"Santa María de los Ángeles",0.91559512034289403,8.2756349999999992E-2,4.5732809999999999E-2,2.0885850000000001E-2,0.93770256000000007,7.2020000000000005E-4,1.64853E-3]
[10,"Valles",82,"Sayula",0.84638835313880412,0.15216822999999999,0.70557188999999998,2.4213470000000001E-2,0.28121140999999999,2.6021799999999999E-3,1.44341E-3]
[9,"Costa-Sierra Occidental",83,"Tala",0.9011635594340871,9.6324210000000007E-2,0.13036460999999999,3.0592030000000003E-2,0.83434818000000011,2.7877600000000002E-3,2.5122299999999998E-3]
[6,"Sur",84,"Talpa de Allende",0.92152828419626998,7.6257939999999996E-2,0.43111099000000003,2.8262160000000001E-2,0.56628889999999998,1.2633190000000001E-2,2.2137699999999999E-3]
[11,"Lagunas",85,"Tamazula de Gordiano",0.88665026145801307,0.10909463999999999,0.13576178,1.624747E-2,0.84764382999999999,8.0948000000000001E-4,4.2551000000000004E-3]
[6,"Sur",86,"Tapalpa",0.90970504855540102,8.9691779999999999E-2,0.29153958000000002,2.6190159999999997E-2,0.68963002000000007,4.7739000000000002E-3,6.0316999999999999E-4]
[7,"Sierra de Amula",87,"Tecalitlán",0.88167120588746595,0.11438836000000001,0.24318107,4.3904040000000005E-2,0.71823857999999996,1.3144900000000002E-3,3.94043E-3]
[7,"Sierra de Amula",88,"Tecolotlán",0.8865096359743041,0.11120628,0.11674718000000001,4.2512080000000001E-2,0.83735910000000002,3.2205999999999999E-4,2.28408E-3]
[11,"Lagunas",89,"Techaluta de Montenegro",0.93194706994328902,6.6432619999999998E-2,0.12344248000000001,1.246016E-2,0.89510287000000011,3.1874799999999999E-3,1.62031E-3]
[2,"Altos Norte",90,"Tenamaxtlán",0.82189059547458698,0.17336110999999998,0.13623768999999999,3.0802330000000003E-2,0.81819253999999997,5.09933E-3,4.7482899999999996E-3]
[11,"Lagunas",91,"Teocaltiche",0.90840360569933098,8.9851700000000007E-2,0.10349978999999999,3.4250959999999997E-2,0.88198890000000008,2.1340000000000001E-4,1.7446900000000001E-3]
[3,"Altos Sur",92,"Teocuitatlán de Corona",0.81239297490836504,0.18341093,0.57911836000000005,2.4937070000000002E-2,0.37332439000000001,5.58319E-3,4.1960900000000004E-3]
[10,"Valles",93,"Tepatitlán de Morelos",0.82382346640005688,0.17334381000000001,0.42891817000000004,3.6812299999999999E-2,0.54013522999999997,7.0792900000000002E-3,2.8327299999999999E-3]
[10,"Valles",94,"Tequila",0.88977935054121504,0.10886761,0.43993450000000001,2.0353259999999998E-2,0.56380863000000003,1.1697299999999999E-3,1.35304E-3]
[5,"Sureste",95,"Teuchitlán",0.79581126854634798,0.20270979,0.11264312999999999,5.4073500000000004E-2,0.83747977000000007,7.1938000000000004E-4,1.47894E-3]
[12,"Centro",96,"Tizapán el Alto",0.80803433301422101,0.18747384,0.67278272000000006,2.383505E-2,0.25365341999999996,1.489297E-2,4.4918299999999996E-3]
[12,"Centro",97,"Tlajomulco de Zúñiga",0.77758272068510192,0.21918177,0.67123619000000001,2.3984200000000001E-2,0.29405864999999998,9.2029499999999997E-3,3.2355099999999996E-3]
[6,"Sur",98,"Tlaquepaque",0.92036857419980611,7.8079530000000008E-2,0.12551375000000001,2.2552430000000002E-2,0.91010643999999996,1.89693E-3,1.55189E-3]
[8,"Costa Sur",99,"Tolimán",0.89883876730683299,9.6639119999999995E-2,0.10220497000000001,5.6677020000000002E-2,0.83217391000000007,2.9813699999999997E-3,4.5221099999999993E-3]
[12,"Centro",100,"Tomatlán",0.76278606482612699,0.23225041000000002,0.59360831999999997,2.7126359999999999E-2,0.35081601999999995,1.50145E-2,4.9635199999999999E-3]
[7,"Sierra de Amula",101,"Tonalá",0.86778523489932891,0.12550336000000001,0.28422274000000003,1.6047949999999998E-2,0.70320959000000005,7.7340000000000004E-4,6.7114100000000001E-3]
[6,"Sur",102,"Tonaya",0.91589847202929608,8.3091299999999993E-2,0.4202399,2.9229280000000003E-2,0.56100923999999996,1.2132909999999998E-2,1.01023E-3]
[1,"Norte",103,"Tonila",0.87556663644605603,0.12284677999999999,6.9635000000000002E-2,3.5723530000000003E-2,0.90758477999999998,1.5532000000000002E-3,1.58658E-3]
[4,"Ciénega",104,"Totatiche",0.84243235078330603,0.14915196,0.27996926,3.1045079999999999E-2,0.65266392999999989,9.9385199999999993E-3,8.41569E-3]
[7,"Sierra de Amula",105,"Tototlán",0.93426341924804901,6.2189639999999997E-2,0.16046569999999999,1.5692230000000001E-2,0.82282966000000002,2.7841100000000002E-3,3.5469400000000002E-3]
[5,"Sureste",106,"Tuxcacuesco",0.81010396361273496,0.18372319999999998,0.17084419000000001,4.3112089999999999E-2,0.80168437999999997,2.6067800000000004E-3,6.1728400000000006E-3]
[6,"Sur",107,"Tuxcueca",0.84800926596206694,0.14871869000000001,0.4371372,4.3570310000000001E-2,0.53254115000000002,6.04384E-3,3.2720399999999999E-3]
[2,"Altos Norte",108,"Tuxpan",0.81490371197320599,0.18342171000000002,0.27851223000000003,2.2604289999999999E-2,0.71333652999999997,1.6439500000000001E-3,1.67457E-3]
[7,"Sierra de Amula",109,"Unión de San Antonio",0.86315632901978201,0.13327384,0.20920214000000001,5.7901090000000002E-2,0.73306910000000003,1.2579700000000001E-2,3.56983E-3]
[3,"Altos Sur",110,"Unión de Tula",0.81903523974581105,0.17966493,0.39763710000000002,1.886792E-2,0.50590725000000003,9.5221300000000002E-3,1.2998299999999999E-3]
[5,"Sureste",111,"Valle de Guadalupe",0.72406754499907189,0.27185006,5.8175290000000004E-2,2.1527419999999999E-2,0.92337262999999992,1.7939499999999999E-3,4.08239E-3]
[6,"Sur",112,"Valle de Juárez",0.88307978888543903,0.10816516999999999,0.32245815999999999,2.0601880000000003E-2,0.66193222000000007,1.5468999999999999E-3,8.7550500000000003E-3]
[12,"Centro",113,"San Gabriel",0.90118703881937701,9.4642280000000009E-2,4.4499820000000002E-2,1.210395E-2,0.95585617999999994,1.0680000000000002E-3,4.1706799999999995E-3]
[11,"Lagunas",114,"Villa Corona",0.89497307001795301,0.10126795,0.41374122000000002,1.811685E-2,0.59522317000000002,2.1313899999999999E-3,3.7589800000000003E-3]
[1,"Norte",115,"Villa Guerrero",0.87668451172235506,0.12128484,6.7382609999999996E-2,2.8637609999999997E-2,0.91408717999999989,1.0528500000000001E-3,2.0306399999999998E-3]
[2,"Altos Norte",116,"Villa Hidalgo",0.64822036826775897,0.34644813999999996,9.915467E-2,1.9343539999999999E-2,0.78638337000000003,2.2008990000000003E-2,5.3314899999999995E-3]
[4,"Ciénega",117,"Cañadas de Obregón",0.85970332795326998,0.13583891000000001,0.2367687,5.4820479999999998E-2,0.7329602300000001,1.4482900000000001E-3,4.4577699999999998E-3]
[3,"Altos Sur",118,"Yahualica de González Gallo",0.85672540511821393,0.14150359000000001,8.3669250000000001E-2,7.1369509999999997E-2,0.84139534999999999,2.0671800000000001E-3,1.7710100000000002E-3]
[11,"Lagunas",119,"Zacoalco de Torres",0.85148023400106299,0.14483247999999999,0.19116422,3.7974679999999997E-2,0.7703614299999999,1.9986699999999997E-3,3.6872899999999998E-3]
[12,"Centro",120,"Zapopan",0.82041955396495592,0.17408831999999999,0.55266590999999998,3.6455809999999998E-2,0.31019687000000001,2.553654E-2,5.4921200000000005E-3]
[6,"Sur",121,"Zapotiltic",0.83627954779033897,0.16070572,0.55700298999999998,3.0805780000000001E-2,0.42140838000000003,2.3350099999999998E-3,3.0147299999999998E-3]
[6,"Sur",122,"Zapotitlán de Vadillo",0.92372278354916704,7.4854130000000005E-2,0.12632875999999998,2.5265749999999997E-2,0.87967956000000003,3.0812E-4,1.42308E-3]
[4,"Ciénega",123,"Zapotlán del Rey",0.81719108031073606,0.18124406000000001,0.27082477999999999,1.484065E-2,0.72055806,4.5821400000000002E-3,1.5648599999999999E-3]
[3,"Altos Sur",124,"Zapotlanejo",0.74947235120303901,0.24678133999999999,0.23979161000000002,1.7248659999999999E-2,0.73922838999999996,7.6738900000000001E-3,3.7463100000000001E-3]
[2,"Altos Norte",125,"San Ignacio Cerro Gordo",0.87331609742822092,0.12423458999999999,0.18619507999999999,1.293238E-2,0.82206294999999996,0,2.4493100000000001E-3]

{"sheet":"Limit","index":34,"n_rows":139,"n_cols":12,"rows_kept":139,"cut":false,"hidden":true,"merged":[]}
["Clave","Región","Clave","Municipio","% de población con algún tipo de limitación","Caminar o moverse","Ver1","Oír2","Hablar o comunicarse","Atender el cuidado personal","Poner atención o aprender","Mental"]
[null,null,14,"Jalisco",0.04,167663,68348,29960,24196,15654,15488,34955]
[1,"Norte",1,"Norte",7.4999999999999997E-2,2466,1019,573,271,173,123,330]
[2,"Altos Norte",2,"Altos Norte",5.0999999999999997E-2,7144,2754,1184,1005,696,614,1384]
[3,"Altos Sur",3,"Altos Sur",4.7E-2,8508,3335,1573,1275,721,782,2193]
[4,"Ciénega",4,"Ciénega",4.4000000000000004E-2,9283,3512,1696,1343,828,862,1853]
[5,"Sureste",5,"Sureste",5.0999999999999997E-2,3040,1304,557,422,271,238,543]
[6,"Sur",6,"Sur",5.4000000000000006E-2,8794,3944,1841,1181,799,755,1493]
[7,"Sierra de Amula",7,"Sierra de Amula",6.8000000000000005E-2,6400,2732,1183,813,554,487,1015]
[8,"Costa Sur",8,"Costa Sur",5.5999999999999994E-2,3924,1539,639,639,269,293,688]
[9,"Costa-Sierra Occidental",9,"Costa-Sierra Occidental",0.04,55580,20277,9490,7188,5308,4597,11903]
[10,"Valles",10,"Valles",5.5E-2,8633,3684,1717,1244,753,798,1391]
[11,"Lagunas",11,"Lagunas",5.4000000000000006E-2,6770,2501,1248,734,507,510,1197]
[12,"Centro",12,"Centro",3.2000000000000001E-2,47121,21747,8259,8081,4775,5429,10965]
[3,"Altos Sur",1,"Acatic",0.06,737,286,131,105,56,78,135]
[11,"Lagunas",2,"Acatlán de Juárez",3.6000000000000004E-2,507,150,54,59,22,35,102]
[10,"Valles",3,"Ahualulco de Mercado",6.9000000000000006E-2,1049,262,147,99,61,46,96]
[11,"Lagunas",4,"Amacueca",6.6000000000000003E-2,195,94,45,26,18,17,58]
[10,"Valles",5,"Amatitán",5.4000000000000006E-2,476,186,78,50,27,41,78]
[10,"Valles",6,"Ameca",5.7000000000000002E-2,1950,825,358,314,216,187,346]
[10,"Valles",7,"San Juanito de Escobedo",7.0000000000000007E-2,375,219,97,39,42,44,61]
[3,"Altos Sur",8,"Arandas",4.2999999999999997E-2,1793,569,305,289,176,151,463]
[10,"Valles",9,"El Arenal",5.0999999999999997E-2,475,243,148,106,55,55,86]
[11,"Lagunas",10,"Atemajac de Brizuela",0.06,248,90,44,28,20,26,29]
[7,"Sierra de Amula",11,"Atengo",9.1999999999999998E-2,342,144,62,40,28,16,45]
[9,"Costa-Sierra Occidental",12,"Atenguillo",0.11800000000000001,361,110,55,36,44,14,24]
[4,"Ciénega",13,"Atotonilco el Alto",3.7000000000000005E-2,1131,364,215,176,98,121,383]
[11,"Lagunas",14,"Atoyac",7.400000000000001E-2,351,134,64,32,26,18,73]
[7,"Sierra de Amula",15,"Autlán de Navarro",4.9000000000000002E-2,1674,748,259,222,153,161,305]
[4,"Ciénega",16,"Ayotlán",5.5999999999999994E-2,1304,479,230,157,92,128,214]
[7,"Sierra de Amula",17,"Ayutla",7.0999999999999994E-2,494,211,59,61,36,36,113]
[4,"Ciénega",18,"La Barca",5.0999999999999997E-2,2021,718,386,235,167,106,308]
[1,"Norte",19,"Bolaños",6.6000000000000003E-2,246,169,71,37,18,10,38]
[9,"Costa-Sierra Occidental",20,"Cabo Corrientes",5.2000000000000005E-2,291,124,61,32,28,17,56]
[8,"Costa Sur",21,"Casimiro Castillo",0.05,641,189,96,88,32,33,136]
[8,"Costa Sur",22,"Cihuatlán",4.8000000000000001E-2,1061,442,127,175,62,84,179]
[6,"Sur",23,"Zapotlán el Grande",0.04,2356,1039,478,333,241,238,387]
[11,"Lagunas",24,"Cocula",5.7999999999999996E-2,875,428,182,76,39,55,153]
[1,"Norte",25,"Colotlán",7.8E-2,876,335,200,88,61,64,128]
[5,"Sureste",26,"Concepción de Buenos Aires",0.08,304,85,62,31,21,11,71]
[8,"Costa Sur",27,"Cuautitlán de García Barragán",3.9E-2,360,145,107,76,35,23,78]
[7,"Sierra de Amula",28,"Cuautla",7.0000000000000007E-2,95,35,26,15,13,12,17]
[12,"Centro",29,"Cuquío",7.2000000000000008E-2,710,334,210,116,61,43,108]
[5,"Sureste",30,"Chapala",4.4999999999999998E-2,1382,560,239,201,134,124,212]
[1,"Norte",31,"Chimaltitán",0.10300000000000001,218,107,78,37,14,9,26]
[7,"Sierra de Amula",32,"Chiquilistlán",0.08,281,107,53,38,9,23,44]
[4,"Ciénega",33,"Degollado",4.2000000000000003E-2,537,157,87,78,45,54,105]
[7,"Sierra de Amula",34,"Ejutla",8.5000000000000006E-2,111,38,23,14,13,9,24]
[2,"Altos Norte",35,"Encarnación de Díaz",5.7999999999999996E-2,1910,695,263,213,151,131,283]
[10,"Valles",36,"Etzatlán",5.0999999999999997E-2,551,207,116,64,31,42,129]
[7,"Sierra de Amula",37,"El Grullo",5.7000000000000002E-2,881,290,170,107,74,54,128]
[9,"Costa-Sierra Occidental",38,"Guachinango",0.10800000000000001,280,128,61,25,24,11,38]
[12,"Centro",39,"Guadalajara",3.7999999999999999E-2,33875,11204,5661,4172,3260,2682,7995]
[10,"Valles",40,"Hostotipaquillo",5.7999999999999996E-2,373,108,50,36,21,24,58]
[1,"Norte",41,"Huejúcar",7.2000000000000008E-2,258,65,52,16,8,7,53]
[1,"Norte",42,"Huejuquilla el Alto",8.5999999999999993E-2,499,223,111,48,34,22,54]
[8,"Costa Sur",43,"La Huerta",6.3E-2,841,394,154,142,80,84,150]
[12,"Centro",44,"Ixtlahuacán de los Membrillos",3.6000000000000004E-2,779,397,132,133,88,90,147]
[12,"Centro",45,"Ixtlahuacán del Río",7.4999999999999997E-2,906,327,239,95,76,51,161]
[3,"Altos Sur",46,"Jalostotitlán",0.04,740,190,118,111,94,70,204]
[4,"Ciénega",47,"Jamay",4.2000000000000003E-2,568,176,65,75,64,44,147]
[3,"Altos Sur",48,"Jesús María",5.7999999999999996E-2,595,281,125,73,49,67,146]
[6,"Sur",49,"Jilotlán de los Dolores",7.4999999999999997E-2,370,167,37,58,14,25,82]
[5,"Sureste",50,"Jocotepec",4.4000000000000004E-2,1036,419,237,179,97,115,203]
[12,"Centro",51,"Juanacatlán",3.9E-2,282,138,59,39,38,25,78]
[7,"Sierra de Amula",52,"Juchitlán",8.900000000000001E-2,292,127,74,28,11,13,50]
[2,"Altos Norte",53,"Lagos de Moreno",4.9000000000000002E-2,4710,1923,730,638,482,511,713]
[7,"Sierra de Amula",54,"El Limón",9.9000000000000005E-2,338,139,79,39,20,14,41]
[10,"Valles",55,"Magdalena",4.8000000000000001E-2,583,187,97,60,42,50,138]
[5,"Sureste",56,"Santa María del Oro",7.0999999999999994E-2,108,32,15,21,8,3,15]
[5,"Sureste",57,"La Manzanilla de la Paz",8.900000000000001E-2,211,69,25,24,17,7,31]
[9,"Costa-Sierra Occidental",58,"Mascota",8.5999999999999993E-2,772,321,132,94,106,87,153]
[5,"Sureste",59,"Mazamitla",0.05,369,183,88,51,55,47,62]
[3,"Altos Sur",60,"Mexticacán",9.0999999999999998E-2,343,96,71,40,37,24,79]
[1,"Norte",61,"Mezquitic",0.04,368,197,93,59,19,12,86]
[9,"Costa-Sierra Occidental",62,"Mixtlán",0.107,244,88,68,33,25,10,20]
[4,"Ciénega",63,"Ocotlán",0.04,2084,889,382,333,188,203,438]
[2,"Altos Norte",64,"Ojuelos de Jalisco",5.5999999999999994E-2,916,441,210,169,120,140,205]
[6,"Sur",65,"Pihuamo",6.7000000000000004E-2,493,159,82,58,36,36,109]
[4,"Ciénega",66,"Poncitlán",3.5000000000000003E-2,810,419,204,214,150,161,228]
[9,"Costa-Sierra Occidental",67,"Puerto Vallarta",3.2000000000000001E-2,4518,2114,700,744,395,421,777]
[8,"Costa Sur",68,"Villa Purificación",7.5999999999999998E-2,494,196,77,50,26,32,105]
[5,"Sureste",69,"Quitupan",8.199999999999999E-2,422,185,84,46,28,21,85]
[12,"Centro",70,"El Salto",2.7999999999999997E-2,1908,1028,365,368,171,244,456]
[12,"Centro",71,"San Cristóbal de la Barranca",9.6999999999999989E-2,204,62,36,24,11,9,20]
[2,"Altos Norte",72,"San Diego de Alejandría",7.0999999999999994E-2,265,96,47,24,14,19,58]
[2,"Altos Norte",73,"San Juan de los Lagos",4.4999999999999998E-2,1751,552,256,266,187,146,378]
[3,"Altos Sur",74,"San Julián",5.2000000000000005E-2,484,151,109,54,44,44,124]
[10,"Valles",75,"San Marcos",0.10099999999999999,247,137,61,33,12,15,22]
[1,"Norte",76,"San Martín de Bolaños",9.8000000000000004E-2,184,92,38,30,6,4,27]
[11,"Lagunas",77,"San Martín Hidalgo",7.2000000000000008E-2,1191,389,201,118,90,97,182]
[3,"Altos Sur",78,"San Miguel el Alto",5.5999999999999994E-2,885,581,165,133,57,56,193]
[6,"Sur",79,"Gómez Farías",4.4999999999999998E-2,340,155,67,62,43,23,90]
[9,"Costa-Sierra Occidental",80,"San Sebastián del Oeste",6.9000000000000006E-2,227,89,53,32,32,17,40]
[1,"Norte",81,"Santa María de los Ángeles",9.0999999999999998E-2,221,69,53,25,14,10,29]
[11,"Lagunas",82,"Sayula",3.4000000000000002E-2,660,275,137,109,93,86,167]
[10,"Valles",83,"Tala",0.05,1971,873,404,312,170,223,338]
[9,"Costa-Sierra Occidental",84,"Talpa de Allende",5.5E-2,443,261,48,55,40,33,102]
[6,"Sur",85,"Tamazula de Gordiano",7.0999999999999994E-2,1607,722,358,206,130,119,263]
[11,"Lagunas",86,"Tapalpa",4.2000000000000003E-2,421,205,90,41,25,38,54]
[6,"Sur",87,"Tecalitlán",6.3E-2,599,291,129,103,54,64,105]
[7,"Sierra de Amula",88,"Tecolotlán",5.9000000000000004E-2,556,245,116,98,83,64,123]
[11,"Lagunas",89,"Techaluta de Montenegro",6.4000000000000001E-2,163,27,30,17,8,3,25]
[7,"Sierra de Amula",90,"Tenamaxtlán",0.109,492,269,93,33,23,22,37]
[2,"Altos Norte",91,"Teocaltiche",5.9000000000000004E-2,1437,541,256,225,146,106,256]
[11,"Lagunas",92,"Teocuitatlán de Corona",8.1000000000000003E-2,548,212,100,50,53,46,75]
[3,"Altos Sur",93,"Tepatitlán de Morelos",3.9E-2,2929,1113,524,451,252,287,839]
[10,"Valles",94,"Tequila",4.5999999999999999E-2,1084,557,230,185,117,118,178]
[10,"Valles",95,"Teuchitlán",7.5999999999999998E-2,455,175,78,42,22,27,57]
[5,"Sureste",96,"Tizapán el Alto",5.2999999999999999E-2,608,324,93,103,57,55,107]
[12,"Centro",97,"Tlajomulco de Zúñiga",2.4E-2,5355,2325,892,1060,522,665,1113]
[12,"Centro",98,"Tlaquepaque",2.8999999999999998E-2,9259,4209,1488,1619,952,1004,2336]
[6,"Sur",99,"Tolimán",5.5E-2,273,125,79,50,37,22,63]
[8,"Costa Sur",100,"Tomatlán",6.5000000000000002E-2,1368,567,232,250,114,121,190]
[12,"Centro",101,"Tonalá",3.2000000000000001E-2,8135,4060,1405,1437,675,973,1876]
[7,"Sierra de Amula",102,"Tonaya",0.125,432,201,102,59,24,23,55]
[6,"Sur",103,"Tonila",6.2E-2,287,77,47,31,13,17,47]
[1,"Norte",104,"Totatiche",0.11,343,123,68,28,40,13,39]
[4,"Ciénega",105,"Tototlán",3.7999999999999999E-2,497,122,81,73,53,53,109]
[7,"Sierra de Amula",106,"Tuxcacuesco",0.13699999999999998,337,235,90,54,23,22,30]
[5,"Sureste",107,"Tuxcueca",4.4999999999999998E-2,163,69,46,16,14,4,24]
[6,"Sur",108,"Tuxpan",5.2000000000000005E-2,1010,453,186,105,69,47,160]
[2,"Altos Norte",109,"Unión de San Antonio",5.4000000000000006E-2,471,238,91,58,43,35,101]
[7,"Sierra de Amula",110,"Unión de Tula",7.6999999999999999E-2,705,209,130,72,75,45,94]
[3,"Altos Sur",111,"Valle de Guadalupe",7.2999999999999995E-2,311,118,51,49,28,38,46]
[5,"Sureste",112,"Valle de Juárez",5.5E-2,161,81,33,25,17,23,44]
[6,"Sur",113,"San Gabriel",6.3E-2,483,387,169,60,32,42,71]
[11,"Lagunas",114,"Villa Corona",6.0999999999999999E-2,644,173,105,46,27,36,127]
[1,"Norte",115,"Villa Guerrero",0.105,378,124,65,26,20,13,43]
[2,"Altos Norte",116,"Villa Hidalgo",3.9E-2,394,191,61,50,35,37,103]
[3,"Altos Sur",117,"Cañadas de Obregón",0.11699999999999999,306,115,51,21,29,14,52]
[3,"Altos Sur",118,"Yahualica de González Gallo",4.8000000000000001E-2,583,175,111,72,38,46,203]
[11,"Lagunas",119,"Zacoalco de Torres",5.7000000000000002E-2,967,324,196,132,86,53,152]
[12,"Centro",120,"Zapopan",2.8999999999999998E-2,19695,9021,3577,3251,2267,2331,4719]
[6,"Sur",121,"Zapotiltic",5.9000000000000004E-2,1091,449,196,133,120,128,156]
[6,"Sur",122,"Zapotitlán de Vadillo",6.3E-2,255,87,50,40,24,19,42]
[4,"Ciénega",123,"Zapotlán del Rey",7.9000000000000001E-2,899,364,111,77,35,36,68]
[12,"Centro",124,"Zapotlanejo",0.05,1855,708,286,206,116,160,337]
[3,"Altos Sur",125,"San Ignacio Cerro Gordo",5.2999999999999999E-2,480,227,126,101,41,68,138]